From mboxrd@z Thu Jan 1 00:00:00 1970 Return-Path: Received: from mails.dpdk.org (mails.dpdk.org [217.70.189.124]) by inbox.dpdk.org (Postfix) with ESMTP id 0C63A48B32 for ; Mon, 17 Nov 2025 16:00:03 +0100 (CET) Received: from mails.dpdk.org (localhost [127.0.0.1]) by mails.dpdk.org (Postfix) with ESMTP id 08C524025A; Mon, 17 Nov 2025 16:00:03 +0100 (CET) Received: from mail-qv1-f100.google.com (mail-qv1-f100.google.com [209.85.219.100]) by mails.dpdk.org (Postfix) with ESMTP id F21204025A for ; Mon, 17 Nov 2025 16:00:01 +0100 (CET) Received: by mail-qv1-f100.google.com with SMTP id 6a1803df08f44-880439c5704so39802586d6.1 for ; Mon, 17 Nov 2025 07:00:01 -0800 (PST) DKIM-Signature: v=1; a=rsa-sha256; c=relaxed/relaxed; d=iol.unh.edu; s=unh-iol; t=1763391601; x=1763996401; darn=dpdk.org; h=references:in-reply-to:cc:to:from:subject:message-id:date:from:to :cc:subject:date:message-id:reply-to; bh=A8m6Aj4U9avgOpcJwqYpogt+udfxiOiuaV505Mji72U=; b=Igmcq7d4QrujFh24TBFMkrqRJXGTU0L014XTNBR6K7M/pvzH2Wxz52eXapjYDFWVzP oZaTxHTVHNTOlIswRM6+rLXNjU1X6GQPw8MPTN5JGoeH/mJ+o1LV9nzxn1V6vn8+luN2 PbmA970S4XSeE8YfX/D3dgFqRms5mdvyFi3Oc= X-Google-DKIM-Signature: v=1; a=rsa-sha256; c=relaxed/relaxed; d=1e100.net; s=20230601; t=1763391601; x=1763996401; h=references:in-reply-to:cc:to:from:subject:message-id:date:x-gm-gg :x-gm-message-state:from:to:cc:subject:date:message-id:reply-to; bh=A8m6Aj4U9avgOpcJwqYpogt+udfxiOiuaV505Mji72U=; b=GjHdj70Xj3AeE+rfaueaWi6pbr6s02oalE5qaxADTzPBj+mpIXKMfSIMsYT45ZFmkU YrtecS5oWp6IsiicQMwwHb90Mt/MufAmDA000QrKUgCqEw5rUQB6FcAXgb8DrgHCKLDW RaZUZdcYz6i/FXgd10M91CF+VcPav0h88rbcCiwLZdSWeaoI08pyqFRRH42BHLb5jgLv L//0ptpR3PLKjFlffrvFMtFLLHYT3LeLgj3bxWrgMYjM7NIhlIA/hh1xyZAPKbcJXd9T 1ngM53To9A7czq5tpWbOde6YFrA4BWsWFynzYOH1xhyciI13XTIuZXgyu/inwSEf0Cym eWUw== X-Gm-Message-State: AOJu0YzEmIjsrCxogaoDgMWbGIQ0t/ClmNisKs0gqhsOkLSwxrTs8wLc j1sebiHVp5/v6nzgGVWjg7y9v2aFACODlCYyRT7KgLM7A+UZZHanDfVeuqNMRw3IG0r8CZJV/KG mjvpnwGGxzj/KdGtWEmSd/xtVukm6quwX3Cra//HOvdKD/Fkm8MO2BGeJAfg0 X-Gm-Gg: ASbGncvx0LT6UlB0+dKVZXntHkkph8CItwPfXLxlzVoqrAfj9sI59IL1ffS0wbmRhgJ jieOhpVzdfWxb67chQRu4XKWK5ziI53rCXCzvO8FZ4BbbEgcxMC1Xq1n6UcStNb+Km22zRIjQO/ o58wEI/sHNHpRwUDGyJEXKeUHXqy8xkg5/ivIVSskUjAoSuw4XNCTIbkB5pkeQ09vqCXMOxcvNS 17oIu+uQ4k7YnAkFmQz/bhivNR/EGMP5SAUCtZ6BAbW6Gu0gqpaEA7E5ORRxJ4EKjZeuUjPwQwB AFn59ky+NA8ehIPf1N5exAaTfPW4aaGZiP0ezQ3AL+QZlhmw5LRfpc2h4Q9Xi7yhOnYq9bdtmki K6AJh2K03 X-Google-Smtp-Source: AGHT+IEMVqHh/bpAtirsO0hXZqtXkDe6Nwc0mnhRgebZRfjVKfQ/iFoVZs5cXFxpzYwMc0Inu/GKXyt0L3h9 X-Received: by 2002:a05:6214:1c43:b0:882:3c67:6c8e with SMTP id 6a1803df08f44-882926d7faemr182958996d6.63.1763391601127; Mon, 17 Nov 2025 07:00:01 -0800 (PST) Received: from postal.iol.unh.edu (postal.iol.unh.edu. [2606:4100:3880:1234::84]) by smtp-relay.gmail.com with ESMTPS id 6a1803df08f44-8828656bc0dsm16179746d6.24.2025.11.17.07.00.01 (version=TLS1_2 cipher=ECDHE-ECDSA-AES128-GCM-SHA256 bits=128/128); Mon, 17 Nov 2025 07:00:01 -0800 (PST) X-Relaying-Domain: iol.unh.edu Date: Mon, 17 Nov 2025 07:00:01 -0800 (PST) Message-ID: <691b3871.050a0220.1cabc0.fadeSMTPIN_ADDED_MISSING@mx.google.com> Received: from [172.21.0.6] (unknown [172.18.0.240]) by postal.iol.unh.edu (Postfix) with ESMTP id D26076051830; Mon, 17 Nov 2025 10:00:00 -0500 (EST) Subject: |FAILURE| pw158859 [PATCH] [v2,1/1] net/mlx5: fix set port down if d From: dpdklab@iol.unh.edu To: Test Report Cc: dpdk-test-reports@iol.unh.edu, Yang Xu In-Reply-To: <20251117091201.2261526-1-xu.yang3@zte.com.cn> References: <20251117091201.2261526-1-xu.yang3@zte.com.cn> Content-Type: text/plain X-BeenThere: test-report@dpdk.org X-Mailman-Version: 2.1.29 Precedence: list List-Id: automatic DPDK test reports List-Unsubscribe: , List-Archive: List-Post: List-Help: List-Subscribe: , Errors-To: test-report-bounces@dpdk.org Test-Label: iol-compile-amd64-testing Test-Status: FAILURE http://dpdk.org/patch/158859 _Testing issues_ Submitter: Yang Xu Date: Monday, November 17 2025 09:12:01 DPDK git baseline: Repo:dpdk-next-net-mlx Branch: master CommitID:6c8ab18883d4a51ac512a969d36b47272a63b61b 158859 --> testing issues Upstream job id: Generic-DPDK-Compile-Meson#445632 Test environment and result as below: +-------------------------------+--------------------+------------------+-------------------+ | Environment | dpdk_meson_compile | dpdk_compile_ovs | dpdk_msvc_compile | +===============================+====================+==================+===================+ | FreeBSD 14.2 | PASS | SKIPPED | SKIPPED | +-------------------------------+--------------------+------------------+-------------------+ | Ubuntu 20.04 | PEND | SKIPPED | SKIPPED | +-------------------------------+--------------------+------------------+-------------------+ | CentOS Stream 9 | FAIL | SKIPPED | SKIPPED | +-------------------------------+--------------------+------------------+-------------------+ | CentOS Stream 10 | FAIL | SKIPPED | SKIPPED | +-------------------------------+--------------------+------------------+-------------------+ | Debian GNU/Linux 12 | FAIL | SKIPPED | SKIPPED | +-------------------------------+--------------------+------------------+-------------------+ | Fedora Linux 42 | FAIL | WARN | SKIPPED | +-------------------------------+--------------------+------------------+-------------------+ | openSUSE Leap 15.6 | PEND | SKIPPED | SKIPPED | +-------------------------------+--------------------+------------------+-------------------+ | Red Hat Enterprise Linux 8.10 | PEND | SKIPPED | SKIPPED | +-------------------------------+--------------------+------------------+-------------------+ | Red Hat Enterprise Linux 9.5 | FAIL | SKIPPED | SKIPPED | +-------------------------------+--------------------+------------------+-------------------+ | Ubuntu 22.04 | PEND | SKIPPED | SKIPPED | +-------------------------------+--------------------+------------------+-------------------+ | Ubuntu 24.04 | PEND | PEND | SKIPPED | +-------------------------------+--------------------+------------------+-------------------+ | Windows Server 2022 | SKIPPED | SKIPPED | PEND | +-------------------------------+--------------------+------------------+-------------------+ ==== 20 line log output for Red Hat Enterprise Linux 9.5 (dpdk_meson_compile): ==== [2057/3642] Compiling C object drivers/libtmp_rte_net_mlx5.a.p/net_mlx5_mlx5_txq.c.o [2058/3642] Compiling C object drivers/libtmp_rte_net_mlx5.a.p/net_mlx5_mlx5_utils.c.o [2059/3642] Compiling C object drivers/libtmp_rte_net_mlx5.a.p/net_mlx5_mlx5_vlan.c.o [2060/3642] Compiling C object drivers/libtmp_rte_net_mlx5.a.p/net_mlx5_mlx5_flow_hw.c.o [2061/3642] Compiling C object drivers/libtmp_rte_net_mlx5.a.p/net_mlx5_mlx5_flow_quota.c.o [2062/3642] Compiling C object drivers/libtmp_rte_net_mlx5.a.p/net_mlx5_mlx5_flow_verbs.c.o [2063/3642] Compiling C object drivers/libtmp_rte_net_mlx5.a.p/net_mlx5_mlx5_hws_cnt.c.o [2064/3642] Compiling C object drivers/libtmp_rte_net_mlx5.a.p/net_mlx5_mlx5_nta_split.c.o [2065/3642] Compiling C object drivers/libtmp_rte_net_mlx5.a.p/net_mlx5_mlx5_nta_sample.c.o [2066/3642] Compiling C object drivers/libtmp_rte_net_mlx5.a.p/net_mlx5_mlx5_rxtx_vec.c.o [2067/3642] Compiling C object drivers/libtmp_rte_net_mlx5.a.p/net_mlx5_linux_mlx5_socket.c.o [2068/3642] Compiling C object drivers/libtmp_rte_net_mlx5.a.p/net_mlx5_linux_mlx5_os.c.o [2069/3642] Compiling C object drivers/libtmp_rte_net_mlx5.a.p/net_mlx5_linux_mlx5_ethdev_os.c.o FAILED: drivers/libtmp_rte_net_mlx5.a.p/net_mlx5_linux_mlx5_ethdev_os.c.o ccache cc -Idrivers/libtmp_rte_net_mlx5.a.p -Idrivers -I../drivers -Idrivers/net/mlx5 -I../drivers/net/mlx5 -Idrivers/net/mlx5/linux -I../drivers/net/mlx5/linux -Idrivers/net/mlx5/hws -I../drivers/net/mlx5/hws -Ilib/ethdev -I../lib/ethdev -Ilib/eal/common -I../lib/eal/common -I. -I.. -Iconfig -I../config -Ilib/eal/include -I../lib/eal/include -Ilib/eal/linux/include -I../lib/eal/linux/include -Ilib/eal/x86/include -I../lib/eal/x86/include -I../kernel/linux -Ilib/eal -I../lib/eal -Ilib/kvargs -I../lib/kvargs -Ilib/log -I../lib/log -Ilib/metrics -I../lib/metrics -Ilib/telemetry -I../lib/telemetry -Ilib/argparse -I../lib/argparse -Ilib/net -I../lib/net -Ilib/mbuf -I../lib/mbuf -Ilib/mempool -I../lib/mempool -Ilib/ring -I../lib/ring -Ilib/meter -I../lib/meter -Idrivers/bus/pci -I../drivers/bus/pci -I../drivers/bus/pci/linux -Ilib/pci -I../lib/pci -Idrivers/bus/vdev -I../drivers/bus/vdev -Ilib/hash -I../lib/hash -Ilib/rcu -I../lib/rcu -Idrivers/common/mlx5 -I../drivers/common/mlx5 -Idrive rs/common/mlx5/linux -I../drivers/common/mlx5/linux -Idrivers/bus/auxiliary -I../drivers/bus/auxiliary -fdiagnostics-color=always -pipe -D_FILE_OFFSET_BITS=64 -Wall -Winvalid-pch -Wextra -Werror -std=c11 -O3 -include rte_config.h -Wvla -Wcast-qual -Wdeprecated -Wformat -Wformat-nonliteral -Wformat-security -Wmissing-declarations -Wmissing-prototypes -Wnested-externs -Wold-style-definition -Wpointer-arith -Wsign-compare -Wstrict-prototypes -Wundef -Wwrite-strings -Wno-packed-not-aligned -Wno-missing-field-initializers -D_GNU_SOURCE -fPIC -march=native -mrtm -DALLOW_EXPERIMENTAL_API -DALLOW_INTERNAL_API -Wno-format-truncation -Wno-address-of-packed-member -std=c11 -Wno-strict-prototypes -D_BSD_SOURCE -D_DEFAULT_SOURCE -D_XOPEN_SOURCE=600 -UPEDANTIC -Wno-vla -DRTE_LOG_DEFAULT_LOGTYPE=pmd.net.mlx5 -MD -MQ drivers/libtmp_rte_net_mlx5.a.p/net_mlx5_linux_mlx5_ethdev_os.c.o -MF drivers/libtmp_rte_net_mlx5.a.p/net_mlx5_linux_mlx5_ethdev_os.c.o.d -o drivers/libtmp_rte_net_mlx5.a.p/net_mlx5_li nux_mlx5_ethdev_os.c.o -c ../drivers/net/mlx5/linux/mlx5_ethdev_os.c ../drivers/net/mlx5/linux/mlx5_ethdev_os.c: In function 'mlx5_link_update': ../drivers/net/mlx5/linux/mlx5_ethdev_os.c:536:47: error: expected expression before '{' token 536 | dev->data->dev_link = {0}; | ^ ninja: build stopped: subcommand failed. ==== End log output ==== FreeBSD 14.2 Kernel: 14.2-RELEASE Compiler: clang 18.1.6 Ubuntu 20.04 Kernel: 4.19 Compiler: gcc gcc (Ubuntu 9.4.0-1ubuntu1~20.04.2) 9.4.0 CentOS Stream 9 Kernel: 5.15 Compiler: gcc gcc (GCC) 11.5.0 20240719 (Red Hat 11.5.0-11) CentOS Stream 10 Kernel: 5.15 Compiler: gcc gcc (GCC) 14.2.1 20250110 (Red Hat 14.2.1-8) Debian GNU/Linux 12 Kernel: 5.15 Compiler: gcc gcc (Debian 12.2.0-14+deb12u1) 12.2.0 Fedora Linux 42 Kernel: 5.15 Compiler: clang gcc (GCC) 15.2.1 20250808 (Red Hat 15.2.1-1) openSUSE Leap 15.6 Kernel: 5.15 Compiler: gcc gcc (SUSE Linux) 7.5.0 Red Hat Enterprise Linux 8.10 Kernel: 5.15 Compiler: gcc gcc (GCC) 8.5.0 20210514 (Red Hat 8.5.0-22) Red Hat Enterprise Linux 9.5 Kernel: 5.15 Compiler: gcc gcc (GCC) 11.5.0 20240719 (Red Hat 11.5.0-2) Ubuntu 22.04 Kernel: 5.15 Compiler: gcc gcc (Ubuntu 11.4.0-1ubuntu1~22.04) 11.4.0 Ubuntu 24.04 Kernel: 5.15 Compiler: gcc gcc (Ubuntu 13.3.0-6ubuntu2~24.04) 13.3.0 Windows Server 2022 Kernel: 10.0.20348.2031 Compiler: clang 15.0.7, gcc 14.1.0 (MinGW), and MSVC VS 19.39.33521 To view detailed results, visit: https://lab.dpdk.org/results/dashboard/patchsets/34627/ UNH-IOL DPDK Community Lab To manage your email subscriptions, visit: https://lab.dpdk.org/results/dashboard/preferences/subscriptions/