From mboxrd@z Thu Jan 1 00:00:00 1970 Return-Path: Received: from mails.dpdk.org (mails.dpdk.org [217.70.189.124]) by inbox.dpdk.org (Postfix) with ESMTP id 2261A48B33 for ; Mon, 17 Nov 2025 16:00:30 +0100 (CET) Received: from mails.dpdk.org (localhost [127.0.0.1]) by mails.dpdk.org (Postfix) with ESMTP id 1DBFB4025A; Mon, 17 Nov 2025 16:00:30 +0100 (CET) Received: from mail-ot1-f98.google.com (mail-ot1-f98.google.com [209.85.210.98]) by mails.dpdk.org (Postfix) with ESMTP id AFF2D4025A for ; Mon, 17 Nov 2025 16:00:28 +0100 (CET) Received: by mail-ot1-f98.google.com with SMTP id 46e09a7af769-7c6da5e3353so3747141a34.3 for ; Mon, 17 Nov 2025 07:00:28 -0800 (PST) DKIM-Signature: v=1; a=rsa-sha256; c=relaxed/relaxed; d=iol.unh.edu; s=unh-iol; t=1763391628; x=1763996428; darn=dpdk.org; h=references:in-reply-to:cc:to:from:subject:message-id:date:from:to :cc:subject:date:message-id:reply-to; bh=KqyBHPMcbyvu8fgZRbE/OQbx2mSUli6XMS/y4KLnznk=; b=YaEm4QnCrX4biesX6tHWRn+WX5YmA/nrLfQFXXmHflZx3xZ/bEEOb4a8Gt+9oH6jnY tC+cpfzlCTChjKLkqRU6bhMccSZn5f0UE/5IzQ7kKvNdW9UjYYgJqWRSTxraPmX47a7X RiOxJweohZ/a6rx/fmnNDH1MRz4RWSROrur50= X-Google-DKIM-Signature: v=1; a=rsa-sha256; c=relaxed/relaxed; d=1e100.net; s=20230601; t=1763391628; x=1763996428; h=references:in-reply-to:cc:to:from:subject:message-id:date:x-gm-gg :x-gm-message-state:from:to:cc:subject:date:message-id:reply-to; bh=KqyBHPMcbyvu8fgZRbE/OQbx2mSUli6XMS/y4KLnznk=; b=eU3Czzq8Ekvgvd2VkBhrasCQuTk71GyM7o1TLsuuMSRd1/5xNI66oUW+p9BzwA5IiE j83MOGDtxNbynDbDFozDwZJ4Ndx8uQBqFnMWA6Xb3yp0OPVGWt6C9xPTeLb+8qjzPLYF wWBMhDPQ2Zxy/G3G/Oa7bjg2IR4agv+Fb6vY9zMSyUsgBsDVkqHyfmtBbvhOYe4/ajsV unCmYURXq0uNJolauXHhIYygXxVG15AlO+wvQlAj/4pyDNmsHJP301xilOCDwVjVGWit Wev60JRmvmxfc4oyQ/cf6WjDMIM2qCbJ61dasmtkWn1EM+hm95m9RKTx8n4wcfOEmr2i PxKw== X-Gm-Message-State: AOJu0YzhqCPOWHfSFymUOh/9d38LKlRG6ZoRYK9IrhziHrI/PR0qg4w9 JenuxEFu5DxOSz24xCgQqLBuAvXU7yAB5NzgSfs81lOlcI349CDKBMXaE0T/M/OwVuYO0OhPRz/ vXEfvGkZ2YW5DVB0j2Lfl6C3RtSZVRLogZJyaLrQ6kDnT X-Gm-Gg: ASbGncvev+8qmPXKcaBihIS7wSBdsnJekKuhw97Hd2NkGF3cJudTQUBvLToCFMzi4wl NFUAjbxTrFvFMG2LDpGrLgNkDmAEkTQZf5EAnkiUiEDDgVwn8YqObcRn5vBi5mSvEvIqbXAa2D/ EXHJEmcp+GcbUYMP/JtpTNV3yi1a0ncpfileSTBrnqTC9+cgKC/C2a2MURL4wkdvBM7JPgcz7lx PoPZzM2Y4lqJd7hx3DsWyFowi05MLlxv7wh8fPcObVenrzdUXuhU4WKZJVEPHAdlUzoRn+1MjG/ dvDM2zOLsPFHj3dJeWbqFsQR1xWW7lMeYewe3R7qduC6i0OKV6Utjnd2g58bSJXJxo+A8iiYiOo 0SV1fK+MTyY9dHrFE6grizsDeS47e9qQ= X-Google-Smtp-Source: AGHT+IEa/wWCTnvtuZi7496NBFBdntyvaeu8ZJIumIHLoo26a5BucRL4RlOiHP0chZHDIRW9zGgF6D1dpegu X-Received: by 2002:a05:6830:2647:b0:7c7:6a56:cfdc with SMTP id 46e09a7af769-7c76a56db8fmr1594268a34.16.1763391627506; Mon, 17 Nov 2025 07:00:27 -0800 (PST) Received: from postal.iol.unh.edu (postal.iol.unh.edu. [132.177.123.84]) by smtp-relay.gmail.com with ESMTPS id 46e09a7af769-7c7595dc7dfsm618088a34.8.2025.11.17.07.00.27 (version=TLS1_2 cipher=ECDHE-ECDSA-AES128-GCM-SHA256 bits=128/128); Mon, 17 Nov 2025 07:00:27 -0800 (PST) X-Relaying-Domain: iol.unh.edu Date: Mon, 17 Nov 2025 07:00:27 -0800 (PST) Message-ID: <691b388b.050a0220.195338.1439SMTPIN_ADDED_MISSING@mx.google.com> Received: from [172.21.0.7] (unknown [172.18.0.240]) by postal.iol.unh.edu (Postfix) with ESMTP id EC14E6051830; Mon, 17 Nov 2025 10:00:25 -0500 (EST) Subject: |FAILURE| pw158854-158855 [PATCH] [2/2] net/mlx5: fix the masked val From: dpdklab@iol.unh.edu To: Test Report Cc: dpdk-test-reports@iol.unh.edu, Stephen Hemminger , Bing Zhao In-Reply-To: <20251117080942.9750-1-bingz@nvidia.com> References: <20251117080942.9750-1-bingz@nvidia.com> Content-Type: text/plain X-BeenThere: test-report@dpdk.org X-Mailman-Version: 2.1.29 Precedence: list List-Id: automatic DPDK test reports List-Unsubscribe: , List-Archive: List-Post: List-Help: List-Subscribe: , Errors-To: test-report-bounces@dpdk.org Test-Label: iol-unit-amd64-testing Test-Status: FAILURE http://dpdk.org/patch/158855 _Testing issues_ Submitter: Bing Zhao Date: Monday, November 17 2025 08:09:42 DPDK git baseline: Repo:dpdk-next-net Branch: master CommitID:18d8a8909b8ed6b0a4bd8f99971da74ebba792e2 158854-158855 --> testing issues Upstream job id: Generic-Unit-Test-DPDK#393857 Test environment and result as below: +-------------------------------+----------------+ | Environment | dpdk_unit_test | +===============================+================+ | CentOS Stream 9 | WARN | +-------------------------------+----------------+ | Debian GNU/Linux 12 | WARN | +-------------------------------+----------------+ | CentOS Stream 10 | WARN | +-------------------------------+----------------+ | Fedora Linux 40 | WARN | +-------------------------------+----------------+ | Fedora Linux 42 | PEND | +-------------------------------+----------------+ | Fedora Linux 41 | PEND | +-------------------------------+----------------+ | Red Hat Enterprise Linux 8.10 | PEND | +-------------------------------+----------------+ | Ubuntu 20.04 | FAIL | +-------------------------------+----------------+ | Red Hat Enterprise Linux 9.5 | PEND | +-------------------------------+----------------+ | Ubuntu 24.04 | PEND | +-------------------------------+----------------+ | Ubuntu 22.04 | PEND | +-------------------------------+----------------+ | Windows Server 2022 | PASS | +-------------------------------+----------------+ ==== Unit test summary for Ubuntu 20.04 (dpdk_unit_test): ==== Failed to get the unit test results. Displaying the unit test results is not supported for some environments, such as our aarch32 testing, where meson is not used to run the tests. Download the logs available on our CI site. ==== End log output ==== CentOS Stream 9 Kernel: 5.15 Compiler: gcc gcc (GCC) 11.5.0 20240719 (Red Hat 11.5.0-11) Debian GNU/Linux 12 Kernel: 5.15 Compiler: gcc gcc (Debian 12.2.0-14+deb12u1) 12.2.0 CentOS Stream 10 Kernel: 5.15 Compiler: gcc gcc (GCC) 14.2.1 20250110 (Red Hat 14.2.1-8) Fedora Linux 40 Kernel: 5.15 Compiler: gcc gcc (GCC) 14.2.1 20240912 (Red Hat 14.2.1-3) Fedora Linux 42 Kernel: 5.15 Compiler: gcc gcc (GCC) 15.2.1 20250808 (Red Hat 15.2.1-1) Fedora Linux 41 Kernel: 5.15 Compiler: gcc gcc (GCC) 14.3.1 20250523 (Red Hat 14.3.1-1) Red Hat Enterprise Linux 8.10 Kernel: 5.15 Compiler: gcc gcc (GCC) 8.5.0 20210514 (Red Hat 8.5.0-22) Ubuntu 20.04 Kernel: 5.15 Compiler: gcc gcc (Ubuntu 9.4.0-1ubuntu1~20.04.2) 9.4.0 Red Hat Enterprise Linux 9.5 Kernel: 5.15 Compiler: gcc gcc (GCC) 11.5.0 20240719 (Red Hat 11.5.0-2) Ubuntu 24.04 Kernel: 5.15 Compiler: gcc gcc (Ubuntu 13.3.0-6ubuntu2~24.04) 13.3.0 Ubuntu 22.04 Kernel: 5.15 Compiler: gcc gcc (Ubuntu 11.4.0-1ubuntu1~22.04) 11.4.0 Windows Server 2022 Kernel: 10.0.20348.2031 Compiler: clang 15.0.7, gcc 14.1.0 (MinGW), and MSVC VS 19.39.33521 To view detailed results, visit: https://lab.dpdk.org/results/dashboard/patchsets/34624/ UNH-IOL DPDK Community Lab To manage your email subscriptions, visit: https://lab.dpdk.org/results/dashboard/preferences/subscriptions/