From mboxrd@z Thu Jan 1 00:00:00 1970 Return-Path: Received: from mails.dpdk.org (mails.dpdk.org [217.70.189.124]) by inbox.dpdk.org (Postfix) with ESMTP id 43C5548B33 for ; Mon, 17 Nov 2025 16:01:12 +0100 (CET) Received: from mails.dpdk.org (localhost [127.0.0.1]) by mails.dpdk.org (Postfix) with ESMTP id 3B2E74025A; Mon, 17 Nov 2025 16:01:12 +0100 (CET) Received: from mail-yx1-f98.google.com (mail-yx1-f98.google.com [74.125.224.98]) by mails.dpdk.org (Postfix) with ESMTP id 2433F4025A for ; Mon, 17 Nov 2025 16:01:11 +0100 (CET) Received: by mail-yx1-f98.google.com with SMTP id 956f58d0204a3-63e393c49f1so3483650d50.0 for ; Mon, 17 Nov 2025 07:01:11 -0800 (PST) DKIM-Signature: v=1; a=rsa-sha256; c=relaxed/relaxed; d=iol.unh.edu; s=unh-iol; t=1763391670; x=1763996470; darn=dpdk.org; h=references:in-reply-to:cc:to:from:subject:message-id:date:from:to :cc:subject:date:message-id:reply-to; bh=62DlqcgbEaQvMwsttiChjtzydGTlit1dCjQiRpWsz3g=; b=T1fsA4HNcpGt3bgR3vHXhhNQjAQ4GybnliQMnISqdifqfaKy6Sn8rdvAswQ0CwQIbL bjBjxzrMd8qa5Frm++0G0skOlFJosz/Ny3ToU60m2rmaN9zvSCieSJivrbnMJz/dO+NZ Er5xpxM+m+9UkOohpAfCymfP4Jeky0DoHwu0Q= X-Google-DKIM-Signature: v=1; a=rsa-sha256; c=relaxed/relaxed; d=1e100.net; s=20230601; t=1763391670; x=1763996470; h=references:in-reply-to:cc:to:from:subject:message-id:date:x-gm-gg :x-gm-message-state:from:to:cc:subject:date:message-id:reply-to; bh=62DlqcgbEaQvMwsttiChjtzydGTlit1dCjQiRpWsz3g=; b=cl9xk17JHrhtjk5FNFBnDA2cpUS8CH9UeZ5f0A/X9RALgELDBLz2mrQLtYfWUoTaZI 12KlI45lbNChYJEW8z4O4MG3MvwbZpsO6myU8bImptoj36h0P+frSwbQprTHWLA99P3u ku/dkN2P5oOGoDygwVzpSY25kaXVTQ4vxWy9ZepsW4Hie5aLU3Tc6Fe6JYbxQwKo16Kq uuZtVVI1ZmDgW3UeLhjGrAwS6noK7bqkPemWY5fVYS50SO3aAEMOiZV3JwZ7AUJKl78D PqyeaG5cmOcfvoXE+2x6CpQ8/OCz1N3iUzqj88he5gGw+T2D/EvKZsiGrA3zcH8P6qph jbyg== X-Gm-Message-State: AOJu0YwTQj3/u9ech8PNgBYTuckA5WJHUiFXX08oi7xDNmKh4MWCZX0y lWWXLO775hYooZi3Mx5RaekMIemKVoUp1lOFy381OK6xktxihLs7fbsEmc2pT05wb3P9Hl6wtO5 C4SIDxE2pjzv4wCFjWAUw3lDR7YWrW8i77wctaSCCchNeNsgb9/qxfGWh7xsM X-Gm-Gg: ASbGnctPYjL51KHmqi3fAxRjhedIpy+yaSL67w+xJfPK4/LIoCeENJvobrioMdGEm/O O1gfbdIplAZI5gVOS78CSvBiossY1zzi/Aqg1ZIqjUDrHe/5AI9mqcDxq0779J7OGOO3S/A++x/ 4Q9RfiJcbm1qevSPUlSw4DiQrgF+Jg+9iHxF3bif+9AvcJOVvYxYxNbEu1uXiKzurvgwRyyVKh2 bxHctC/TjT/m5UvdydkfcgWhVUsjkZcLKiem/7nuJpqHf6gCpC5+NgZlY1KFaXbUGG8Cb2Qbkzt ZIvuplXlGH6B5Jc5bx6aoqlMf0yOiStLB4IqyFEr6dQZ5PJ7IPhF1SVdeTB9T+F3QNO7JmEUq8K 0C4tqTdGM X-Google-Smtp-Source: AGHT+IHnwuDRZMkOMZmJ6fh3OlEyTcedh7aT7qMxAYTmd4HHgC8RWxxTiUp4GQel4mnlkfOtUVGxBJiv7st9 X-Received: by 2002:a53:d058:0:20b0:63f:b9b3:9cd with SMTP id 956f58d0204a3-641e760a474mr8704774d50.44.1763391668824; Mon, 17 Nov 2025 07:01:08 -0800 (PST) Received: from postal.iol.unh.edu (postal.iol.unh.edu. [2606:4100:3880:1234::84]) by smtp-relay.gmail.com with ESMTPS id 00721157ae682-78821e32abdsm6427717b3.14.2025.11.17.07.01.08 (version=TLS1_2 cipher=ECDHE-ECDSA-AES128-GCM-SHA256 bits=128/128); Mon, 17 Nov 2025 07:01:08 -0800 (PST) X-Relaying-Domain: iol.unh.edu Date: Mon, 17 Nov 2025 07:01:08 -0800 (PST) Message-ID: <691b38b4.050a0220.28274b.f52cSMTPIN_ADDED_MISSING@mx.google.com> Received: from [172.21.0.3] (unknown [172.18.0.240]) by postal.iol.unh.edu (Postfix) with ESMTP id 73A946051830; Mon, 17 Nov 2025 10:01:08 -0500 (EST) Subject: |FAILURE| pw158854-158855 [PATCH] [2/2] net/mlx5: fix the masked val From: dpdklab@iol.unh.edu To: Test Report Cc: dpdk-test-reports@iol.unh.edu, Stephen Hemminger , Bing Zhao In-Reply-To: <20251117080942.9750-1-bingz@nvidia.com> References: <20251117080942.9750-1-bingz@nvidia.com> Content-Type: text/plain X-BeenThere: test-report@dpdk.org X-Mailman-Version: 2.1.29 Precedence: list List-Id: automatic DPDK test reports List-Unsubscribe: , List-Archive: List-Post: List-Help: List-Subscribe: , Errors-To: test-report-bounces@dpdk.org Test-Label: iol-unit-amd64-testing Test-Status: FAILURE http://dpdk.org/patch/158855 _Testing issues_ Submitter: Bing Zhao Date: Monday, November 17 2025 08:09:42 DPDK git baseline: Repo:dpdk-next-net Branch: master CommitID:18d8a8909b8ed6b0a4bd8f99971da74ebba792e2 158854-158855 --> testing issues Upstream job id: Generic-Unit-Test-DPDK#393869 Test environment and result as below: +-------------------------------+----------------+ | Environment | dpdk_unit_test | +===============================+================+ | CentOS Stream 9 | WARN | +-------------------------------+----------------+ | Debian GNU/Linux 12 | WARN | +-------------------------------+----------------+ | CentOS Stream 10 | WARN | +-------------------------------+----------------+ | Fedora Linux 40 | WARN | +-------------------------------+----------------+ | Fedora Linux 42 | WARN | +-------------------------------+----------------+ | Fedora Linux 41 | PEND | +-------------------------------+----------------+ | Red Hat Enterprise Linux 8.10 | PEND | +-------------------------------+----------------+ | Ubuntu 20.04 | FAIL | +-------------------------------+----------------+ | Red Hat Enterprise Linux 9.5 | PEND | +-------------------------------+----------------+ | Ubuntu 24.04 | PEND | +-------------------------------+----------------+ | Ubuntu 22.04 | PEND | +-------------------------------+----------------+ | Windows Server 2022 | PASS | +-------------------------------+----------------+ ==== Unit test summary for Ubuntu 20.04 (dpdk_unit_test): ==== Failed to get the unit test results. Displaying the unit test results is not supported for some environments, such as our aarch32 testing, where meson is not used to run the tests. Download the logs available on our CI site. ==== End log output ==== CentOS Stream 9 Kernel: 5.15 Compiler: gcc gcc (GCC) 11.5.0 20240719 (Red Hat 11.5.0-11) Debian GNU/Linux 12 Kernel: 5.15 Compiler: gcc gcc (Debian 12.2.0-14+deb12u1) 12.2.0 CentOS Stream 10 Kernel: 5.15 Compiler: gcc gcc (GCC) 14.2.1 20250110 (Red Hat 14.2.1-8) Fedora Linux 40 Kernel: 5.15 Compiler: gcc gcc (GCC) 14.2.1 20240912 (Red Hat 14.2.1-3) Fedora Linux 42 Kernel: 5.15 Compiler: gcc gcc (GCC) 15.2.1 20250808 (Red Hat 15.2.1-1) Fedora Linux 41 Kernel: 5.15 Compiler: gcc gcc (GCC) 14.3.1 20250523 (Red Hat 14.3.1-1) Red Hat Enterprise Linux 8.10 Kernel: 5.15 Compiler: gcc gcc (GCC) 8.5.0 20210514 (Red Hat 8.5.0-22) Ubuntu 20.04 Kernel: 5.15 Compiler: gcc gcc (Ubuntu 9.4.0-1ubuntu1~20.04.2) 9.4.0 Red Hat Enterprise Linux 9.5 Kernel: 5.15 Compiler: gcc gcc (GCC) 11.5.0 20240719 (Red Hat 11.5.0-2) Ubuntu 24.04 Kernel: 5.15 Compiler: gcc gcc (Ubuntu 13.3.0-6ubuntu2~24.04) 13.3.0 Ubuntu 22.04 Kernel: 5.15 Compiler: gcc gcc (Ubuntu 11.4.0-1ubuntu1~22.04) 11.4.0 Windows Server 2022 Kernel: 10.0.20348.2031 Compiler: clang 15.0.7, gcc 14.1.0 (MinGW), and MSVC VS 19.39.33521 To view detailed results, visit: https://lab.dpdk.org/results/dashboard/patchsets/34624/ UNH-IOL DPDK Community Lab To manage your email subscriptions, visit: https://lab.dpdk.org/results/dashboard/preferences/subscriptions/