From mboxrd@z Thu Jan 1 00:00:00 1970 Return-Path: Received: from mails.dpdk.org (mails.dpdk.org [217.70.189.124]) by inbox.dpdk.org (Postfix) with ESMTP id BAF9D48B33 for ; Mon, 17 Nov 2025 16:04:38 +0100 (CET) Received: from mails.dpdk.org (localhost [127.0.0.1]) by mails.dpdk.org (Postfix) with ESMTP id B16154025A; Mon, 17 Nov 2025 16:04:38 +0100 (CET) Received: from mail-yw1-f228.google.com (mail-yw1-f228.google.com [209.85.128.228]) by mails.dpdk.org (Postfix) with ESMTP id 4AEB94025A for ; Mon, 17 Nov 2025 16:04:37 +0100 (CET) Received: by mail-yw1-f228.google.com with SMTP id 00721157ae682-789314f0920so26396287b3.1 for ; Mon, 17 Nov 2025 07:04:37 -0800 (PST) DKIM-Signature: v=1; a=rsa-sha256; c=relaxed/relaxed; d=iol.unh.edu; s=unh-iol; t=1763391876; x=1763996676; darn=dpdk.org; h=references:in-reply-to:cc:to:from:subject:message-id:date:from:to :cc:subject:date:message-id:reply-to; bh=Ff5nTbJ+c91hZiSMH57XwvfW0FITAW3hIZPKQ/kBH5w=; b=QJsx1xnOzyO3x+EIOdup94y51LB+Ppy8ZVKIAreLatiGtmW+r5DYzrMEJaI3x44u4Z jw1vn/iqiny2159qkFYQIL4MhI7nPQF2lPPy7wQrhwVtkQh4N+PvcQDqCIJyN5M6DIgR Op7feMi98UMUKGnBs3lsNtOyJMf30ekWiYebQ= X-Google-DKIM-Signature: v=1; a=rsa-sha256; c=relaxed/relaxed; d=1e100.net; s=20230601; t=1763391876; x=1763996676; h=references:in-reply-to:cc:to:from:subject:message-id:date:x-gm-gg :x-gm-message-state:from:to:cc:subject:date:message-id:reply-to; bh=Ff5nTbJ+c91hZiSMH57XwvfW0FITAW3hIZPKQ/kBH5w=; b=qO2kLOcLf4ZImSnZwgXA60EFe3S3+W60EvcWldx3yA/58+zVzv/kROeGDgc8rdXrwz 22KZy0Su6Ij/b1y6uOlB91Iq1gpJqLRz0KApsvWOsd/E8mUDTg8FOq8Ujp73/uXSY9yH Bx8IFHJujqGQ7ogmlNZEvpCP9NG4x3kYBUEDgJnS32XjMvLFdlRpP41qMzRo9bDPzJ7s 5y0dSTZhQWgVzJH44qWv9xB48rXbnokKOsoW/fCsy6hU5D4MHhSKQLXndwP54o1Gs8gr V+1RRUHEvkrwS+ZOba77FS0rTUeM2rMi2iCklmgMPgRA0MeSlX5jSPeYBsNSBn7vkLuv imew== X-Gm-Message-State: AOJu0Yx4DD5ooJtfZuC10/dy3Own6tGDrdWESNjjowerUKl3n7ItH8Dq JAUrwfGfzUK7cw0z0+rJzNHjvrx0EDJaVAsPzjTR6uTuYovoF1uoR/zSTZHAkbokiq7Gp83Q9cD 14xhr1g5HMNWpD6lNMXhZWabsJg8K5u3sNFLvPLZqmRLV X-Gm-Gg: ASbGncuSjlCfCwiNol4WWaMqaZ9Uab3te712mFWzbH0FxC2RrKEGaRN7rZtSd2Y4gOy NcWrvBZ0+BMnlal4wppeZZjY4vn/A05klh0YtQr+H99pFz66pY0rojcAXSSOohJyXe+Rc42Ud/Q IvJPD35ZDdslV/w7MwStVyNAqDL2MVlYxm7HyqP6aa1Qrbmx3ehqiLD9dJVtEnUIqtYQ/2yxYU1 ehsPXRT8tgdTkBqgVM2OL9boF6L2S8+426p8btFBnQ4skKiDzgXgvWx9ZjqSyeE9Y/A1UWEC3f1 kTYm1MGt67kRDlICoYLV57wfLgJY0n226DA0d0sYm7lenms3SAi42ZjJr1WiEdB9aoR+WrsIzj2 HgHijOGftqDSOHZLeAclDuv+AYXwTv0o= X-Google-Smtp-Source: AGHT+IECg14LeZRttNJiqfTnqFl58hTOJPqh7ZIM8ifLz1epj17t0ecl7olXF3ilFte2sNFA4jf6vXVpd+jj X-Received: by 2002:a05:690c:6d09:b0:786:6b92:b201 with SMTP id 00721157ae682-78929e0af6cmr117324427b3.13.1763391875018; Mon, 17 Nov 2025 07:04:35 -0800 (PST) Received: from postal.iol.unh.edu (postal.iol.unh.edu. [132.177.123.84]) by smtp-relay.gmail.com with ESMTPS id 00721157ae682-78821fc07ccsm7034997b3.26.2025.11.17.07.04.34 (version=TLS1_2 cipher=ECDHE-ECDSA-AES128-GCM-SHA256 bits=128/128); Mon, 17 Nov 2025 07:04:35 -0800 (PST) X-Relaying-Domain: iol.unh.edu Date: Mon, 17 Nov 2025 07:04:35 -0800 (PST) Message-ID: <691b3983.050a0220.11f658.29b5SMTPIN_ADDED_MISSING@mx.google.com> Received: from [172.21.0.6] (unknown [172.18.0.240]) by postal.iol.unh.edu (Postfix) with ESMTP id B64DF6050A61; Mon, 17 Nov 2025 10:04:34 -0500 (EST) Subject: |FAILURE| pw158859 [PATCH] [v2,1/1] net/mlx5: fix set port down if d From: dpdklab@iol.unh.edu To: Test Report Cc: dpdk-test-reports@iol.unh.edu, Yang Xu In-Reply-To: <20251117091201.2261526-1-xu.yang3@zte.com.cn> References: <20251117091201.2261526-1-xu.yang3@zte.com.cn> Content-Type: text/plain X-BeenThere: test-report@dpdk.org X-Mailman-Version: 2.1.29 Precedence: list List-Id: automatic DPDK test reports List-Unsubscribe: , List-Archive: List-Post: List-Help: List-Subscribe: , Errors-To: test-report-bounces@dpdk.org Test-Label: iol-compile-amd64-testing Test-Status: FAILURE http://dpdk.org/patch/158859 _Testing issues_ Submitter: Yang Xu Date: Monday, November 17 2025 09:12:01 DPDK git baseline: Repo:dpdk-next-net-mlx Branch: master CommitID:6c8ab18883d4a51ac512a969d36b47272a63b61b 158859 --> testing issues Upstream job id: Generic-DPDK-Compile-Meson#445637 Test environment and result as below: +-------------------------------+--------------------+------------------+-------------------+ | Environment | dpdk_meson_compile | dpdk_compile_ovs | dpdk_msvc_compile | +===============================+====================+==================+===================+ | FreeBSD 14.2 | PASS | SKIPPED | SKIPPED | +-------------------------------+--------------------+------------------+-------------------+ | Ubuntu 20.04 | FAIL | SKIPPED | SKIPPED | +-------------------------------+--------------------+------------------+-------------------+ | CentOS Stream 9 | FAIL | SKIPPED | SKIPPED | +-------------------------------+--------------------+------------------+-------------------+ | CentOS Stream 10 | FAIL | SKIPPED | SKIPPED | +-------------------------------+--------------------+------------------+-------------------+ | Debian GNU/Linux 12 | FAIL | SKIPPED | SKIPPED | +-------------------------------+--------------------+------------------+-------------------+ | Fedora Linux 42 | FAIL | WARN | SKIPPED | +-------------------------------+--------------------+------------------+-------------------+ | openSUSE Leap 15.6 | FAIL | SKIPPED | SKIPPED | +-------------------------------+--------------------+------------------+-------------------+ | Red Hat Enterprise Linux 8.10 | FAIL | SKIPPED | SKIPPED | +-------------------------------+--------------------+------------------+-------------------+ | Red Hat Enterprise Linux 9.5 | FAIL | SKIPPED | SKIPPED | +-------------------------------+--------------------+------------------+-------------------+ | Ubuntu 22.04 | FAIL | SKIPPED | SKIPPED | +-------------------------------+--------------------+------------------+-------------------+ | Ubuntu 24.04 | PEND | WARN | SKIPPED | +-------------------------------+--------------------+------------------+-------------------+ | Alpine Linux 3.22.0 | PEND | SKIPPED | SKIPPED | +-------------------------------+--------------------+------------------+-------------------+ | Windows Server 2022 | SKIPPED | SKIPPED | PEND | +-------------------------------+--------------------+------------------+-------------------+ ==== 20 line log output for Ubuntu 24.04 (dpdk_compile_ovs): ==== --- Failed to get log output --- ==== End log output ==== FreeBSD 14.2 Kernel: 14.2-RELEASE Compiler: clang 18.1.6 Ubuntu 20.04 Kernel: 4.19 Compiler: gcc gcc (Ubuntu 9.4.0-1ubuntu1~20.04.2) 9.4.0 CentOS Stream 9 Kernel: 5.15 Compiler: gcc gcc (GCC) 11.5.0 20240719 (Red Hat 11.5.0-11) CentOS Stream 10 Kernel: 5.15 Compiler: gcc gcc (GCC) 14.2.1 20250110 (Red Hat 14.2.1-8) Debian GNU/Linux 12 Kernel: 5.15 Compiler: gcc gcc (Debian 12.2.0-14+deb12u1) 12.2.0 Fedora Linux 42 Kernel: 5.15 Compiler: clang gcc (GCC) 15.2.1 20250808 (Red Hat 15.2.1-1) openSUSE Leap 15.6 Kernel: 5.15 Compiler: gcc gcc (SUSE Linux) 7.5.0 Red Hat Enterprise Linux 8.10 Kernel: 5.15 Compiler: gcc gcc (GCC) 8.5.0 20210514 (Red Hat 8.5.0-22) Red Hat Enterprise Linux 9.5 Kernel: 5.15 Compiler: gcc gcc (GCC) 11.5.0 20240719 (Red Hat 11.5.0-2) Ubuntu 22.04 Kernel: 5.15 Compiler: gcc gcc (Ubuntu 11.4.0-1ubuntu1~22.04) 11.4.0 Ubuntu 24.04 Kernel: 5.15 Compiler: gcc gcc (Ubuntu 13.3.0-6ubuntu2~24.04) 13.3.0 Alpine Linux 3.22.0 Kernel: 5.15 Compiler: gcc gcc (Alpine 14.2.0) 14.2.0 Windows Server 2022 Kernel: 10.0.20348.2031 Compiler: clang 15.0.7, gcc 14.1.0 (MinGW), and MSVC VS 19.39.33521 To view detailed results, visit: https://lab.dpdk.org/results/dashboard/patchsets/34627/ UNH-IOL DPDK Community Lab To manage your email subscriptions, visit: https://lab.dpdk.org/results/dashboard/preferences/subscriptions/