From mboxrd@z Thu Jan 1 00:00:00 1970 Return-Path: Received: from mails.dpdk.org (mails.dpdk.org [217.70.189.124]) by inbox.dpdk.org (Postfix) with ESMTP id CFD7E48B33 for ; Mon, 17 Nov 2025 16:05:11 +0100 (CET) Received: from mails.dpdk.org (localhost [127.0.0.1]) by mails.dpdk.org (Postfix) with ESMTP id CAC614025A; Mon, 17 Nov 2025 16:05:11 +0100 (CET) Received: from mail-il1-f226.google.com (mail-il1-f226.google.com [209.85.166.226]) by mails.dpdk.org (Postfix) with ESMTP id EB5DC4025A for ; Mon, 17 Nov 2025 16:05:09 +0100 (CET) Received: by mail-il1-f226.google.com with SMTP id e9e14a558f8ab-433791d45f5so40778885ab.0 for ; Mon, 17 Nov 2025 07:05:09 -0800 (PST) DKIM-Signature: v=1; a=rsa-sha256; c=relaxed/relaxed; d=iol.unh.edu; s=unh-iol; t=1763391909; x=1763996709; darn=dpdk.org; h=references:in-reply-to:cc:to:from:subject:message-id:date:from:to :cc:subject:date:message-id:reply-to; bh=EYbZnMSOueUGBKgUmGZcLoyCBXGw+wb0D1LYwL9rqe4=; b=jCkgu8WNW3BPPT1tEJ2ibdogvmAIXVrBnddjFZGmAf9klkAuycKu3PP8iadTKN4OsB EXHg+BiMOZekfIlZ0Ul7YdqHMTdn7tEYkM1GT3l2+8+fHTocR85yRImH4iUuVwjmQ1xT CEE3cEaQUoi8Ld0FPKhhlMCBS6wfyVE4u0js0= X-Google-DKIM-Signature: v=1; a=rsa-sha256; c=relaxed/relaxed; d=1e100.net; s=20230601; t=1763391909; x=1763996709; h=references:in-reply-to:cc:to:from:subject:message-id:date:x-gm-gg :x-gm-message-state:from:to:cc:subject:date:message-id:reply-to; bh=EYbZnMSOueUGBKgUmGZcLoyCBXGw+wb0D1LYwL9rqe4=; b=kduiIG/Z2/Cx7N41UitRd2YLjt5eDU7d5a5zwV1ZpwW9BhGWFAt0MFRY9zkws7bWiM Sh4Qt0Q90weSbHpu4jJhYqR2xlKLaJ6aAP3yjXpg3MnLDZbgyKMlyM/1jLVLHNzlAnE1 v+1EuyC4tp1Jr2jU4aeYRXEvkxiGWhFBA+HCizQk8oV4C+QDr0Yu3GJcvIfgUQLWZwaW QAdJQIOw/1sBNOmVOx3LimKcsTmUlB64t6VrZj2+D0xug4V2sgP9yS6YLFgdTgn9OiOr 7v7cLz0AAhiIrw0Rw+St224aeMq26LqnKztUsc04tV3hrYtaoYYGQTwjVDjvIiT+67ZW 5FmA== X-Gm-Message-State: AOJu0YxVYPIV0Tr3bNKBkDwBrrFTY3wbuO0JrzdbQdDAZQ0LaNljXz4w MMQeCaoowmwWp1zVXAzPMiMyVULH/nShveseBB3I5itJ+bulWF/gMSVFapne9gRu362p74XSPDQ RQxzkVt0TJXi3jXe83My3sZlR2Qco90XU1uEVE7vScOoj X-Gm-Gg: ASbGncvsBgabCAD6iov3eRUpmTl5ohbY+fpXornnKnT7OLA4lf5enf0QpOEcya9AFx3 oBspJV2dh8JQeDnKlSJTzLtu48x+YQZhNw/rvDJf1y3cqTTOUtRB1bqTqaSapfLe7Bz4Q3lH5C8 SmqZBJc7g2V5HghNGt3EhBk1jJijrUM7fwEUcbQ8PfMOqTgy97COWhVZej+LsIdPR7yyV7Jswts JVevn960gOP7Bcp7uZr+2SvruO64quUW80GuQRQkQ+pn8oXTwgzEiqM94f8WUegnG4mkGTSL5gg xZYPfjYCtBulIZ4FuIInOZPp4zWDVsfyGaDJRcBdtz8VCHQRRtRP7MQAaAlpGWZ5kYigexVPtid iWNkvdpaGNNX+xWdnA2YOM90L34I4YUs= X-Google-Smtp-Source: AGHT+IH2sa9XrhdviTFnEXcQHMfau1DCqPt/yntbYKEseCAzT5bxQeGwSQqxNDIoqRQLjuBslteohzri7OPU X-Received: by 2002:a05:6e02:214d:b0:433:7a2f:a410 with SMTP id e9e14a558f8ab-4348c91d7bdmr162308175ab.23.1763391908930; Mon, 17 Nov 2025 07:05:08 -0800 (PST) Received: from postal.iol.unh.edu (postal.iol.unh.edu. [132.177.123.84]) by smtp-relay.gmail.com with ESMTPS id 8926c6da1cb9f-5b7bd2674f5sm915836173.14.2025.11.17.07.05.08 (version=TLS1_2 cipher=ECDHE-ECDSA-AES128-GCM-SHA256 bits=128/128); Mon, 17 Nov 2025 07:05:08 -0800 (PST) X-Relaying-Domain: iol.unh.edu Date: Mon, 17 Nov 2025 07:05:08 -0800 (PST) Message-ID: <691b39a4.050a0220.267eb6.cfa6SMTPIN_ADDED_MISSING@mx.google.com> Received: from [172.21.0.8] (unknown [172.18.0.240]) by postal.iol.unh.edu (Postfix) with ESMTP id 73F256050A61; Mon, 17 Nov 2025 10:05:08 -0500 (EST) Subject: |FAILURE| pw158859 [PATCH] [v2,1/1] net/mlx5: fix set port down if d From: dpdklab@iol.unh.edu To: Test Report Cc: dpdk-test-reports@iol.unh.edu, Yang Xu In-Reply-To: <20251117091201.2261526-1-xu.yang3@zte.com.cn> References: <20251117091201.2261526-1-xu.yang3@zte.com.cn> Content-Type: text/plain X-BeenThere: test-report@dpdk.org X-Mailman-Version: 2.1.29 Precedence: list List-Id: automatic DPDK test reports List-Unsubscribe: , List-Archive: List-Post: List-Help: List-Subscribe: , Errors-To: test-report-bounces@dpdk.org Test-Label: iol-compile-amd64-testing Test-Status: FAILURE http://dpdk.org/patch/158859 _Testing issues_ Submitter: Yang Xu Date: Monday, November 17 2025 09:12:01 DPDK git baseline: Repo:dpdk-next-net-mlx Branch: master CommitID:6c8ab18883d4a51ac512a969d36b47272a63b61b 158859 --> testing issues Upstream job id: Generic-DPDK-Compile-Meson#445629 Test environment and result as below: +-------------------------------+--------------------+------------------+-------------------+ | Environment | dpdk_meson_compile | dpdk_compile_ovs | dpdk_msvc_compile | +===============================+====================+==================+===================+ | FreeBSD 14.2 | PASS | SKIPPED | SKIPPED | +-------------------------------+--------------------+------------------+-------------------+ | Ubuntu 20.04 | FAIL | SKIPPED | SKIPPED | +-------------------------------+--------------------+------------------+-------------------+ | CentOS Stream 9 | FAIL | SKIPPED | SKIPPED | +-------------------------------+--------------------+------------------+-------------------+ | CentOS Stream 10 | FAIL | SKIPPED | SKIPPED | +-------------------------------+--------------------+------------------+-------------------+ | Debian GNU/Linux 12 | FAIL | SKIPPED | SKIPPED | +-------------------------------+--------------------+------------------+-------------------+ | Fedora Linux 42 | FAIL | WARN | SKIPPED | +-------------------------------+--------------------+------------------+-------------------+ | openSUSE Leap 15.6 | FAIL | SKIPPED | SKIPPED | +-------------------------------+--------------------+------------------+-------------------+ | Red Hat Enterprise Linux 8.10 | FAIL | SKIPPED | SKIPPED | +-------------------------------+--------------------+------------------+-------------------+ | Red Hat Enterprise Linux 9.5 | FAIL | SKIPPED | SKIPPED | +-------------------------------+--------------------+------------------+-------------------+ | Ubuntu 22.04 | FAIL | SKIPPED | SKIPPED | +-------------------------------+--------------------+------------------+-------------------+ | Ubuntu 24.04 | PEND | WARN | SKIPPED | +-------------------------------+--------------------+------------------+-------------------+ | Alpine Linux 3.22.0 | PEND | SKIPPED | SKIPPED | +-------------------------------+--------------------+------------------+-------------------+ | Windows Server 2022 | SKIPPED | SKIPPED | PEND | +-------------------------------+--------------------+------------------+-------------------+ ==== 20 line log output for Ubuntu 24.04 (dpdk_compile_ovs): ==== --- Failed to get log output --- ==== End log output ==== FreeBSD 14.2 Kernel: 14.2-RELEASE Compiler: clang 18.1.6 Ubuntu 20.04 Kernel: 4.19 Compiler: gcc gcc (Ubuntu 9.4.0-1ubuntu1~20.04.2) 9.4.0 CentOS Stream 9 Kernel: 5.15 Compiler: gcc gcc (GCC) 11.5.0 20240719 (Red Hat 11.5.0-11) CentOS Stream 10 Kernel: 5.15 Compiler: gcc gcc (GCC) 14.2.1 20250110 (Red Hat 14.2.1-8) Debian GNU/Linux 12 Kernel: 5.15 Compiler: gcc gcc (Debian 12.2.0-14+deb12u1) 12.2.0 Fedora Linux 42 Kernel: 5.15 Compiler: clang gcc (GCC) 15.2.1 20250808 (Red Hat 15.2.1-1) openSUSE Leap 15.6 Kernel: 5.15 Compiler: gcc gcc (SUSE Linux) 7.5.0 Red Hat Enterprise Linux 8.10 Kernel: 5.15 Compiler: gcc gcc (GCC) 8.5.0 20210514 (Red Hat 8.5.0-22) Red Hat Enterprise Linux 9.5 Kernel: 5.15 Compiler: gcc gcc (GCC) 11.5.0 20240719 (Red Hat 11.5.0-2) Ubuntu 22.04 Kernel: 5.15 Compiler: gcc gcc (Ubuntu 11.4.0-1ubuntu1~22.04) 11.4.0 Ubuntu 24.04 Kernel: 5.15 Compiler: gcc gcc (Ubuntu 13.3.0-6ubuntu2~24.04) 13.3.0 Alpine Linux 3.22.0 Kernel: 5.15 Compiler: gcc gcc (Alpine 14.2.0) 14.2.0 Windows Server 2022 Kernel: 10.0.20348.2031 Compiler: clang 15.0.7, gcc 14.1.0 (MinGW), and MSVC VS 19.39.33521 To view detailed results, visit: https://lab.dpdk.org/results/dashboard/patchsets/34627/ UNH-IOL DPDK Community Lab To manage your email subscriptions, visit: https://lab.dpdk.org/results/dashboard/preferences/subscriptions/