From mboxrd@z Thu Jan 1 00:00:00 1970 Return-Path: Received: from mails.dpdk.org (mails.dpdk.org [217.70.189.124]) by inbox.dpdk.org (Postfix) with ESMTP id D731848B33 for ; Mon, 17 Nov 2025 16:05:17 +0100 (CET) Received: from mails.dpdk.org (localhost [127.0.0.1]) by mails.dpdk.org (Postfix) with ESMTP id D38434025A; Mon, 17 Nov 2025 16:05:17 +0100 (CET) Received: from mail-io1-f100.google.com (mail-io1-f100.google.com [209.85.166.100]) by mails.dpdk.org (Postfix) with ESMTP id 2D1A04025A for ; Mon, 17 Nov 2025 16:05:16 +0100 (CET) Received: by mail-io1-f100.google.com with SMTP id ca18e2360f4ac-94861514a5cso325796639f.1 for ; Mon, 17 Nov 2025 07:05:16 -0800 (PST) DKIM-Signature: v=1; a=rsa-sha256; c=relaxed/relaxed; d=iol.unh.edu; s=unh-iol; t=1763391915; x=1763996715; darn=dpdk.org; h=references:in-reply-to:cc:to:from:subject:message-id:date:from:to :cc:subject:date:message-id:reply-to; bh=04ZK6JZxhNJ/LMkmJ9ck5hovLjU7Y7BSMHv4NBAl8Bg=; b=Yf3436ik/VVfcF07N41eNTFCA9lHEUXTjpxlKtRZhu4DcE7XKfTeE7EM0HAcnKG0rk XFAp+A1/VoWVWubezscVOYDEaXocvZjppBL1KavipITtXeykNvAzjzIfqpV2yu5/3jLt FVWeIG5qXjmhvue2AgbOLtDzJIBCaYAtHR16g= X-Google-DKIM-Signature: v=1; a=rsa-sha256; c=relaxed/relaxed; d=1e100.net; s=20230601; t=1763391915; x=1763996715; h=references:in-reply-to:cc:to:from:subject:message-id:date:x-gm-gg :x-gm-message-state:from:to:cc:subject:date:message-id:reply-to; bh=04ZK6JZxhNJ/LMkmJ9ck5hovLjU7Y7BSMHv4NBAl8Bg=; b=qMhod4ke9gE5CspATnY8H0e+oX/8GZx+vBQaDeZJpWTRgS2661YommznFckeunou6j 07cknVEtRC6ll0Ho4LCsUXSmNJ0xcdcfgn+YAo2cRA0NOK8Si74sDLEVpyBUb3+Q8MEe trGCbXKgulY90yUkqdVTn28TyXchQyWZb/GAhV9wHWNENxz4xVdRwjPWvlXigNOvwp7M F3r1gEnV6KwLyKRTXfZUuDdGdtsiAM2E7znfGsWywv+P2ZfdEciS/Y2o66C6anHdHt1F 16MVLY1Azgp7n0BBmEDSR/votWL2GAkzcyRDrYbgX5NO+wE+qRLMaRMS/YZ+0Lvc9DKj 8thw== X-Gm-Message-State: AOJu0YxWgVBBld+7K6I5+Z4SVkNjXZJckDrnsOw2zlDC1wSkjpxNECPn qIL8FO6tmgwDZcVyjDMroaRvpWpzlA5LoibAJ/cUL8vIpoyslLEu8ETP23rnMKxwylrGfb5dYjL X3BCJ3SZCzubf0/tkdnDHHjoSznid4zOvJgu8HHlfHVQswLVmZryOoGiclY8r X-Gm-Gg: ASbGnct34sSvz1LgHDRr3hoo3RKGUdDyjpIp2w6av7/aDxw8IpnRM7u+2UfZ8iDoV1y h1Mg7feD2HuycUwkcQum3jyBMGP1C6Ghvki9MpkWlKTTzZthpz/LhNU3XmYqnFraBmY9aVUA/wj r/vSL+90SWf3Rs93RE9fDiAFxuxNATOx5jIXSTDnz86e3qyGZ9HvTT4I3pfGMluQK2998IK1hvy Y9rkYgcimra+3sHcxbVVmwfThCatG1YydDA9gbDBgXTfyhu1nN3icJrt03TfcR0sjgfKNLaL6EL msLevhqBxHxqziy+fYRTHNnehuooyy05SIa4+d+g6DGzKIGVuf1/Pb0BLe5yDMDye2NwVptQJLG z+7rhrtJA X-Google-Smtp-Source: AGHT+IG0HRGkbwUk25F1mm8u/XNscZn8fhHbohevgyVtRztUWi5T+irXpLKElc2cuGSfXtty45RUHMYhujfN X-Received: by 2002:a02:ac83:0:b0:5b7:3b49:e76a with SMTP id 8926c6da1cb9f-5b7c9dc597fmr6953271173.10.1763391915000; Mon, 17 Nov 2025 07:05:15 -0800 (PST) Received: from postal.iol.unh.edu (postal.iol.unh.edu. [2606:4100:3880:1234::84]) by smtp-relay.gmail.com with ESMTPS id 8926c6da1cb9f-5b7bd334958sm897626173.29.2025.11.17.07.05.14 (version=TLS1_2 cipher=ECDHE-ECDSA-AES128-GCM-SHA256 bits=128/128); Mon, 17 Nov 2025 07:05:14 -0800 (PST) X-Relaying-Domain: iol.unh.edu Date: Mon, 17 Nov 2025 07:05:14 -0800 (PST) Message-ID: <691b39aa.050a0220.1043ee.c239SMTPIN_ADDED_MISSING@mx.google.com> Received: from [172.21.0.11] (unknown [172.18.0.240]) by postal.iol.unh.edu (Postfix) with ESMTP id 8256C6050A61; Mon, 17 Nov 2025 10:05:14 -0500 (EST) Subject: |FAILURE| pw158859 [PATCH] [v2,1/1] net/mlx5: fix set port down if d From: dpdklab@iol.unh.edu To: Test Report Cc: dpdk-test-reports@iol.unh.edu, Yang Xu In-Reply-To: <20251117091201.2261526-1-xu.yang3@zte.com.cn> References: <20251117091201.2261526-1-xu.yang3@zte.com.cn> Content-Type: text/plain X-BeenThere: test-report@dpdk.org X-Mailman-Version: 2.1.29 Precedence: list List-Id: automatic DPDK test reports List-Unsubscribe: , List-Archive: List-Post: List-Help: List-Subscribe: , Errors-To: test-report-bounces@dpdk.org Test-Label: iol-compile-amd64-testing Test-Status: FAILURE http://dpdk.org/patch/158859 _Testing issues_ Submitter: Yang Xu Date: Monday, November 17 2025 09:12:01 DPDK git baseline: Repo:dpdk-next-net-mlx Branch: master CommitID:6c8ab18883d4a51ac512a969d36b47272a63b61b 158859 --> testing issues Upstream job id: Generic-DPDK-Compile-Meson#445631 Test environment and result as below: +-------------------------------+--------------------+------------------+-------------------+ | Environment | dpdk_meson_compile | dpdk_compile_ovs | dpdk_msvc_compile | +===============================+====================+==================+===================+ | FreeBSD 14.2 | PASS | SKIPPED | SKIPPED | +-------------------------------+--------------------+------------------+-------------------+ | Ubuntu 20.04 | FAIL | SKIPPED | SKIPPED | +-------------------------------+--------------------+------------------+-------------------+ | CentOS Stream 9 | FAIL | SKIPPED | SKIPPED | +-------------------------------+--------------------+------------------+-------------------+ | CentOS Stream 10 | FAIL | SKIPPED | SKIPPED | +-------------------------------+--------------------+------------------+-------------------+ | Debian GNU/Linux 12 | FAIL | SKIPPED | SKIPPED | +-------------------------------+--------------------+------------------+-------------------+ | Fedora Linux 42 | FAIL | WARN | SKIPPED | +-------------------------------+--------------------+------------------+-------------------+ | openSUSE Leap 15.6 | FAIL | SKIPPED | SKIPPED | +-------------------------------+--------------------+------------------+-------------------+ | Red Hat Enterprise Linux 8.10 | FAIL | SKIPPED | SKIPPED | +-------------------------------+--------------------+------------------+-------------------+ | Red Hat Enterprise Linux 9.5 | FAIL | SKIPPED | SKIPPED | +-------------------------------+--------------------+------------------+-------------------+ | Ubuntu 22.04 | FAIL | SKIPPED | SKIPPED | +-------------------------------+--------------------+------------------+-------------------+ | Ubuntu 24.04 | PEND | WARN | SKIPPED | +-------------------------------+--------------------+------------------+-------------------+ | Alpine Linux 3.22.0 | PEND | SKIPPED | SKIPPED | +-------------------------------+--------------------+------------------+-------------------+ | Windows Server 2022 | SKIPPED | SKIPPED | PEND | +-------------------------------+--------------------+------------------+-------------------+ ==== 20 line log output for Ubuntu 24.04 (dpdk_compile_ovs): ==== --- Failed to get log output --- ==== End log output ==== FreeBSD 14.2 Kernel: 14.2-RELEASE Compiler: clang 18.1.6 Ubuntu 20.04 Kernel: 4.19 Compiler: gcc gcc (Ubuntu 9.4.0-1ubuntu1~20.04.2) 9.4.0 CentOS Stream 9 Kernel: 5.15 Compiler: gcc gcc (GCC) 11.5.0 20240719 (Red Hat 11.5.0-11) CentOS Stream 10 Kernel: 5.15 Compiler: gcc gcc (GCC) 14.2.1 20250110 (Red Hat 14.2.1-8) Debian GNU/Linux 12 Kernel: 5.15 Compiler: gcc gcc (Debian 12.2.0-14+deb12u1) 12.2.0 Fedora Linux 42 Kernel: 5.15 Compiler: clang gcc (GCC) 15.2.1 20250808 (Red Hat 15.2.1-1) openSUSE Leap 15.6 Kernel: 5.15 Compiler: gcc gcc (SUSE Linux) 7.5.0 Red Hat Enterprise Linux 8.10 Kernel: 5.15 Compiler: gcc gcc (GCC) 8.5.0 20210514 (Red Hat 8.5.0-22) Red Hat Enterprise Linux 9.5 Kernel: 5.15 Compiler: gcc gcc (GCC) 11.5.0 20240719 (Red Hat 11.5.0-2) Ubuntu 22.04 Kernel: 5.15 Compiler: gcc gcc (Ubuntu 11.4.0-1ubuntu1~22.04) 11.4.0 Ubuntu 24.04 Kernel: 5.15 Compiler: gcc gcc (Ubuntu 13.3.0-6ubuntu2~24.04) 13.3.0 Alpine Linux 3.22.0 Kernel: 5.15 Compiler: gcc gcc (Alpine 14.2.0) 14.2.0 Windows Server 2022 Kernel: 10.0.20348.2031 Compiler: clang 15.0.7, gcc 14.1.0 (MinGW), and MSVC VS 19.39.33521 To view detailed results, visit: https://lab.dpdk.org/results/dashboard/patchsets/34627/ UNH-IOL DPDK Community Lab To manage your email subscriptions, visit: https://lab.dpdk.org/results/dashboard/preferences/subscriptions/