From mboxrd@z Thu Jan 1 00:00:00 1970 Return-Path: Received: from mails.dpdk.org (mails.dpdk.org [217.70.189.124]) by inbox.dpdk.org (Postfix) with ESMTP id 6D64548B33 for ; Mon, 17 Nov 2025 16:10:04 +0100 (CET) Received: from mails.dpdk.org (localhost [127.0.0.1]) by mails.dpdk.org (Postfix) with ESMTP id 4E81C4025A; Mon, 17 Nov 2025 16:10:04 +0100 (CET) Received: from mail-qk1-f227.google.com (mail-qk1-f227.google.com [209.85.222.227]) by mails.dpdk.org (Postfix) with ESMTP id 2B5B14025A for ; Mon, 17 Nov 2025 16:10:03 +0100 (CET) Received: by mail-qk1-f227.google.com with SMTP id af79cd13be357-8b22b1d3e7fso435031385a.3 for ; Mon, 17 Nov 2025 07:10:03 -0800 (PST) DKIM-Signature: v=1; a=rsa-sha256; c=relaxed/relaxed; d=iol.unh.edu; s=unh-iol; t=1763392202; x=1763997002; darn=dpdk.org; h=references:in-reply-to:cc:to:from:subject:message-id:date:from:to :cc:subject:date:message-id:reply-to; bh=zuDEkL5ru5CDuLKOmEvp4/wk8aFPRg9Z1suhn/rScfM=; b=dWpNNG8CR1igzIvVFb1DmWYpR+N5JtFy4KicwMFwEizIkDL4OVSsYNLQgLHbuIZ8rP B6wivgkhnixSkL5Us2o2x0BSv/YMT4vdYfprsSyCW1TN+qwPEgHePvQDVJNlF6bEH9Eg FjxnhY9DKUg3ZOj4lVPzEcvaUVTa8et1cn2ns= X-Google-DKIM-Signature: v=1; a=rsa-sha256; c=relaxed/relaxed; d=1e100.net; s=20230601; t=1763392202; x=1763997002; h=references:in-reply-to:cc:to:from:subject:message-id:date:x-gm-gg :x-gm-message-state:from:to:cc:subject:date:message-id:reply-to; bh=zuDEkL5ru5CDuLKOmEvp4/wk8aFPRg9Z1suhn/rScfM=; b=uCU2NpopBA3QujM0GP1fZu99PJ2BHhSsevZn51OXXgkWkidfSimiVF0KbvNnYO9GOL 40nubwBKPtv/gKJbc4CFHCBzvZv/NN9LxYvTrWBj7L+vYZJqvlV+sSTmb5E3YyshQq7h Y/2yVIq4dENJStBFJwz6lCCIm5xQh5i6uZgeBL12wuMILz5duOpY0IPPFZhjPCIMt1VP 3ZUgFPT4G5spDQTeQ5UyQcQW7wqV6IdoqF+9CSbzRIUiIOAe9MRQ8ctVmjemEU9UzeHc 2i3Ov01R6PDvdqRdrqzOtnr4ltSFWfR0D0tgiDYfSfgl7F7qgifV3e+JNEs+S6CgXOtN mA4Q== X-Gm-Message-State: AOJu0YxBGbNz2r6afESJjVFRNTFKOolwyk7/p9wblgaqUq+72ryRh2Lj 0tI4Fc4p/bT7FJ9BDNtUHUYlOSgVWfZvLJaj/qX4cfs/78P/DX4JUJfx+4Ip5ob9CBf1kd/MZEk vjFooj1vz5LU7CZKJryVGA+m7g1G2tExUZLj47eLmAsZz X-Gm-Gg: ASbGncsVg9E1okwSuGplYs5sHuuAvaRMtRLoD2sjTsGGwPPed8kAFWuMugWLb0bDyFr bBr7Ilb5X2t+61dIoZKZreD2DkrxME60zbx19F6uoB/YI4NeBfyL/sj/NIbsLVceWLHUfvPmqJk ZUdRHKQzsXfj7cPIWpI/aWCtvpD778H4VanwkIW2xNlVdHMIO6rmc2ec7yerllYSxkSZivZGbsA nJZPlWM+MUPnwZyNtL2/slq0YBj843KLI0l0WuK9xHFU03PyDrVv8SagOSWEwPSEvS1xHc9oKDo SShHyWkkxrOwMO1s8vl7YBeF23DLPpRQfeSQakdnfbNTLhRudWuP0CsyjDkD8zYwNb2zyvlNzEu 07IEpnwEA5oBa9ix+HOEq2zoCQb42ubE= X-Google-Smtp-Source: AGHT+IHICAO1takSmFYzHCkQG8vybqdgc2Nv+D5Ndbkg75wHa0iho6igX0dv2Qzd667qy+ltKSbgY0eE+NUL X-Received: by 2002:a05:620a:414e:b0:88f:ee0a:3d66 with SMTP id af79cd13be357-8b2c31e4a2cmr1493132085a.80.1763392202086; Mon, 17 Nov 2025 07:10:02 -0800 (PST) Received: from postal.iol.unh.edu (postal.iol.unh.edu. [132.177.123.84]) by smtp-relay.gmail.com with ESMTPS id af79cd13be357-8b2aef263dfsm125159885a.6.2025.11.17.07.10.02 (version=TLS1_2 cipher=ECDHE-ECDSA-AES128-GCM-SHA256 bits=128/128); Mon, 17 Nov 2025 07:10:02 -0800 (PST) X-Relaying-Domain: iol.unh.edu Date: Mon, 17 Nov 2025 07:10:02 -0800 (PST) Message-ID: <691b3aca.050a0220.2e2634.d34dSMTPIN_ADDED_MISSING@mx.google.com> Received: from [172.21.0.3] (unknown [172.18.0.240]) by postal.iol.unh.edu (Postfix) with ESMTP id C3A91604D420; Mon, 17 Nov 2025 10:10:01 -0500 (EST) Subject: |FAILURE| pw158859 [PATCH] [v2,1/1] net/mlx5: fix set port down if d From: dpdklab@iol.unh.edu To: Test Report Cc: dpdk-test-reports@iol.unh.edu, Yang Xu In-Reply-To: <20251117091201.2261526-1-xu.yang3@zte.com.cn> References: <20251117091201.2261526-1-xu.yang3@zte.com.cn> Content-Type: text/plain X-BeenThere: test-report@dpdk.org X-Mailman-Version: 2.1.29 Precedence: list List-Id: automatic DPDK test reports List-Unsubscribe: , List-Archive: List-Post: List-Help: List-Subscribe: , Errors-To: test-report-bounces@dpdk.org Test-Label: iol-compile-amd64-testing Test-Status: FAILURE http://dpdk.org/patch/158859 _Testing issues_ Submitter: Yang Xu Date: Monday, November 17 2025 09:12:01 DPDK git baseline: Repo:dpdk-next-net-mlx Branch: master CommitID:6c8ab18883d4a51ac512a969d36b47272a63b61b 158859 --> testing issues Upstream job id: Generic-DPDK-Compile-Meson#445626 Test environment and result as below: +-------------------------------+--------------------+------------------+-------------------+ | Environment | dpdk_meson_compile | dpdk_compile_ovs | dpdk_msvc_compile | +===============================+====================+==================+===================+ | FreeBSD 14.2 | PASS | SKIPPED | SKIPPED | +-------------------------------+--------------------+------------------+-------------------+ | Ubuntu 20.04 | FAIL | SKIPPED | SKIPPED | +-------------------------------+--------------------+------------------+-------------------+ | CentOS Stream 9 | FAIL | SKIPPED | SKIPPED | +-------------------------------+--------------------+------------------+-------------------+ | CentOS Stream 10 | FAIL | SKIPPED | SKIPPED | +-------------------------------+--------------------+------------------+-------------------+ | Debian GNU/Linux 12 | FAIL | SKIPPED | SKIPPED | +-------------------------------+--------------------+------------------+-------------------+ | Fedora Linux 42 | FAIL | WARN | SKIPPED | +-------------------------------+--------------------+------------------+-------------------+ | openSUSE Leap 15.6 | FAIL | SKIPPED | SKIPPED | +-------------------------------+--------------------+------------------+-------------------+ | Red Hat Enterprise Linux 8.10 | FAIL | SKIPPED | SKIPPED | +-------------------------------+--------------------+------------------+-------------------+ | Red Hat Enterprise Linux 9.5 | FAIL | SKIPPED | SKIPPED | +-------------------------------+--------------------+------------------+-------------------+ | Ubuntu 22.04 | FAIL | SKIPPED | SKIPPED | +-------------------------------+--------------------+------------------+-------------------+ | Ubuntu 24.04 | PEND | WARN | SKIPPED | +-------------------------------+--------------------+------------------+-------------------+ | Alpine Linux 3.22.0 | PEND | SKIPPED | SKIPPED | +-------------------------------+--------------------+------------------+-------------------+ | Windows Server 2022 | SKIPPED | SKIPPED | PEND | +-------------------------------+--------------------+------------------+-------------------+ ==== 20 line log output for Ubuntu 24.04 (dpdk_compile_ovs): ==== --- Failed to get log output --- ==== End log output ==== FreeBSD 14.2 Kernel: 14.2-RELEASE Compiler: clang 18.1.6 Ubuntu 20.04 Kernel: 4.19 Compiler: gcc gcc (Ubuntu 9.4.0-1ubuntu1~20.04.2) 9.4.0 CentOS Stream 9 Kernel: 5.15 Compiler: gcc gcc (GCC) 11.5.0 20240719 (Red Hat 11.5.0-11) CentOS Stream 10 Kernel: 5.15 Compiler: gcc gcc (GCC) 14.2.1 20250110 (Red Hat 14.2.1-8) Debian GNU/Linux 12 Kernel: 5.15 Compiler: gcc gcc (Debian 12.2.0-14+deb12u1) 12.2.0 Fedora Linux 42 Kernel: 5.15 Compiler: clang gcc (GCC) 15.2.1 20250808 (Red Hat 15.2.1-1) openSUSE Leap 15.6 Kernel: 5.15 Compiler: gcc gcc (SUSE Linux) 7.5.0 Red Hat Enterprise Linux 8.10 Kernel: 5.15 Compiler: gcc gcc (GCC) 8.5.0 20210514 (Red Hat 8.5.0-22) Red Hat Enterprise Linux 9.5 Kernel: 5.15 Compiler: gcc gcc (GCC) 11.5.0 20240719 (Red Hat 11.5.0-2) Ubuntu 22.04 Kernel: 5.15 Compiler: gcc gcc (Ubuntu 11.4.0-1ubuntu1~22.04) 11.4.0 Ubuntu 24.04 Kernel: 5.15 Compiler: gcc gcc (Ubuntu 13.3.0-6ubuntu2~24.04) 13.3.0 Alpine Linux 3.22.0 Kernel: 5.15 Compiler: gcc gcc (Alpine 14.2.0) 14.2.0 Windows Server 2022 Kernel: 10.0.20348.2031 Compiler: clang 15.0.7, gcc 14.1.0 (MinGW), and MSVC VS 19.39.33521 To view detailed results, visit: https://lab.dpdk.org/results/dashboard/patchsets/34627/ UNH-IOL DPDK Community Lab To manage your email subscriptions, visit: https://lab.dpdk.org/results/dashboard/preferences/subscriptions/