* |SUCCESS| pw158839-158843 [PATCH v2 5/5] test: re-enable format-truncation warnings
[not found] <20251116190035.76123-6-stephen@networkplumber.org>
@ 2025-11-16 18:27 ` qemudev
2025-11-16 18:32 ` qemudev
` (29 subsequent siblings)
30 siblings, 0 replies; 31+ messages in thread
From: qemudev @ 2025-11-16 18:27 UTC (permalink / raw)
To: test-report
Test-Label: loongarch-compilation
Test-Status: SUCCESS
http://dpdk.org/patch/158843
_Compilation OK_
Submitter: Stephen Hemminger <stephen@networkplumber.org>
Date: Sun, 16 Nov 2025 10:59:29 -0800
DPDK git baseline: Repo:dpdk
Branch: main
CommitID: be0112878b4fc3a1b918370ed2fe615c52039d77
158839-158843 --> meson & ninja build successfully
Test environment and result as below:
+---------------------+----------------+
| Environment | compilation |
+---------------------+----------------+
| Loongnix-Server 8.3 | PASS |
+---------------------+----------------+
Loongnix-Server 8.3
Kernel: 4.19.190+
Compiler: gcc 8.3
^ permalink raw reply [flat|nested] 31+ messages in thread
* |SUCCESS| pw158839-158843 [PATCH v2 5/5] test: re-enable format-truncation warnings
[not found] <20251116190035.76123-6-stephen@networkplumber.org>
2025-11-16 18:27 ` |SUCCESS| pw158839-158843 [PATCH v2 5/5] test: re-enable format-truncation warnings qemudev
@ 2025-11-16 18:32 ` qemudev
2025-11-16 19:00 ` |SUCCESS| pw158843 " checkpatch
` (28 subsequent siblings)
30 siblings, 0 replies; 31+ messages in thread
From: qemudev @ 2025-11-16 18:32 UTC (permalink / raw)
To: test-report
Test-Label: loongarch-unit-testing
Test-Status: SUCCESS
http://dpdk.org/patch/158843
_Unit Testing PASS_
Submitter: Stephen Hemminger <stephen@networkplumber.org>
Date: Sun, 16 Nov 2025 10:59:29 -0800
DPDK git baseline: Repo:dpdk
Branch: main
CommitID: be0112878b4fc3a1b918370ed2fe615c52039d77
158839-158843 --> testing pass
Test environment and result as below:
+---------------------+----------------+
| Environment | dpdk_unit_test |
+---------------------+----------------+
| Loongnix-Server 8.3 | PASS |
+---------------------+----------------+
Loongnix-Server 8.3
Kernel: 4.19.190+
Compiler: gcc 8.3
Test result details:
1/109 DPDK:fast-tests / acl_autotest OK 3.25s
2/109 DPDK:fast-tests / alarm_autotest OK 1.48s
3/109 DPDK:fast-tests / argparse_autotest OK 0.46s
4/109 DPDK:fast-tests / atomic_autotest OK 6.94s
5/109 DPDK:fast-tests / bitcount_autotest OK 0.21s
6/109 DPDK:fast-tests / bitmap_autotest OK 0.20s
7/109 DPDK:fast-tests / bitops_autotest OK 1.71s
8/109 DPDK:fast-tests / bitratestats_autotest OK 0.21s
9/109 DPDK:fast-tests / bitset_autotest OK 2.95s
10/109 DPDK:fast-tests / bpf_autotest OK 0.21s
11/109 DPDK:fast-tests / bpf_convert_autotest OK 0.21s
12/109 DPDK:fast-tests / byteorder_autotest OK 0.20s
13/109 DPDK:fast-tests / cfgfile_autotest OK 0.20s
14/109 DPDK:fast-tests / cksum_autotest OK 0.20s
15/109 DPDK:fast-tests / cmdline_autotest OK 0.20s
16/109 DPDK:fast-tests / common_autotest OK 1.09s
17/109 DPDK:fast-tests / compressdev_autotest SKIP 0.06s exit status 77
18/109 DPDK:fast-tests / cpuflags_autotest OK 0.21s
19/109 DPDK:fast-tests / crc_autotest OK 0.20s
20/109 DPDK:fast-tests / user_delay_us OK 0.20s
21/109 DPDK:fast-tests / debug_autotest OK 27.58s
22/109 DPDK:fast-tests / devargs_autotest OK 0.20s
23/109 DPDK:fast-tests / dispatcher_autotest OK 2.46s
24/109 DPDK:fast-tests / distributor_autotest OK 1.20s
25/109 DPDK:fast-tests / eal_flags_autotest OK 26.43s
26/109 DPDK:fast-tests / eal_fs_autotest OK 0.21s
27/109 DPDK:fast-tests / errno_autotest OK 0.20s
28/109 DPDK:fast-tests / ethdev_link_status OK 0.20s
29/109 DPDK:fast-tests / event_eth_tx_adapter_autotest OK 1.69s
30/109 DPDK:fast-tests / event_ring_autotest OK 0.21s
31/109 DPDK:fast-tests / eventdev_common_autotest OK 0.20s
32/109 DPDK:fast-tests / eventdev_selftest_sw OK 7.20s
33/109 DPDK:fast-tests / fbarray_autotest OK 0.21s
34/109 DPDK:fast-tests / fib_autotest OK 1.04s
35/109 DPDK:fast-tests / fib6_autotest OK 1.03s
36/109 DPDK:fast-tests / func_reentrancy_autotest OK 2.25s
37/109 DPDK:fast-tests / graph_autotest OK 0.21s
38/109 DPDK:fast-tests / node_list_dump OK 0.36s
39/109 DPDK:fast-tests / graph_feature_arc_autotest OK 0.30s
40/109 DPDK:fast-tests / hash_autotest OK 0.93s
41/109 DPDK:fast-tests / hash_readwrite_func_autotest OK 0.12s
42/109 DPDK:fast-tests / interrupt_autotest OK 1.93s
43/109 DPDK:fast-tests / ipfrag_autotest OK 0.09s
44/109 DPDK:fast-tests / ipsec_autotest SKIP 0.62s exit status 77
45/109 DPDK:fast-tests / kvargs_autotest OK 0.62s
46/109 DPDK:fast-tests / latencystats_autotest OK 0.62s
47/109 DPDK:fast-tests / lcore_var_autotest OK 0.73s
48/109 DPDK:fast-tests / lcores_autotest OK 5.42s
49/109 DPDK:fast-tests / logs_autotest OK 0.61s
50/109 DPDK:fast-tests / lpm_autotest OK 2.67s
51/109 DPDK:fast-tests / lpm6_autotest OK 5.76s
52/109 DPDK:fast-tests / malloc_autotest OK 61.03s
53/109 DPDK:fast-tests / mbuf_autotest OK 4.69s
54/109 DPDK:fast-tests / mcslock_autotest OK 4.58s
55/109 DPDK:fast-tests / member_autotest OK 1.83s
56/109 DPDK:fast-tests / memcpy_autotest OK 6.96s
57/109 DPDK:fast-tests / memory_autotest OK 0.10s
58/109 DPDK:fast-tests / mempool_autotest OK 0.44s
59/109 DPDK:fast-tests / memzone_autotest OK 0.32s
60/109 DPDK:fast-tests / meter_autotest OK 0.44s
61/109 DPDK:fast-tests / metrics_autotest OK 0.44s
62/109 DPDK:fast-tests / multiprocess_autotest OK 0.23s
63/109 DPDK:fast-tests / net_ether_autotest OK 1.10s
64/109 DPDK:fast-tests / net_ipv6_autotest OK 0.44s
65/109 DPDK:fast-tests / pcapng_autotest OK 6.75s
66/109 DPDK:fast-tests / pdcp_autotest SKIP 0.08s exit status 77
67/109 DPDK:fast-tests / pdump_autotest OK 0.54s
68/109 DPDK:fast-tests / per_lcore_autotest OK 0.54s
69/109 DPDK:fast-tests / pflock_autotest OK 1.27s
70/109 DPDK:fast-tests / pie_autotest OK 0.44s
71/109 DPDK:fast-tests / ring_pmd_autotest OK 0.44s
72/109 DPDK:fast-tests / power_autotest OK 0.44s
73/109 DPDK:fast-tests / power_cpufreq_autotest SKIP 0.08s exit status 77
74/109 DPDK:fast-tests / power_intel_uncore_autotest SKIP 0.44s exit status 77
75/109 DPDK:fast-tests / power_kvm_vm_autotest SKIP 0.08s exit status 77
76/109 DPDK:fast-tests / prefetch_autotest OK 0.44s
77/109 DPDK:fast-tests / ptr_compress_autotest OK 0.44s
78/109 DPDK:fast-tests / rawdev_autotest OK 0.44s
79/109 DPDK:fast-tests / rcu_qsbr_autotest OK 0.96s
80/109 DPDK:fast-tests / reorder_autotest OK 0.50s
81/109 DPDK:fast-tests / rib_autotest OK 9.09s
82/109 DPDK:fast-tests / rib6_autotest OK 9.09s
83/109 DPDK:fast-tests / ring_autotest OK 0.47s
84/109 DPDK:fast-tests / rwlock_test1_autotest OK 1.22s
85/109 DPDK:fast-tests / rwlock_rda_autotest OK 5.44s
86/109 DPDK:fast-tests / rwlock_rds_wrm_autotest OK 5.60s
87/109 DPDK:fast-tests / rwlock_rde_wro_autotest OK 5.44s
88/109 DPDK:fast-tests / sched_autotest OK 0.44s
89/109 DPDK:fast-tests / security_autotest OK 0.08s
90/109 DPDK:fast-tests / seqlock_autotest OK 2.44s
91/109 DPDK:fast-tests / service_autotest OK 3.15s
92/109 DPDK:fast-tests / soring_autotest OK 0.44s
93/109 DPDK:fast-tests / spinlock_autotest OK 0.52s
94/109 DPDK:fast-tests / stack_autotest OK 0.88s
95/109 DPDK:fast-tests / stack_lf_autotest SKIP 0.07s exit status 77
96/109 DPDK:fast-tests / string_autotest OK 0.44s
97/109 DPDK:fast-tests / table_autotest OK 7.55s
98/109 DPDK:fast-tests / tailq_autotest OK 0.43s
99/109 DPDK:fast-tests / telemetry_data_autotest OK 0.45s
100/109 DPDK:fast-tests / telemetry_json_autotest OK 0.44s
101/109 DPDK:fast-tests / thash_autotest OK 0.45s
102/109 DPDK:fast-tests / threads_autotest OK 0.62s
103/109 DPDK:fast-tests / ticketlock_autotest OK 0.65s
104/109 DPDK:fast-tests / timer_autotest OK 3.98s
105/109 DPDK:fast-tests / trace_autotest OK 0.44s
106/109 DPDK:fast-tests / trace_autotest_with_traces OK 0.44s
107/109 DPDK:fast-tests / vdev_autotest OK 0.43s
108/109 DPDK:fast-tests / version_autotest OK 0.44s
109/109 DPDK:fast-tests / telemetry_all OK 19.46s
Ok: 102
Expected Fail: 0
Fail: 0
Unexpected Pass: 0
Skipped: 7
Timeout: 0
^ permalink raw reply [flat|nested] 31+ messages in thread
* |SUCCESS| pw158843 [PATCH v2 5/5] test: re-enable format-truncation warnings
[not found] <20251116190035.76123-6-stephen@networkplumber.org>
2025-11-16 18:27 ` |SUCCESS| pw158839-158843 [PATCH v2 5/5] test: re-enable format-truncation warnings qemudev
2025-11-16 18:32 ` qemudev
@ 2025-11-16 19:00 ` checkpatch
2025-11-16 19:51 ` 0-day Robot
` (27 subsequent siblings)
30 siblings, 0 replies; 31+ messages in thread
From: checkpatch @ 2025-11-16 19:00 UTC (permalink / raw)
To: test-report
Test-Label: checkpatch
Test-Status: SUCCESS
http://dpdk.org/patch/158843
_coding style OK_
^ permalink raw reply [flat|nested] 31+ messages in thread
* |SUCCESS| pw158843 [PATCH v2 5/5] test: re-enable format-truncation warnings
[not found] <20251116190035.76123-6-stephen@networkplumber.org>
` (2 preceding siblings ...)
2025-11-16 19:00 ` |SUCCESS| pw158843 " checkpatch
@ 2025-11-16 19:51 ` 0-day Robot
2025-11-16 19:51 ` 0-day Robot
` (26 subsequent siblings)
30 siblings, 0 replies; 31+ messages in thread
From: 0-day Robot @ 2025-11-16 19:51 UTC (permalink / raw)
To: test-report; +Cc: robot
From: robot@bytheb.org
Test-Label: github-robot: build
Test-Status: SUCCESS
http://patchwork.dpdk.org/patch/158843/
_github build: passed_
Build URL: https://github.com/ovsrobot/dpdk/actions/runs/19410660614
^ permalink raw reply [flat|nested] 31+ messages in thread
* |SUCCESS| pw158843 [PATCH v2 5/5] test: re-enable format-truncation warnings
[not found] <20251116190035.76123-6-stephen@networkplumber.org>
` (3 preceding siblings ...)
2025-11-16 19:51 ` 0-day Robot
@ 2025-11-16 19:51 ` 0-day Robot
2025-11-17 4:41 ` |FAILURE| pw158839-158843 [PATCH] [v2,5/5] test: re-enable format-tr dpdklab
` (25 subsequent siblings)
30 siblings, 0 replies; 31+ messages in thread
From: 0-day Robot @ 2025-11-16 19:51 UTC (permalink / raw)
To: test-report; +Cc: robot
From: robot@bytheb.org
Test-Label: github-robot-post
Test-Status: SUCCESS
http://patchwork.dpdk.org/patch/158843/
_github post: success_
HTML Link: https://github.com/ovsrobot/dpdk/pull/443
^ permalink raw reply [flat|nested] 31+ messages in thread
* |FAILURE| pw158839-158843 [PATCH] [v2,5/5] test: re-enable format-tr
[not found] <20251116190035.76123-6-stephen@networkplumber.org>
` (4 preceding siblings ...)
2025-11-16 19:51 ` 0-day Robot
@ 2025-11-17 4:41 ` dpdklab
2025-11-17 4:43 ` dpdklab
` (24 subsequent siblings)
30 siblings, 0 replies; 31+ messages in thread
From: dpdklab @ 2025-11-17 4:41 UTC (permalink / raw)
To: Test Report; +Cc: dpdk-test-reports, Stephen Hemminger
Test-Label: iol-compile-amd64-testing
Test-Status: FAILURE
http://dpdk.org/patch/158843
_Testing issues_
Submitter: Stephen Hemminger <stephen@networkplumber.org>
Date: Sunday, November 16 2025 18:59:33
DPDK git baseline: Repo:dpdk
Branch: master
CommitID:be0112878b4fc3a1b918370ed2fe615c52039d77
158839-158843 --> testing issues
Upstream job id: Generic-VM-DPDK-Compile-Meson#39818
Test environment and result as below:
+-------------------------------+--------------------+------------------+-------------------------+-------------------+
| Environment | dpdk_meson_compile | dpdk_compile_ovs | dpdk_llvm_clang_compile | dpdk_msvc_compile |
+===============================+====================+==================+=========================+===================+
| FreeBSD 14.2 | PEND | SKIPPED | SKIPPED | SKIPPED |
+-------------------------------+--------------------+------------------+-------------------------+-------------------+
| Fedora Linux 42 | PEND | PEND | SKIPPED | SKIPPED |
+-------------------------------+--------------------+------------------+-------------------------+-------------------+
| Ubuntu 20.04 | PEND | SKIPPED | SKIPPED | SKIPPED |
+-------------------------------+--------------------+------------------+-------------------------+-------------------+
| CentOS Stream 9 | PEND | SKIPPED | SKIPPED | SKIPPED |
+-------------------------------+--------------------+------------------+-------------------------+-------------------+
| CentOS Stream 10 | PEND | SKIPPED | SKIPPED | SKIPPED |
+-------------------------------+--------------------+------------------+-------------------------+-------------------+
| openSUSE Leap 15.6 | PEND | SKIPPED | SKIPPED | SKIPPED |
+-------------------------------+--------------------+------------------+-------------------------+-------------------+
| Debian GNU/Linux 12 | PEND | SKIPPED | SKIPPED | SKIPPED |
+-------------------------------+--------------------+------------------+-------------------------+-------------------+
| Red Hat Enterprise Linux 9.5 | PEND | SKIPPED | SKIPPED | SKIPPED |
+-------------------------------+--------------------+------------------+-------------------------+-------------------+
| Ubuntu 22.04 | PEND | SKIPPED | SKIPPED | SKIPPED |
+-------------------------------+--------------------+------------------+-------------------------+-------------------+
| Ubuntu 24.04 | PEND | PEND | SKIPPED | SKIPPED |
+-------------------------------+--------------------+------------------+-------------------------+-------------------+
| Red Hat Enterprise Linux 8.10 | PEND | SKIPPED | SKIPPED | SKIPPED |
+-------------------------------+--------------------+------------------+-------------------------+-------------------+
| Alpine Linux 3.22.0 | PEND | SKIPPED | SKIPPED | SKIPPED |
+-------------------------------+--------------------+------------------+-------------------------+-------------------+
| Windows Server 2022 | SKIPPED | SKIPPED | PEND | PEND |
+-------------------------------+--------------------+------------------+-------------------------+-------------------+
FreeBSD 14.2
Kernel: 14.2-RELEASE
Compiler: clang 18.1.6
Fedora Linux 42
Kernel: 5.15
Compiler: gcc gcc (GCC) 15.2.1 20250808 (Red Hat 15.2.1-1)
Ubuntu 20.04
Kernel: 4.19
Compiler: gcc gcc (Ubuntu 9.4.0-1ubuntu1~20.04.2) 9.4.0
CentOS Stream 9
Kernel: 5.15
Compiler: gcc gcc (GCC) 11.5.0 20240719 (Red Hat 11.5.0-11)
CentOS Stream 10
Kernel: 5.15
Compiler: gcc gcc (GCC) 14.2.1 20250110 (Red Hat 14.2.1-8)
openSUSE Leap 15.6
Kernel: 5.15
Compiler: gcc gcc (SUSE Linux) 7.5.0
Debian GNU/Linux 12
Kernel: 5.15
Compiler: gcc gcc (Debian 12.2.0-14+deb12u1) 12.2.0
Red Hat Enterprise Linux 9.5
Kernel: 5.15
Compiler: gcc gcc (GCC) 11.5.0 20240719 (Red Hat 11.5.0-2)
Ubuntu 22.04
Kernel: 5.15
Compiler: gcc gcc (Ubuntu 11.4.0-1ubuntu1~22.04) 11.4.0
Ubuntu 24.04
Kernel: 5.15
Compiler: gcc gcc (Ubuntu 13.3.0-6ubuntu2~24.04) 13.3.0
Red Hat Enterprise Linux 8.10
Kernel: 5.15
Compiler: gcc gcc (GCC) 8.5.0 20210514 (Red Hat 8.5.0-22)
Alpine Linux 3.22.0
Kernel: 5.15
Compiler: gcc gcc (Alpine 14.2.0) 14.2.0
Windows Server 2022
Kernel: 10.0.20348.2031
Compiler: clang 15.0.7, gcc 14.1.0 (MinGW), and MSVC VS 19.39.33521
To view detailed results, visit:
https://lab.dpdk.org/results/dashboard/patchsets/34614/
UNH-IOL DPDK Community Lab
To manage your email subscriptions, visit:
https://lab.dpdk.org/results/dashboard/preferences/subscriptions/
^ permalink raw reply [flat|nested] 31+ messages in thread
* |FAILURE| pw158839-158843 [PATCH] [v2,5/5] test: re-enable format-tr
[not found] <20251116190035.76123-6-stephen@networkplumber.org>
` (5 preceding siblings ...)
2025-11-17 4:41 ` |FAILURE| pw158839-158843 [PATCH] [v2,5/5] test: re-enable format-tr dpdklab
@ 2025-11-17 4:43 ` dpdklab
2025-11-17 4:44 ` |SUCCESS| " dpdklab
` (23 subsequent siblings)
30 siblings, 0 replies; 31+ messages in thread
From: dpdklab @ 2025-11-17 4:43 UTC (permalink / raw)
To: Test Report; +Cc: dpdk-test-reports, Stephen Hemminger
Test-Label: iol-compile-amd64-testing
Test-Status: FAILURE
http://dpdk.org/patch/158843
_Testing issues_
Submitter: Stephen Hemminger <stephen@networkplumber.org>
Date: Sunday, November 16 2025 18:59:33
DPDK git baseline: Repo:dpdk
Branch: master
CommitID:be0112878b4fc3a1b918370ed2fe615c52039d77
158839-158843 --> testing issues
Upstream job id: Windows-Compile-DPDK-Native#32456
Test environment and result as below:
+-------------------------------+--------------------+------------------+-------------------------+-------------------+
| Environment | dpdk_meson_compile | dpdk_compile_ovs | dpdk_llvm_clang_compile | dpdk_msvc_compile |
+===============================+====================+==================+=========================+===================+
| FreeBSD 14.2 | PEND | SKIPPED | SKIPPED | SKIPPED |
+-------------------------------+--------------------+------------------+-------------------------+-------------------+
| Fedora Linux 42 | PEND | PEND | SKIPPED | SKIPPED |
+-------------------------------+--------------------+------------------+-------------------------+-------------------+
| Ubuntu 20.04 | PEND | SKIPPED | SKIPPED | SKIPPED |
+-------------------------------+--------------------+------------------+-------------------------+-------------------+
| CentOS Stream 9 | PEND | SKIPPED | SKIPPED | SKIPPED |
+-------------------------------+--------------------+------------------+-------------------------+-------------------+
| CentOS Stream 10 | PEND | SKIPPED | SKIPPED | SKIPPED |
+-------------------------------+--------------------+------------------+-------------------------+-------------------+
| openSUSE Leap 15.6 | PEND | SKIPPED | SKIPPED | SKIPPED |
+-------------------------------+--------------------+------------------+-------------------------+-------------------+
| Debian GNU/Linux 12 | PEND | SKIPPED | SKIPPED | SKIPPED |
+-------------------------------+--------------------+------------------+-------------------------+-------------------+
| Red Hat Enterprise Linux 9.5 | PEND | SKIPPED | SKIPPED | SKIPPED |
+-------------------------------+--------------------+------------------+-------------------------+-------------------+
| Ubuntu 22.04 | PEND | SKIPPED | SKIPPED | SKIPPED |
+-------------------------------+--------------------+------------------+-------------------------+-------------------+
| Ubuntu 24.04 | PEND | PEND | SKIPPED | SKIPPED |
+-------------------------------+--------------------+------------------+-------------------------+-------------------+
| Red Hat Enterprise Linux 8.10 | PEND | SKIPPED | SKIPPED | SKIPPED |
+-------------------------------+--------------------+------------------+-------------------------+-------------------+
| Alpine Linux 3.22.0 | PEND | SKIPPED | SKIPPED | SKIPPED |
+-------------------------------+--------------------+------------------+-------------------------+-------------------+
| Windows Server 2022 | SKIPPED | SKIPPED | PASS | PEND |
+-------------------------------+--------------------+------------------+-------------------------+-------------------+
FreeBSD 14.2
Kernel: 14.2-RELEASE
Compiler: clang 18.1.6
Fedora Linux 42
Kernel: 5.15
Compiler: gcc gcc (GCC) 15.2.1 20250808 (Red Hat 15.2.1-1)
Ubuntu 20.04
Kernel: 4.19
Compiler: gcc gcc (Ubuntu 9.4.0-1ubuntu1~20.04.2) 9.4.0
CentOS Stream 9
Kernel: 5.15
Compiler: gcc gcc (GCC) 11.5.0 20240719 (Red Hat 11.5.0-11)
CentOS Stream 10
Kernel: 5.15
Compiler: gcc gcc (GCC) 14.2.1 20250110 (Red Hat 14.2.1-8)
openSUSE Leap 15.6
Kernel: 5.15
Compiler: gcc gcc (SUSE Linux) 7.5.0
Debian GNU/Linux 12
Kernel: 5.15
Compiler: gcc gcc (Debian 12.2.0-14+deb12u1) 12.2.0
Red Hat Enterprise Linux 9.5
Kernel: 5.15
Compiler: gcc gcc (GCC) 11.5.0 20240719 (Red Hat 11.5.0-2)
Ubuntu 22.04
Kernel: 5.15
Compiler: gcc gcc (Ubuntu 11.4.0-1ubuntu1~22.04) 11.4.0
Ubuntu 24.04
Kernel: 5.15
Compiler: gcc gcc (Ubuntu 13.3.0-6ubuntu2~24.04) 13.3.0
Red Hat Enterprise Linux 8.10
Kernel: 5.15
Compiler: gcc gcc (GCC) 8.5.0 20210514 (Red Hat 8.5.0-22)
Alpine Linux 3.22.0
Kernel: 5.15
Compiler: gcc gcc (Alpine 14.2.0) 14.2.0
Windows Server 2022
Kernel: 10.0.20348.2031
Compiler: clang 15.0.7, gcc 14.1.0 (MinGW), and MSVC VS 19.39.33521
To view detailed results, visit:
https://lab.dpdk.org/results/dashboard/patchsets/34614/
UNH-IOL DPDK Community Lab
To manage your email subscriptions, visit:
https://lab.dpdk.org/results/dashboard/preferences/subscriptions/
^ permalink raw reply [flat|nested] 31+ messages in thread
* |SUCCESS| pw158839-158843 [PATCH] [v2,5/5] test: re-enable format-tr
[not found] <20251116190035.76123-6-stephen@networkplumber.org>
` (6 preceding siblings ...)
2025-11-17 4:43 ` dpdklab
@ 2025-11-17 4:44 ` dpdklab
2025-11-17 4:44 ` |FAILURE| " dpdklab
` (22 subsequent siblings)
30 siblings, 0 replies; 31+ messages in thread
From: dpdklab @ 2025-11-17 4:44 UTC (permalink / raw)
To: Test Report; +Cc: dpdk-test-reports
Test-Label: iol-mellanox-Functional
Test-Status: SUCCESS
http://dpdk.org/patch/158843
_Functional Testing PASS_
Submitter: Stephen Hemminger <stephen@networkplumber.org>
Date: Sunday, November 16 2025 18:59:33
DPDK git baseline: Repo:dpdk
Branch: master
CommitID:be0112878b4fc3a1b918370ed2fe615c52039d77
158839-158843 --> functional testing pass
Upstream job id: Template-DPDK-DTS-Pipeline#3355
Test environment and result as below:
Ubuntu 24.04
Kernel: 6.8.0-55-generic
Compiler: gcc 13.3.0
NIC: Mellanox ConnectX-5 100000 Mbps
Aggregate Results by Test Suite
+---------------------------------+--------+
| Test Suite | Result |
+=================================+========+
| blocklist | PASS |
+---------------------------------+--------+
| promisc_support | PASS |
+---------------------------------+--------+
| uni_pkt | PASS |
+---------------------------------+--------+
| dynamic_config | PASS |
+---------------------------------+--------+
| hello_world | PASS |
+---------------------------------+--------+
| l2fwd | PASS |
+---------------------------------+--------+
| port_restart_config_persistency | PASS |
+---------------------------------+--------+
| softnic | PASS |
+---------------------------------+--------+
| vlan | PASS |
+---------------------------------+--------+
To view detailed results, visit:
https://lab.dpdk.org/results/dashboard/patchsets/34614/
UNH-IOL DPDK Community Lab
To manage your email subscriptions, visit:
https://lab.dpdk.org/results/dashboard/preferences/subscriptions/
^ permalink raw reply [flat|nested] 31+ messages in thread
* |FAILURE| pw158839-158843 [PATCH] [v2,5/5] test: re-enable format-tr
[not found] <20251116190035.76123-6-stephen@networkplumber.org>
` (7 preceding siblings ...)
2025-11-17 4:44 ` |SUCCESS| " dpdklab
@ 2025-11-17 4:44 ` dpdklab
2025-11-17 4:44 ` dpdklab
` (21 subsequent siblings)
30 siblings, 0 replies; 31+ messages in thread
From: dpdklab @ 2025-11-17 4:44 UTC (permalink / raw)
To: Test Report; +Cc: dpdk-test-reports, Stephen Hemminger
Test-Label: iol-compile-amd64-testing
Test-Status: FAILURE
http://dpdk.org/patch/158843
_Testing issues_
Submitter: Stephen Hemminger <stephen@networkplumber.org>
Date: Sunday, November 16 2025 18:59:33
DPDK git baseline: Repo:dpdk
Branch: master
CommitID:be0112878b4fc3a1b918370ed2fe615c52039d77
158839-158843 --> testing issues
Upstream job id: Generic-VM-DPDK-Compile-Meson#39819
Test environment and result as below:
+-------------------------------+--------------------+------------------+-------------------------+-------------------+----------------------+
| Environment | dpdk_meson_compile | dpdk_compile_ovs | dpdk_llvm_clang_compile | dpdk_msvc_compile | dpdk_mingw64_compile |
+===============================+====================+==================+=========================+===================+======================+
| FreeBSD 14.2 | FAIL | SKIPPED | SKIPPED | SKIPPED | SKIPPED |
+-------------------------------+--------------------+------------------+-------------------------+-------------------+----------------------+
| Fedora Linux 42 | PEND | PEND | SKIPPED | SKIPPED | SKIPPED |
+-------------------------------+--------------------+------------------+-------------------------+-------------------+----------------------+
| Ubuntu 20.04 | PEND | SKIPPED | SKIPPED | SKIPPED | SKIPPED |
+-------------------------------+--------------------+------------------+-------------------------+-------------------+----------------------+
| CentOS Stream 9 | PEND | SKIPPED | SKIPPED | SKIPPED | SKIPPED |
+-------------------------------+--------------------+------------------+-------------------------+-------------------+----------------------+
| CentOS Stream 10 | PEND | SKIPPED | SKIPPED | SKIPPED | SKIPPED |
+-------------------------------+--------------------+------------------+-------------------------+-------------------+----------------------+
| openSUSE Leap 15.6 | PEND | SKIPPED | SKIPPED | SKIPPED | SKIPPED |
+-------------------------------+--------------------+------------------+-------------------------+-------------------+----------------------+
| Debian GNU/Linux 12 | PEND | SKIPPED | SKIPPED | SKIPPED | SKIPPED |
+-------------------------------+--------------------+------------------+-------------------------+-------------------+----------------------+
| Red Hat Enterprise Linux 9.5 | PEND | SKIPPED | SKIPPED | SKIPPED | SKIPPED |
+-------------------------------+--------------------+------------------+-------------------------+-------------------+----------------------+
| Ubuntu 22.04 | PEND | SKIPPED | SKIPPED | SKIPPED | SKIPPED |
+-------------------------------+--------------------+------------------+-------------------------+-------------------+----------------------+
| Ubuntu 24.04 | PEND | PEND | SKIPPED | SKIPPED | SKIPPED |
+-------------------------------+--------------------+------------------+-------------------------+-------------------+----------------------+
| Red Hat Enterprise Linux 8.10 | PEND | SKIPPED | SKIPPED | SKIPPED | SKIPPED |
+-------------------------------+--------------------+------------------+-------------------------+-------------------+----------------------+
| Alpine Linux 3.22.0 | PEND | SKIPPED | SKIPPED | SKIPPED | SKIPPED |
+-------------------------------+--------------------+------------------+-------------------------+-------------------+----------------------+
| Windows Server 2022 | SKIPPED | SKIPPED | PASS | PEND | PEND |
+-------------------------------+--------------------+------------------+-------------------------+-------------------+----------------------+
==== 20 line log output for FreeBSD 14.2 (dpdk_meson_compile): ====
../app/test/test_eal_flags.c:788:34: error: incompatible pointer types initializing 'const char *' with an expression of type 'int (char *, size_t, vm_offset_t, int)' (aka 'int (char *, unsigned long, unsigned long, int)') [-Werror,-Wincompatible-pointer-types]
788 | const char *argv1[] = {prgname, prefix, mp_flag, no_hpet};
| ^~~~~~
../app/test/test_eal_flags.c:790:34: error: use of undeclared identifier 'prefix'; did you mean 'profil'?
790 | const char *argv2[] = {prgname, prefix, mp_flag};
| ^~~~~~
| profil
/usr/include/unistd.h:547:6: note: 'profil' declared here
547 | int profil(char *, size_t, vm_offset_t, int);
| ^
../app/test/test_eal_flags.c:790:34: error: incompatible pointer types initializing 'const char *' with an expression of type 'int (char *, size_t, vm_offset_t, int)' (aka 'int (char *, unsigned long, unsigned long, int)') [-Werror,-Wincompatible-pointer-types]
790 | const char *argv2[] = {prgname, prefix, mp_flag};
| ^~~~~~
4 errors generated.
[1986/2125] Compiling C object app/dpdk-test.p/test_test_dmadev.c.o
[1987/2125] Compiling C object app/dpdk-test.p/test_test_dmadev_api.c.o
[1988/2125] Compiling C object app/dpdk-test.p/test_test_distributor.c.o
[1989/2125] Compiling C object app/dpdk-test.p/test_test_efd.c.o
[1990/2125] Compiling C object app/dpdk-test.p/test_test_cryptodev.c.o
ninja: build stopped: subcommand failed.
==== End log output ====
FreeBSD 14.2
Kernel: 14.2-RELEASE
Compiler: clang 18.1.6
Fedora Linux 42
Kernel: 5.15
Compiler: gcc gcc (GCC) 15.2.1 20250808 (Red Hat 15.2.1-1)
Ubuntu 20.04
Kernel: 4.19
Compiler: gcc gcc (Ubuntu 9.4.0-1ubuntu1~20.04.2) 9.4.0
CentOS Stream 9
Kernel: 5.15
Compiler: gcc gcc (GCC) 11.5.0 20240719 (Red Hat 11.5.0-11)
CentOS Stream 10
Kernel: 5.15
Compiler: gcc gcc (GCC) 14.2.1 20250110 (Red Hat 14.2.1-8)
openSUSE Leap 15.6
Kernel: 5.15
Compiler: gcc gcc (SUSE Linux) 7.5.0
Debian GNU/Linux 12
Kernel: 5.15
Compiler: gcc gcc (Debian 12.2.0-14+deb12u1) 12.2.0
Red Hat Enterprise Linux 9.5
Kernel: 5.15
Compiler: gcc gcc (GCC) 11.5.0 20240719 (Red Hat 11.5.0-2)
Ubuntu 22.04
Kernel: 5.15
Compiler: gcc gcc (Ubuntu 11.4.0-1ubuntu1~22.04) 11.4.0
Ubuntu 24.04
Kernel: 5.15
Compiler: gcc gcc (Ubuntu 13.3.0-6ubuntu2~24.04) 13.3.0
Red Hat Enterprise Linux 8.10
Kernel: 5.15
Compiler: gcc gcc (GCC) 8.5.0 20210514 (Red Hat 8.5.0-22)
Alpine Linux 3.22.0
Kernel: 5.15
Compiler: gcc gcc (Alpine 14.2.0) 14.2.0
Windows Server 2022
Kernel: 10.0.20348.2031
Compiler: clang 15.0.7, gcc 14.1.0 (MinGW), and MSVC VS 19.39.33521
To view detailed results, visit:
https://lab.dpdk.org/results/dashboard/patchsets/34614/
UNH-IOL DPDK Community Lab
To manage your email subscriptions, visit:
https://lab.dpdk.org/results/dashboard/preferences/subscriptions/
^ permalink raw reply [flat|nested] 31+ messages in thread
* |FAILURE| pw158839-158843 [PATCH] [v2,5/5] test: re-enable format-tr
[not found] <20251116190035.76123-6-stephen@networkplumber.org>
` (8 preceding siblings ...)
2025-11-17 4:44 ` |FAILURE| " dpdklab
@ 2025-11-17 4:44 ` dpdklab
2025-11-17 4:45 ` |PENDING| " dpdklab
` (20 subsequent siblings)
30 siblings, 0 replies; 31+ messages in thread
From: dpdklab @ 2025-11-17 4:44 UTC (permalink / raw)
To: Test Report; +Cc: dpdk-test-reports, Stephen Hemminger
Test-Label: iol-unit-amd64-testing
Test-Status: FAILURE
http://dpdk.org/patch/158843
_Testing issues_
Submitter: Stephen Hemminger <stephen@networkplumber.org>
Date: Sunday, November 16 2025 18:59:33
DPDK git baseline: Repo:dpdk
Branch: master
CommitID:be0112878b4fc3a1b918370ed2fe615c52039d77
158839-158843 --> testing issues
Upstream job id: Generic-Unit-Test-DPDK#393479
Test environment and result as below:
+-------------------------------+----------------+
| Environment | dpdk_unit_test |
+===============================+================+
| Red Hat Enterprise Linux 8.10 | WARN |
+-------------------------------+----------------+
| Fedora Linux 42 | PEND |
+-------------------------------+----------------+
| Debian GNU/Linux 12 | PASS |
+-------------------------------+----------------+
| CentOS Stream 9 | PEND |
+-------------------------------+----------------+
| Red Hat Enterprise Linux 9.5 | PEND |
+-------------------------------+----------------+
| Ubuntu 24.04 | PEND |
+-------------------------------+----------------+
| Ubuntu 20.04 | PEND |
+-------------------------------+----------------+
| CentOS Stream 10 | PEND |
+-------------------------------+----------------+
| Fedora Linux 40 | PEND |
+-------------------------------+----------------+
| Fedora Linux 41 | PEND |
+-------------------------------+----------------+
| Ubuntu 22.04 | PEND |
+-------------------------------+----------------+
| Windows Server 2022 | PEND |
+-------------------------------+----------------+
==== 20 line log output for Red Hat Enterprise Linux 8.10 (dpdk_unit_test): ====
[3435/3619] Compiling C object app/dpdk-test.p/test_commands.c.o
[3436/3619] Compiling C object app/dpdk-test.p/test_sample_packet_forward.c.o
[3437/3619] Compiling C object app/dpdk-test.p/test_test_bitcount.c.o
[3438/3619] Compiling C object app/dpdk-test.p/test_test_acl.c.o
[3439/3619] Compiling C object app/dpdk-test.p/test_test_bitmap.c.o
[3440/3619] Compiling C object app/dpdk-test.p/test_test_cfgfile.c.o
FAILED: app/dpdk-test.p/test_test_cfgfile.c.o
ccache cc -Iapp/dpdk-test.p -Iapp -I../app -Ilib/cmdline -I../lib/cmdline -Ilib/eal/common -I../lib/eal/common -I. -I.. -Iconfig -I../config -Ilib/eal/include -I../lib/eal/include -Ilib/eal/linux/include -I../lib/eal/linux/include -Ilib/eal/x86/include -I../lib/eal/x86/include -I../kernel/linux -Ilib/eal -I../lib/eal -Ilib/kvargs -I../lib/kvargs -Ilib/log -I../lib/log -Ilib/metrics -I../lib/metrics -Ilib/telemetry -I../lib/telemetry -Ilib/argparse -I../lib/argparse -Ilib/net -I../lib/net -Ilib/mbuf -I../lib/mbuf -Ilib/mempool -I../lib/mempool -Ilib/ring -I../lib/ring -Idrivers/net/ring -I../drivers/net/ring -Ilib/ethdev -I../lib/ethdev -Ilib/meter -I../lib/meter -Idrivers/bus/pci -I../drivers/bus/pci -I../drivers/bus/pci/linux -Ilib/pci -I../lib/pci -Idrivers/bus/vdev -I../drivers/bus/vdev -Ilib/acl -I../lib/acl -Ilib/hash -I../lib/hash -Ilib/rcu -I../lib/rcu -Ilib/bitratestats -I../lib/bitratestats -Ilib/bpf -I../lib/bpf -Ilib/cfgfile -I../lib/cfgfile -Ilib/compressdev -I../lib/comp
ressdev -Ilib/cryptodev -I../lib/cryptodev -Ilib/security -I../lib/security -Ilib/dispatcher -I../lib/dispatcher -Ilib/eventdev -I../lib/eventdev -Ilib/timer -I../lib/timer -Ilib/dmadev -I../lib/dmadev -Ilib/distributor -I../lib/distributor -Ilib/efd -I../lib/efd -Ilib/fib -I../lib/fib -Ilib/rib -I../lib/rib -Ilib/table -I../lib/table -Ilib/port -I../lib/port -Ilib/sched -I../lib/sched -Ilib/ip_frag -I../lib/ip_frag -Ilib/lpm -I../lib/lpm -Ilib/graph -I../lib/graph -Ilib/pcapng -I../lib/pcapng -Ilib/ipsec -I../lib/ipsec -Ilib/latencystats -I../lib/latencystats -Idrivers/net/bonding -I../drivers/net/bonding -Ilib/member -I../lib/member -Ilib/pdcp -I../lib/pdcp -Ilib/reorder -I../lib/reorder -Ilib/pdump -I../lib/pdump -Ilib/pmu -I../lib/pmu -Ilib/power -I../lib/power -Idrivers/power/acpi -I../drivers/power/acpi -Idrivers/power/kvm_vm -I../drivers/power/kvm_vm -Idrivers/power/intel_pstate -I../drivers/power/intel_pstate -Idrivers/power/amd_pstate -I../drivers/power/amd_pstate -Idrivers
/power/cppc -I../drivers/power/cppc -Idrivers/power/intel_uncore -I../drivers/power/intel_uncore -Ilib/ptr_compress -I../lib/ptr_compress -Ilib/rawdev -I../lib/rawdev -Idrivers/raw/skeleton -I../drivers/raw/skeleton -Ilib/stack -I../lib/stack -Ilib/pipeline -I../lib/pipeline -Idrivers/crypto/scheduler -I../drivers/crypto/scheduler -Iapp/test/test_cfgfiles -fdiagnostics-color=always -pipe -D_FILE_OFFSET_BITS=64 -Wall -Winvalid-pch -Wextra -Werror -std=c11 -O3 -include rte_config.h -Wvla -Wcast-qual -Wdeprecated -Wformat -Wformat-nonliteral -Wformat-security -Wmissing-declarations -Wmissing-prototypes -Wnested-externs -Wold-style-definition -Wpointer-arith -Wsign-compare -Wstrict-prototypes -Wundef -Wwrite-strings -Wno-packed-not-aligned -Wno-missing-field-initializers -D_GNU_SOURCE -march=native -mrtm -DALLOW_EXPERIMENTAL_API -Wno-vla -fno-strict-aliasing -DALLOW_INTERNAL_API -MD -MQ app/dpdk-test.p/test_test_cfgfile.c.o -MF app/dpdk-test.p/test_test_cfgfile.c.o.d -o app/dpdk-test.p/
test_test_cfgfile.c.o -c ../app/test/test_cfgfile.c
../app/test/test_cfgfile.c: In function 'test_cfgfile_realloc_sections':
../app/test/test_cfgfile.c:186:42: error: '%s' directive output may be truncated writing 12 bytes into a region of size between 1 and 4096 [-Werror=format-truncation=]
snprintf(filename, sizeof(filename), "%s%s", tmp, "cfg_save.ini");
^~ ~~~~~~~~~~~~~~
../app/test/test_cfgfile.c:186:2: note: 'snprintf' output between 13 and 4108 bytes into a destination of size 4096
snprintf(filename, sizeof(filename), "%s%s", tmp, "cfg_save.ini");
^~~~~~~~~~~~~~~~~~~~~~~~~~~~~~~~~~~~~~~~~~~~~~~~~~~~~~~~~~~~~~~~~
cc1: all warnings being treated as errors
[3441/3619] Compiling C object app/dpdk-test.p/test_test_bitratestats.c.o
[3442/3619] Compiling C object app/dpdk-test.p/test_test_cksum.c.o
[3443/3619] Compiling C object app/dpdk-test.p/test_test_bitops.c.o
ninja: build stopped: subcommand failed.
==== End log output ====
Red Hat Enterprise Linux 8.10
Kernel: 5.15
Compiler: gcc gcc (GCC) 8.5.0 20210514 (Red Hat 8.5.0-22)
Fedora Linux 42
Kernel: 5.15
Compiler: gcc gcc (GCC) 15.2.1 20250808 (Red Hat 15.2.1-1)
Debian GNU/Linux 12
Kernel: 5.15
Compiler: gcc gcc (Debian 12.2.0-14+deb12u1) 12.2.0
CentOS Stream 9
Kernel: 5.15
Compiler: gcc gcc (GCC) 11.5.0 20240719 (Red Hat 11.5.0-11)
Red Hat Enterprise Linux 9.5
Kernel: 5.15
Compiler: gcc gcc (GCC) 11.5.0 20240719 (Red Hat 11.5.0-2)
Ubuntu 24.04
Kernel: 5.15
Compiler: gcc gcc (Ubuntu 13.3.0-6ubuntu2~24.04) 13.3.0
Ubuntu 20.04
Kernel: 5.15
Compiler: gcc gcc (Ubuntu 9.4.0-1ubuntu1~20.04.2) 9.4.0
CentOS Stream 10
Kernel: 5.15
Compiler: gcc gcc (GCC) 14.2.1 20250110 (Red Hat 14.2.1-8)
Fedora Linux 40
Kernel: 5.15
Compiler: gcc gcc (GCC) 14.2.1 20240912 (Red Hat 14.2.1-3)
Fedora Linux 41
Kernel: 5.15
Compiler: gcc gcc (GCC) 14.3.1 20250523 (Red Hat 14.3.1-1)
Ubuntu 22.04
Kernel: 5.15
Compiler: gcc gcc (Ubuntu 11.4.0-1ubuntu1~22.04) 11.4.0
Windows Server 2022
Kernel: 10.0.20348.2031
Compiler: clang 15.0.7, gcc 14.1.0 (MinGW), and MSVC VS 19.39.33521
To view detailed results, visit:
https://lab.dpdk.org/results/dashboard/patchsets/34614/
UNH-IOL DPDK Community Lab
To manage your email subscriptions, visit:
https://lab.dpdk.org/results/dashboard/preferences/subscriptions/
^ permalink raw reply [flat|nested] 31+ messages in thread
* |PENDING| pw158839-158843 [PATCH] [v2,5/5] test: re-enable format-tr
[not found] <20251116190035.76123-6-stephen@networkplumber.org>
` (9 preceding siblings ...)
2025-11-17 4:44 ` dpdklab
@ 2025-11-17 4:45 ` dpdklab
2025-11-17 4:47 ` dpdklab
` (19 subsequent siblings)
30 siblings, 0 replies; 31+ messages in thread
From: dpdklab @ 2025-11-17 4:45 UTC (permalink / raw)
To: Test Report; +Cc: dpdk-test-reports
Test-Label: iol-unit-arm64-testing
Test-Status: PENDING
http://dpdk.org/patch/158843
_Testing pending_
Submitter: Stephen Hemminger <stephen@networkplumber.org>
Date: Sunday, November 16 2025 18:59:33
DPDK git baseline: Repo:dpdk
Branch: master
CommitID:be0112878b4fc3a1b918370ed2fe615c52039d77
158839-158843 --> testing pending
Upstream job id: Generic-Unit-Test-DPDK#393475
Test environment and result as below:
+------------------------------+---------------------------+------------------------------+--------------+----------------+
| Environment | cryptodev_sw_zuc_autotest | cryptodev_sw_snow3g_autotest | lpm_autotest | dpdk_unit_test |
+==============================+===========================+==============================+==============+================+
| Debian 12 (arm) | PEND | PASS | SKIPPED | SKIPPED |
+------------------------------+---------------------------+------------------------------+--------------+----------------+
| Ubuntu 20.04 | SKIPPED | SKIPPED | PEND | PEND |
+------------------------------+---------------------------+------------------------------+--------------+----------------+
| Fedora Linux 42 | SKIPPED | SKIPPED | SKIPPED | PEND |
+------------------------------+---------------------------+------------------------------+--------------+----------------+
| Fedora Linux 41 | SKIPPED | SKIPPED | SKIPPED | PEND |
+------------------------------+---------------------------+------------------------------+--------------+----------------+
| Debian GNU/Linux 12 | SKIPPED | SKIPPED | SKIPPED | PEND |
+------------------------------+---------------------------+------------------------------+--------------+----------------+
| Red Hat Enterprise Linux 9.5 | SKIPPED | SKIPPED | SKIPPED | PEND |
+------------------------------+---------------------------+------------------------------+--------------+----------------+
| Fedora Linux 40 | SKIPPED | SKIPPED | SKIPPED | PEND |
+------------------------------+---------------------------+------------------------------+--------------+----------------+
| CentOS Stream 9 | SKIPPED | SKIPPED | SKIPPED | PEND |
+------------------------------+---------------------------+------------------------------+--------------+----------------+
| CentOS Stream 10 | SKIPPED | SKIPPED | SKIPPED | PEND |
+------------------------------+---------------------------+------------------------------+--------------+----------------+
| Ubuntu 22.04 | SKIPPED | SKIPPED | SKIPPED | PEND |
+------------------------------+---------------------------+------------------------------+--------------+----------------+
| Ubuntu 24.04 | SKIPPED | SKIPPED | SKIPPED | PEND |
+------------------------------+---------------------------+------------------------------+--------------+----------------+
Debian 12 (arm)
Kernel: Depends on container host
Compiler: gcc (Debian 12.2.0-14) 12.2.0
Ubuntu 20.04
Kernel: 5.4
Compiler: gcc gcc (Ubuntu 9.4.0-1ubuntu1~20.04.2) 9.4.0
Fedora Linux 42
Kernel: 5.4
Compiler: clang gcc (GCC) 15.2.1 20250808 (Red Hat 15.2.1-1)
Fedora Linux 41
Kernel: 5.4
Compiler: gcc gcc (GCC) 14.3.1 20250523 (Red Hat 14.3.1-1)
Debian GNU/Linux 12
Kernel: 5.4
Compiler: gcc gcc (Debian 12.2.0-14+deb12u1) 12.2.0
Red Hat Enterprise Linux 9.5
Kernel: 5.4
Compiler: gcc gcc (GCC) 11.5.0 20240719 (Red Hat 11.5.0-2)
Fedora Linux 40
Kernel: 5.4
Compiler: clang gcc (GCC) 14.2.1 20240912 (Red Hat 14.2.1-3)
CentOS Stream 9
Kernel: 5.4
Compiler: gcc gcc (GCC) 11.5.0 20240719 (Red Hat 11.5.0-11)
CentOS Stream 10
Kernel: 5.4
Compiler: gcc gcc (GCC) 14.2.1 20250110 (Red Hat 14.2.1-8)
Ubuntu 22.04
Kernel: 5.4
Compiler: gcc gcc (Ubuntu 11.4.0-1ubuntu1~22.04) 11.4.0
Ubuntu 24.04
Kernel: 5.4
Compiler: gcc gcc (Ubuntu 13.3.0-6ubuntu2~24.04) 13.3.0
To view detailed results, visit:
https://lab.dpdk.org/results/dashboard/patchsets/34614/
UNH-IOL DPDK Community Lab
To manage your email subscriptions, visit:
https://lab.dpdk.org/results/dashboard/preferences/subscriptions/
^ permalink raw reply [flat|nested] 31+ messages in thread
* |PENDING| pw158839-158843 [PATCH] [v2,5/5] test: re-enable format-tr
[not found] <20251116190035.76123-6-stephen@networkplumber.org>
` (10 preceding siblings ...)
2025-11-17 4:45 ` |PENDING| " dpdklab
@ 2025-11-17 4:47 ` dpdklab
2025-11-17 4:49 ` |SUCCESS| " dpdklab
` (18 subsequent siblings)
30 siblings, 0 replies; 31+ messages in thread
From: dpdklab @ 2025-11-17 4:47 UTC (permalink / raw)
To: Test Report; +Cc: dpdk-test-reports
Test-Label: iol-compile-arm64-testing
Test-Status: PENDING
http://dpdk.org/patch/158843
_Testing pending_
Submitter: Stephen Hemminger <stephen@networkplumber.org>
Date: Sunday, November 16 2025 18:59:33
DPDK git baseline: Repo:dpdk
Branch: master
CommitID:be0112878b4fc3a1b918370ed2fe615c52039d77
158839-158843 --> testing pending
Upstream job id: Generic-DPDK-Compile-Meson#445215
Test environment and result as below:
+------------------------------+--------------------+
| Environment | dpdk_meson_compile |
+==============================+====================+
| Red Hat Enterprise Linux 9.5 | PEND |
+------------------------------+--------------------+
| Fedora Linux 42 | PEND |
+------------------------------+--------------------+
| Debian GNU/Linux 12 | PEND |
+------------------------------+--------------------+
| Ubuntu 20.04 | PEND |
+------------------------------+--------------------+
| Ubuntu 24.04 | PEND |
+------------------------------+--------------------+
| CentOS Stream 9 | PEND |
+------------------------------+--------------------+
| CentOS Stream 10 | PEND |
+------------------------------+--------------------+
| Ubuntu 22.04 | PEND |
+------------------------------+--------------------+
Red Hat Enterprise Linux 9.5
Kernel: 5.4
Compiler: gcc gcc (GCC) 11.5.0 20240719 (Red Hat 11.5.0-2)
Fedora Linux 42
Kernel: 5.4
Compiler: gcc gcc (GCC) 15.2.1 20250808 (Red Hat 15.2.1-1)
Debian GNU/Linux 12
Kernel: 5.4
Compiler: gcc gcc (Debian 12.2.0-14+deb12u1) 12.2.0
Ubuntu 20.04
Kernel: 5.15
Compiler: gcc gcc (Ubuntu 9.4.0-1ubuntu1~20.04.2) 9.4.0
Ubuntu 24.04
Kernel: 5.4
Compiler: gcc gcc (Ubuntu 13.3.0-6ubuntu2~24.04) 13.3.0
CentOS Stream 9
Kernel: 5.4
Compiler: gcc gcc (GCC) 11.5.0 20240719 (Red Hat 11.5.0-11)
CentOS Stream 10
Kernel: 5.4
Compiler: gcc gcc (GCC) 14.2.1 20250110 (Red Hat 14.2.1-8)
Ubuntu 22.04
Kernel: 5.4
Compiler: gcc gcc (Ubuntu 11.4.0-1ubuntu1~22.04) 11.4.0
To view detailed results, visit:
https://lab.dpdk.org/results/dashboard/patchsets/34614/
UNH-IOL DPDK Community Lab
To manage your email subscriptions, visit:
https://lab.dpdk.org/results/dashboard/preferences/subscriptions/
^ permalink raw reply [flat|nested] 31+ messages in thread
* |SUCCESS| pw158839-158843 [PATCH] [v2,5/5] test: re-enable format-tr
[not found] <20251116190035.76123-6-stephen@networkplumber.org>
` (11 preceding siblings ...)
2025-11-17 4:47 ` dpdklab
@ 2025-11-17 4:49 ` dpdklab
2025-11-17 4:50 ` |FAILURE| " dpdklab
` (17 subsequent siblings)
30 siblings, 0 replies; 31+ messages in thread
From: dpdklab @ 2025-11-17 4:49 UTC (permalink / raw)
To: Test Report; +Cc: dpdk-test-reports
Test-Label: iol-marvell-Functional
Test-Status: SUCCESS
http://dpdk.org/patch/158843
_Functional Testing PASS_
Submitter: Stephen Hemminger <stephen@networkplumber.org>
Date: Sunday, November 16 2025 18:59:33
DPDK git baseline: Repo:dpdk
Branch: master
CommitID:be0112878b4fc3a1b918370ed2fe615c52039d77
158839-158843 --> functional testing pass
Upstream job id: Template-DTS-Pipeline#255256
Test environment and result as below:
Ubuntu 20.04.6
Kernel: 5.4.105
Compiler: gcc 9.4
NIC: Marvell CN106XX 50000 Mbps
Target: arm64-native-linuxapp-gcc
Aggregate Results by Test Suite
+----------------+--------+
| Test Suite | Result |
+================+========+
| cmdline | PASS |
+----------------+--------+
| rxtx_callbacks | PASS |
+----------------+--------+
To view detailed results, visit:
https://lab.dpdk.org/results/dashboard/patchsets/34614/
UNH-IOL DPDK Community Lab
To manage your email subscriptions, visit:
https://lab.dpdk.org/results/dashboard/preferences/subscriptions/
^ permalink raw reply [flat|nested] 31+ messages in thread
* |FAILURE| pw158839-158843 [PATCH] [v2,5/5] test: re-enable format-tr
[not found] <20251116190035.76123-6-stephen@networkplumber.org>
` (12 preceding siblings ...)
2025-11-17 4:49 ` |SUCCESS| " dpdklab
@ 2025-11-17 4:50 ` dpdklab
2025-11-17 4:51 ` dpdklab
` (16 subsequent siblings)
30 siblings, 0 replies; 31+ messages in thread
From: dpdklab @ 2025-11-17 4:50 UTC (permalink / raw)
To: Test Report; +Cc: dpdk-test-reports, Stephen Hemminger
Test-Label: iol-compile-arm64-testing
Test-Status: FAILURE
http://dpdk.org/patch/158843
_Testing issues_
Submitter: Stephen Hemminger <stephen@networkplumber.org>
Date: Sunday, November 16 2025 18:59:33
DPDK git baseline: Repo:dpdk
Branch: master
CommitID:be0112878b4fc3a1b918370ed2fe615c52039d77
158839-158843 --> testing issues
Upstream job id: Generic-DPDK-Compile-Meson#445216
Test environment and result as below:
+------------------------------+--------------------+
| Environment | dpdk_meson_compile |
+==============================+====================+
| Red Hat Enterprise Linux 9.5 | PEND |
+------------------------------+--------------------+
| Fedora Linux 42 | PEND |
+------------------------------+--------------------+
| Debian GNU/Linux 12 | PEND |
+------------------------------+--------------------+
| Ubuntu 20.04 | PEND |
+------------------------------+--------------------+
| Ubuntu 24.04 | PEND |
+------------------------------+--------------------+
| CentOS Stream 9 | PEND |
+------------------------------+--------------------+
| CentOS Stream 10 | PEND |
+------------------------------+--------------------+
| Ubuntu 22.04 | PEND |
+------------------------------+--------------------+
Red Hat Enterprise Linux 9.5
Kernel: 5.4
Compiler: gcc gcc (GCC) 11.5.0 20240719 (Red Hat 11.5.0-2)
Fedora Linux 42
Kernel: 5.4
Compiler: gcc gcc (GCC) 15.2.1 20250808 (Red Hat 15.2.1-1)
Debian GNU/Linux 12
Kernel: 5.4
Compiler: gcc gcc (Debian 12.2.0-14+deb12u1) 12.2.0
Ubuntu 20.04
Kernel: 5.15
Compiler: gcc gcc (Ubuntu 9.4.0-1ubuntu1~20.04.2) 9.4.0
Ubuntu 24.04
Kernel: 5.4
Compiler: gcc gcc (Ubuntu 13.3.0-6ubuntu2~24.04) 13.3.0
CentOS Stream 9
Kernel: 5.4
Compiler: gcc gcc (GCC) 11.5.0 20240719 (Red Hat 11.5.0-11)
CentOS Stream 10
Kernel: 5.4
Compiler: gcc gcc (GCC) 14.2.1 20250110 (Red Hat 14.2.1-8)
Ubuntu 22.04
Kernel: 5.4
Compiler: gcc gcc (Ubuntu 11.4.0-1ubuntu1~22.04) 11.4.0
To view detailed results, visit:
https://lab.dpdk.org/results/dashboard/patchsets/34614/
UNH-IOL DPDK Community Lab
To manage your email subscriptions, visit:
https://lab.dpdk.org/results/dashboard/preferences/subscriptions/
^ permalink raw reply [flat|nested] 31+ messages in thread
* |FAILURE| pw158839-158843 [PATCH] [v2,5/5] test: re-enable format-tr
[not found] <20251116190035.76123-6-stephen@networkplumber.org>
` (13 preceding siblings ...)
2025-11-17 4:50 ` |FAILURE| " dpdklab
@ 2025-11-17 4:51 ` dpdklab
2025-11-17 4:53 ` |PENDING| " dpdklab
` (15 subsequent siblings)
30 siblings, 0 replies; 31+ messages in thread
From: dpdklab @ 2025-11-17 4:51 UTC (permalink / raw)
To: Test Report; +Cc: dpdk-test-reports, Stephen Hemminger
Test-Label: iol-compile-arm64-testing
Test-Status: FAILURE
http://dpdk.org/patch/158843
_Testing issues_
Submitter: Stephen Hemminger <stephen@networkplumber.org>
Date: Sunday, November 16 2025 18:59:33
DPDK git baseline: Repo:dpdk
Branch: master
CommitID:be0112878b4fc3a1b918370ed2fe615c52039d77
158839-158843 --> testing issues
Upstream job id: Generic-DPDK-Compile-Meson#445214
Test environment and result as below:
+------------------------------+--------------------+
| Environment | dpdk_meson_compile |
+==============================+====================+
| Red Hat Enterprise Linux 9.5 | PEND |
+------------------------------+--------------------+
| Fedora Linux 42 | PEND |
+------------------------------+--------------------+
| Debian GNU/Linux 12 | PEND |
+------------------------------+--------------------+
| Ubuntu 20.04 | PEND |
+------------------------------+--------------------+
| Ubuntu 24.04 | PEND |
+------------------------------+--------------------+
| CentOS Stream 9 | PEND |
+------------------------------+--------------------+
| CentOS Stream 10 | PEND |
+------------------------------+--------------------+
| Ubuntu 22.04 | PEND |
+------------------------------+--------------------+
Red Hat Enterprise Linux 9.5
Kernel: 5.4
Compiler: gcc gcc (GCC) 11.5.0 20240719 (Red Hat 11.5.0-2)
Fedora Linux 42
Kernel: 5.4
Compiler: gcc gcc (GCC) 15.2.1 20250808 (Red Hat 15.2.1-1)
Debian GNU/Linux 12
Kernel: 5.4
Compiler: gcc gcc (Debian 12.2.0-14+deb12u1) 12.2.0
Ubuntu 20.04
Kernel: 5.15
Compiler: gcc gcc (Ubuntu 9.4.0-1ubuntu1~20.04.2) 9.4.0
Ubuntu 24.04
Kernel: 5.4
Compiler: gcc gcc (Ubuntu 13.3.0-6ubuntu2~24.04) 13.3.0
CentOS Stream 9
Kernel: 5.4
Compiler: gcc gcc (GCC) 11.5.0 20240719 (Red Hat 11.5.0-11)
CentOS Stream 10
Kernel: 5.4
Compiler: gcc gcc (GCC) 14.2.1 20250110 (Red Hat 14.2.1-8)
Ubuntu 22.04
Kernel: 5.4
Compiler: gcc gcc (Ubuntu 11.4.0-1ubuntu1~22.04) 11.4.0
To view detailed results, visit:
https://lab.dpdk.org/results/dashboard/patchsets/34614/
UNH-IOL DPDK Community Lab
To manage your email subscriptions, visit:
https://lab.dpdk.org/results/dashboard/preferences/subscriptions/
^ permalink raw reply [flat|nested] 31+ messages in thread
* |PENDING| pw158839-158843 [PATCH] [v2,5/5] test: re-enable format-tr
[not found] <20251116190035.76123-6-stephen@networkplumber.org>
` (14 preceding siblings ...)
2025-11-17 4:51 ` dpdklab
@ 2025-11-17 4:53 ` dpdklab
2025-11-17 4:57 ` |WARNING| " dpdklab
` (14 subsequent siblings)
30 siblings, 0 replies; 31+ messages in thread
From: dpdklab @ 2025-11-17 4:53 UTC (permalink / raw)
To: Test Report; +Cc: dpdk-test-reports
Test-Label: iol-sample-apps-testing
Test-Status: PENDING
http://dpdk.org/patch/158843
_Testing pending_
Submitter: Stephen Hemminger <stephen@networkplumber.org>
Date: Sunday, November 16 2025 18:59:33
DPDK git baseline: Repo:dpdk
Branch: master
CommitID:be0112878b4fc3a1b918370ed2fe615c52039d77
158839-158843 --> testing pending
Upstream job id: Template-DTS-Pipeline#255258
Test environment and result as below:
+--------------+----------------------+----------------------+
| Environment | dpdk_fips_validation | compressdev_zlib_pmd |
+==============+======================+======================+
| Ubuntu 20.04 | PEND | SKIPPED |
+--------------+----------------------+----------------------+
| Ubuntu 22.04 | SKIPPED | PASS |
+--------------+----------------------+----------------------+
Ubuntu 20.04
Kernel: 5.15
Compiler: gcc gcc (Ubuntu 9.4.0-1ubuntu1~20.04.2) 9.4.0
Ubuntu 22.04
Kernel: 5.15
Compiler: gcc gcc (Ubuntu 11.4.0-1ubuntu1~22.04.2) 11.4.0
To view detailed results, visit:
https://lab.dpdk.org/results/dashboard/patchsets/34614/
UNH-IOL DPDK Community Lab
To manage your email subscriptions, visit:
https://lab.dpdk.org/results/dashboard/preferences/subscriptions/
^ permalink raw reply [flat|nested] 31+ messages in thread
* |WARNING| pw158839-158843 [PATCH] [v2,5/5] test: re-enable format-tr
[not found] <20251116190035.76123-6-stephen@networkplumber.org>
` (15 preceding siblings ...)
2025-11-17 4:53 ` |PENDING| " dpdklab
@ 2025-11-17 4:57 ` dpdklab
2025-11-17 5:06 ` |SUCCESS| " dpdklab
` (13 subsequent siblings)
30 siblings, 0 replies; 31+ messages in thread
From: dpdklab @ 2025-11-17 4:57 UTC (permalink / raw)
To: Test Report; +Cc: dpdk-test-reports
Test-Label: iol-sample-apps-testing
Test-Status: WARNING
http://dpdk.org/patch/158843
_Testing issues_
Submitter: Stephen Hemminger <stephen@networkplumber.org>
Date: Sunday, November 16 2025 18:59:33
DPDK git baseline: Repo:dpdk
Branch: master
CommitID:be0112878b4fc3a1b918370ed2fe615c52039d77
158839-158843 --> testing issues
Upstream job id: ACVP-FIPS-testing#11844
Test environment and result as below:
+--------------+----------------------+----------------------+
| Environment | dpdk_fips_validation | compressdev_zlib_pmd |
+==============+======================+======================+
| Ubuntu 20.04 | WARN | SKIPPED |
+--------------+----------------------+----------------------+
| Ubuntu 22.04 | SKIPPED | PASS |
+--------------+----------------------+----------------------+
==== 20 line log output for Ubuntu 20.04 (dpdk_fips_validation): ====
| ~~~~~~~~~~~~~~~~~~~~~~~~~~~~~~~~~~~~~
cc1: all warnings being treated as errors
[3413/3635] Compiling C object app/dpdk-test.p/test_test.c.o
[3414/3635] Compiling C object app/dpdk-test.p/test_test_bitops.c.o
[3415/3635] Compiling C object app/dpdk-test.p/test_test_cmdline.c.o
[3416/3635] Compiling C object app/dpdk-test.p/test_test_bitratestats.c.o
[3417/3635] Compiling C object app/dpdk-test.p/test_test_barrier.c.o
[3418/3635] Compiling C object app/dpdk-test.p/test_test_alarm.c.o
[3419/3635] Compiling C object app/dpdk-test.p/test_test_acl.c.o
[3420/3635] Compiling C object app/dpdk-test.p/test_test_bpf.c.o
[3421/3635] Compiling C object app/dpdk-test.p/test_sample_packet_forward.c.o
[3422/3635] Compiling C object app/dpdk-test.p/test_test_argparse.c.o
[3423/3635] Compiling C object app/dpdk-test.p/test_packet_burst_generator.c.o
[3424/3635] Compiling C object app/dpdk-test.p/test_test_cksum_perf.c.o
[3425/3635] Compiling C object app/dpdk-testpmd.p/test-pmd_testpmd.c.o
[3426/3635] Compiling C object app/dpdk-test.p/test_test_cksum.c.o
[3427/3635] Compiling C object app/dpdk-testpmd.p/test-pmd_config.c.o
[3428/3635] Compiling C object app/dpdk-test.p/test_test_bitset.c.o
[3429/3635] Compiling C object drivers/libtmp_rte_crypto_cnxk.a.p/crypto_cnxk_cn10k_cryptodev_ops.c.o
ninja: build stopped: subcommand failed.
==== End log output ====
Ubuntu 20.04
Kernel: 5.15
Compiler: gcc gcc (Ubuntu 9.4.0-1ubuntu1~20.04.2) 9.4.0
Ubuntu 22.04
Kernel: 5.15
Compiler: gcc gcc (Ubuntu 11.4.0-1ubuntu1~22.04.2) 11.4.0
To view detailed results, visit:
https://lab.dpdk.org/results/dashboard/patchsets/34614/
UNH-IOL DPDK Community Lab
To manage your email subscriptions, visit:
https://lab.dpdk.org/results/dashboard/preferences/subscriptions/
^ permalink raw reply [flat|nested] 31+ messages in thread
* |SUCCESS| pw158839-158843 [PATCH] [v2,5/5] test: re-enable format-tr
[not found] <20251116190035.76123-6-stephen@networkplumber.org>
` (16 preceding siblings ...)
2025-11-17 4:57 ` |WARNING| " dpdklab
@ 2025-11-17 5:06 ` dpdklab
2025-11-17 5:08 ` dpdklab
` (12 subsequent siblings)
30 siblings, 0 replies; 31+ messages in thread
From: dpdklab @ 2025-11-17 5:06 UTC (permalink / raw)
To: Test Report; +Cc: dpdk-test-reports
Test-Label: iol-broadcom-Performance
Test-Status: SUCCESS
http://dpdk.org/patch/158843
_Performance Testing PASS_
Submitter: Stephen Hemminger <stephen@networkplumber.org>
Date: Sunday, November 16 2025 18:59:33
DPDK git baseline: Repo:dpdk
Branch: master
CommitID:be0112878b4fc3a1b918370ed2fe615c52039d77
158839-158843 --> performance testing pass
Upstream job id: Template-DTS-Pipeline#255251
Test environment and result as below:
Ubuntu 22.04
Kernel: 5.15
Compiler: gcc gcc (Ubuntu 11.4.0-1ubuntu1~22.04) 11.4.0
NIC: Broadcom Inc. and subsidiaries BCM57414 NetXtreme-E 10Gb/25Gb RDMA Ethernet Controller 16d7 25 Mbps
Fail/Total: 0/3
Detail performance results:
+------------+---------+----------+-------------+------------------------------+
| frame_size | txd/rxd | num_cpus | num_threads | throughput difference from |
| | | | | expected |
+============+=========+==========+=============+==============================+
| 64 | 128 | 1 | 1 | 0.2% |
+------------+---------+----------+-------------+------------------------------+
| 64 | 512 | 1 | 1 | 0.1% |
+------------+---------+----------+-------------+------------------------------+
| 64 | 2048 | 1 | 1 | -0.9% |
+------------+---------+----------+-------------+------------------------------+
Ubuntu 22.04
Kernel: 5.15
Compiler: gcc gcc (Ubuntu 11.4.0-1ubuntu1~22.04.2) 11.4.0
NIC: Arm Broadcom Inc. brcm_57414 25000 Mbps
Fail/Total: 0/2
Detail performance results:
+------------+---------+----------+-------------+------------------------------+
| frame_size | txd/rxd | num_cpus | num_threads | throughput difference from |
| | | | | expected |
+============+=========+==========+=============+==============================+
| 64 | 512 | 1 | 1 | -0.0% |
+------------+---------+----------+-------------+------------------------------+
| 64 | 2048 | 1 | 1 | 0.1% |
+------------+---------+----------+-------------+------------------------------+
To view detailed results, visit:
https://lab.dpdk.org/results/dashboard/patchsets/34614/
UNH-IOL DPDK Community Lab
To manage your email subscriptions, visit:
https://lab.dpdk.org/results/dashboard/preferences/subscriptions/
^ permalink raw reply [flat|nested] 31+ messages in thread
* |SUCCESS| pw158839-158843 [PATCH] [v2,5/5] test: re-enable format-tr
[not found] <20251116190035.76123-6-stephen@networkplumber.org>
` (17 preceding siblings ...)
2025-11-17 5:06 ` |SUCCESS| " dpdklab
@ 2025-11-17 5:08 ` dpdklab
2025-11-17 5:23 ` |WARNING| " dpdklab
` (11 subsequent siblings)
30 siblings, 0 replies; 31+ messages in thread
From: dpdklab @ 2025-11-17 5:08 UTC (permalink / raw)
To: Test Report; +Cc: dpdk-test-reports
Test-Label: iol-intel-Functional
Test-Status: SUCCESS
http://dpdk.org/patch/158843
_Functional Testing PASS_
Submitter: Stephen Hemminger <stephen@networkplumber.org>
Date: Sunday, November 16 2025 18:59:33
DPDK git baseline: Repo:dpdk
Branch: master
CommitID:be0112878b4fc3a1b918370ed2fe615c52039d77
158839-158843 --> functional testing pass
Upstream job id: Template-DTS-Pipeline#255253
Test environment and result as below:
Ubuntu 20.04
Kernel: 5.4
Compiler: gcc gcc (Ubuntu 9.4.0-1ubuntu1~20.04.1) 9.4.0
NIC: Intel Corporation Ethernet Converged Network Adapter XL710-QDA2 40000 Mbps
Aggregate Results by Test Suite
+-----------------------------+--------+
| Test Suite | Result |
+=============================+========+
| unit_tests_mbuf | PASS |
+-----------------------------+--------+
| vhost_virtio_user_interrupt | PASS |
+-----------------------------+--------+
| virtio_smoke | PASS |
+-----------------------------+--------+
To view detailed results, visit:
https://lab.dpdk.org/results/dashboard/patchsets/34614/
UNH-IOL DPDK Community Lab
To manage your email subscriptions, visit:
https://lab.dpdk.org/results/dashboard/preferences/subscriptions/
^ permalink raw reply [flat|nested] 31+ messages in thread
* |WARNING| pw158839-158843 [PATCH] [v2,5/5] test: re-enable format-tr
[not found] <20251116190035.76123-6-stephen@networkplumber.org>
` (18 preceding siblings ...)
2025-11-17 5:08 ` dpdklab
@ 2025-11-17 5:23 ` dpdklab
2025-11-17 5:28 ` |FAILURE| " dpdklab
` (10 subsequent siblings)
30 siblings, 0 replies; 31+ messages in thread
From: dpdklab @ 2025-11-17 5:23 UTC (permalink / raw)
To: Test Report; +Cc: dpdk-test-reports
Test-Label: iol-sample-apps-testing
Test-Status: WARNING
http://dpdk.org/patch/158843
_Testing issues_
Submitter: Stephen Hemminger <stephen@networkplumber.org>
Date: Sunday, November 16 2025 18:59:33
DPDK git baseline: Repo:dpdk
Branch: master
CommitID:be0112878b4fc3a1b918370ed2fe615c52039d77
158839-158843 --> testing issues
Upstream job id: Template-DTS-Pipeline#255257
Test environment and result as below:
+--------------+----------------------+----------------------+
| Environment | dpdk_fips_validation | compressdev_zlib_pmd |
+==============+======================+======================+
| Ubuntu 20.04 | WARN | SKIPPED |
+--------------+----------------------+----------------------+
| Ubuntu 22.04 | SKIPPED | PASS |
+--------------+----------------------+----------------------+
==== 20 line log output for Ubuntu 20.04 (dpdk_fips_validation): ====
| ~~~~~~~~~~~~~~~~~~~~~~~~~~~~~~~~~~~~~
cc1: all warnings being treated as errors
[3413/3635] Compiling C object app/dpdk-test.p/test_test.c.o
[3414/3635] Compiling C object app/dpdk-test.p/test_test_bitops.c.o
[3415/3635] Compiling C object app/dpdk-test.p/test_test_cmdline.c.o
[3416/3635] Compiling C object app/dpdk-test.p/test_test_bitratestats.c.o
[3417/3635] Compiling C object app/dpdk-test.p/test_test_barrier.c.o
[3418/3635] Compiling C object app/dpdk-test.p/test_test_alarm.c.o
[3419/3635] Compiling C object app/dpdk-test.p/test_test_acl.c.o
[3420/3635] Compiling C object app/dpdk-test.p/test_test_bpf.c.o
[3421/3635] Compiling C object app/dpdk-test.p/test_sample_packet_forward.c.o
[3422/3635] Compiling C object app/dpdk-test.p/test_test_argparse.c.o
[3423/3635] Compiling C object app/dpdk-test.p/test_packet_burst_generator.c.o
[3424/3635] Compiling C object app/dpdk-test.p/test_test_cksum_perf.c.o
[3425/3635] Compiling C object app/dpdk-testpmd.p/test-pmd_testpmd.c.o
[3426/3635] Compiling C object app/dpdk-test.p/test_test_cksum.c.o
[3427/3635] Compiling C object app/dpdk-testpmd.p/test-pmd_config.c.o
[3428/3635] Compiling C object app/dpdk-test.p/test_test_bitset.c.o
[3429/3635] Compiling C object drivers/libtmp_rte_crypto_cnxk.a.p/crypto_cnxk_cn10k_cryptodev_ops.c.o
ninja: build stopped: subcommand failed.
==== End log output ====
Ubuntu 20.04
Kernel: 5.15
Compiler: gcc gcc (Ubuntu 9.4.0-1ubuntu1~20.04.2) 9.4.0
Ubuntu 22.04
Kernel: 5.15
Compiler: gcc gcc (Ubuntu 11.4.0-1ubuntu1~22.04.2) 11.4.0
To view detailed results, visit:
https://lab.dpdk.org/results/dashboard/patchsets/34614/
UNH-IOL DPDK Community Lab
To manage your email subscriptions, visit:
https://lab.dpdk.org/results/dashboard/preferences/subscriptions/
^ permalink raw reply [flat|nested] 31+ messages in thread
* |FAILURE| pw158839-158843 [PATCH] [v2,5/5] test: re-enable format-tr
[not found] <20251116190035.76123-6-stephen@networkplumber.org>
` (19 preceding siblings ...)
2025-11-17 5:23 ` |WARNING| " dpdklab
@ 2025-11-17 5:28 ` dpdklab
2025-11-17 5:36 ` dpdklab
` (9 subsequent siblings)
30 siblings, 0 replies; 31+ messages in thread
From: dpdklab @ 2025-11-17 5:28 UTC (permalink / raw)
To: Test Report; +Cc: dpdk-test-reports, Stephen Hemminger
Test-Label: iol-unit-arm64-testing
Test-Status: FAILURE
http://dpdk.org/patch/158843
_Testing issues_
Submitter: Stephen Hemminger <stephen@networkplumber.org>
Date: Sunday, November 16 2025 18:59:33
DPDK git baseline: Repo:dpdk
Branch: master
CommitID:be0112878b4fc3a1b918370ed2fe615c52039d77
158839-158843 --> testing issues
Upstream job id: Generic-Unit-Test-DPDK#393498
Test environment and result as below:
+------------------------------+---------------------------+------------------------------+--------------+----------------+
| Environment | cryptodev_sw_zuc_autotest | cryptodev_sw_snow3g_autotest | lpm_autotest | dpdk_unit_test |
+==============================+===========================+==============================+==============+================+
| Debian 12 (arm) | PASS | PASS | SKIPPED | SKIPPED |
+------------------------------+---------------------------+------------------------------+--------------+----------------+
| Ubuntu 20.04 | SKIPPED | SKIPPED | PASS | WARN |
+------------------------------+---------------------------+------------------------------+--------------+----------------+
| Fedora Linux 42 | SKIPPED | SKIPPED | SKIPPED | PASS |
+------------------------------+---------------------------+------------------------------+--------------+----------------+
| Fedora Linux 41 | SKIPPED | SKIPPED | SKIPPED | PEND |
+------------------------------+---------------------------+------------------------------+--------------+----------------+
| Debian GNU/Linux 12 | SKIPPED | SKIPPED | SKIPPED | PASS |
+------------------------------+---------------------------+------------------------------+--------------+----------------+
| Red Hat Enterprise Linux 9.5 | SKIPPED | SKIPPED | SKIPPED | PASS |
+------------------------------+---------------------------+------------------------------+--------------+----------------+
| Fedora Linux 40 | SKIPPED | SKIPPED | SKIPPED | PASS |
+------------------------------+---------------------------+------------------------------+--------------+----------------+
| CentOS Stream 9 | SKIPPED | SKIPPED | SKIPPED | PASS |
+------------------------------+---------------------------+------------------------------+--------------+----------------+
| CentOS Stream 10 | SKIPPED | SKIPPED | SKIPPED | PASS |
+------------------------------+---------------------------+------------------------------+--------------+----------------+
| Ubuntu 22.04 | SKIPPED | SKIPPED | SKIPPED | PASS |
+------------------------------+---------------------------+------------------------------+--------------+----------------+
| Ubuntu 24.04 | SKIPPED | SKIPPED | SKIPPED | PEND |
+------------------------------+---------------------------+------------------------------+--------------+----------------+
==== 20 line log output for Ubuntu 20.04 (dpdk_unit_test): ====
[3640/3808] Compiling C object app/dpdk-test.p/test_test_cmdline_num.c.o
[3641/3808] Compiling C object app/dpdk-test.p/test_test_cfgfile.c.o
FAILED: app/dpdk-test.p/test_test_cfgfile.c.o
ccache cc -Iapp/dpdk-test.p -Iapp -I../app -Ilib/cmdline -I../lib/cmdline -Ilib/eal/common -I../lib/eal/common -I. -I.. -Iconfig -I../config -Ilib/eal/include -I../lib/eal/include -Ilib/eal/linux/include -I../lib/eal/linux/include -Ilib/eal/arm/include -I../lib/eal/arm/include -I../kernel/linux -Ilib/eal -I../lib/eal -Ilib/kvargs -I../lib/kvargs -Ilib/log -I../lib/log -Ilib/metrics -I../lib/metrics -Ilib/telemetry -I../lib/telemetry -Ilib/argparse -I../lib/argparse -Ilib/net -I../lib/net -Ilib/mbuf -I../lib/mbuf -Ilib/mempool -I../lib/mempool -Ilib/ring -I../lib/ring -Idrivers/net/ring -I../drivers/net/ring -Ilib/ethdev -I../lib/ethdev -Ilib/meter -I../lib/meter -Idrivers/bus/pci -I../drivers/bus/pci -I../drivers/bus/pci/linux -Ilib/pci -I../lib/pci -Idrivers/bus/vdev -I../drivers/bus/vdev -Ilib/acl -I../lib/acl -Ilib/hash -I../lib/hash -Ilib/rcu -I../lib/rcu -Ilib/bitratestats -I../lib/bitratestats -Ilib/bpf -I../lib/bpf -Ilib/cfgfile -I../lib/cfgfile -Ilib/compressdev -I../lib/comp
ressdev -Ilib/cryptodev -I../lib/cryptodev -Ilib/security -I../lib/security -Ilib/dispatcher -I../lib/dispatcher -Ilib/eventdev -I../lib/eventdev -Ilib/timer -I../lib/timer -Ilib/dmadev -I../lib/dmadev -Ilib/distributor -I../lib/distributor -Ilib/efd -I../lib/efd -Ilib/fib -I../lib/fib -Ilib/rib -I../lib/rib -Ilib/table -I../lib/table -Ilib/port -I../lib/port -Ilib/sched -I../lib/sched -Ilib/ip_frag -I../lib/ip_frag -Ilib/lpm -I../lib/lpm -Ilib/graph -I../lib/graph -Ilib/pcapng -I../lib/pcapng -Ilib/ipsec -I../lib/ipsec -Ilib/latencystats -I../lib/latencystats -Idrivers/net/bonding -I../drivers/net/bonding -Ilib/member -I../lib/member -Ilib/pdcp -I../lib/pdcp -Ilib/reorder -I../lib/reorder -Ilib/pdump -I../lib/pdump -Ilib/pmu -I../lib/pmu -Ilib/power -I../lib/power -Idrivers/power/acpi -I../drivers/power/acpi -Idrivers/power/kvm_vm -I../drivers/power/kvm_vm -Idrivers/power/intel_pstate -I../drivers/power/intel_pstate -Idrivers/power/amd_pstate -I../drivers/power/amd_pstate -Idrivers
/power/cppc -I../drivers/power/cppc -Idrivers/power/intel_uncore -I../drivers/power/intel_uncore -Ilib/ptr_compress -I../lib/ptr_compress -Ilib/rawdev -I../lib/rawdev -Idrivers/raw/skeleton -I../drivers/raw/skeleton -Ilib/stack -I../lib/stack -Ilib/pipeline -I../lib/pipeline -Idrivers/crypto/scheduler -I../drivers/crypto/scheduler -Iapp/test/test_cfgfiles -fdiagnostics-color=always -pipe -D_FILE_OFFSET_BITS=64 -Wall -Winvalid-pch -Wextra -Werror -std=c11 -O3 -include rte_config.h -Wvla -Wcast-qual -Wdeprecated -Wformat -Wformat-nonliteral -Wformat-security -Wmissing-declarations -Wmissing-prototypes -Wnested-externs -Wold-style-definition -Wpointer-arith -Wsign-compare -Wstrict-prototypes -Wundef -Wwrite-strings -Wno-packed-not-aligned -Wno-missing-field-initializers -D_GNU_SOURCE -march=armv8.1-a+crc+crypto -DALLOW_EXPERIMENTAL_API -Wno-vla -fno-strict-aliasing -DALLOW_INTERNAL_API -MD -MQ app/dpdk-test.p/test_test_cfgfile.c.o -MF app/dpdk-test.p/test_test_cfgfile.c.o.d -o app/dpdk
-test.p/test_test_cfgfile.c.o -c ../app/test/test_cfgfile.c
../app/test/test_cfgfile.c: In function 'test_cfgfile_realloc_sections':
../app/test/test_cfgfile.c:186:42: error: '%s' directive output may be truncated writing 12 bytes into a region of size between 1 and 4096 [-Werror=format-truncation=]
186 | snprintf(filename, sizeof(filename), "%s%s", tmp, "cfg_save.ini");
| ^~ ~~~~~~~~~~~~~~
In file included from /usr/include/stdio.h:867,
from ../app/test/test_cfgfile.c:5:
/usr/include/aarch64-linux-gnu/bits/stdio2.h:67:10: note: '__builtin___snprintf_chk' output between 13 and 4108 bytes into a destination of size 4096
67 | return __builtin___snprintf_chk (__s, __n, __USE_FORTIFY_LEVEL - 1,
| ^~~~~~~~~~~~~~~~~~~~~~~~~~~~~~~~~~~~~~~~~~~~~~~~~~~~~~~~~~~~
68 | __bos (__s), __fmt, __va_arg_pack ());
| ~~~~~~~~~~~~~~~~~~~~~~~~~~~~~~~~~~~~~
cc1: all warnings being treated as errors
[3642/3808] Compiling C object app/dpdk-test.p/test_test_cmdline_string.c.o
[3643/3808] Compiling C object app/dpdk-test.p/test_test_cmdline_etheraddr.c.o
[3644/3808] Compiling C object app/dpdk-test.p/test_test_cmdline_cirbuf.c.o
ninja: build stopped: subcommand failed.
==== End log output ====
Debian 12 (arm)
Kernel: Depends on container host
Compiler: gcc (Debian 12.2.0-14) 12.2.0
Ubuntu 20.04
Kernel: 5.4
Compiler: gcc gcc (Ubuntu 9.4.0-1ubuntu1~20.04.2) 9.4.0
Fedora Linux 42
Kernel: 5.4
Compiler: clang gcc (GCC) 15.2.1 20250808 (Red Hat 15.2.1-1)
Fedora Linux 41
Kernel: 5.4
Compiler: gcc gcc (GCC) 14.3.1 20250523 (Red Hat 14.3.1-1)
Debian GNU/Linux 12
Kernel: 5.4
Compiler: gcc gcc (Debian 12.2.0-14+deb12u1) 12.2.0
Red Hat Enterprise Linux 9.5
Kernel: 5.4
Compiler: gcc gcc (GCC) 11.5.0 20240719 (Red Hat 11.5.0-2)
Fedora Linux 40
Kernel: 5.4
Compiler: clang gcc (GCC) 14.2.1 20240912 (Red Hat 14.2.1-3)
CentOS Stream 9
Kernel: 5.4
Compiler: gcc gcc (GCC) 11.5.0 20240719 (Red Hat 11.5.0-11)
CentOS Stream 10
Kernel: 5.4
Compiler: gcc gcc (GCC) 14.2.1 20250110 (Red Hat 14.2.1-8)
Ubuntu 22.04
Kernel: 5.4
Compiler: gcc gcc (Ubuntu 11.4.0-1ubuntu1~22.04) 11.4.0
Ubuntu 24.04
Kernel: 5.4
Compiler: gcc gcc (Ubuntu 13.3.0-6ubuntu2~24.04) 13.3.0
To view detailed results, visit:
https://lab.dpdk.org/results/dashboard/patchsets/34614/
UNH-IOL DPDK Community Lab
To manage your email subscriptions, visit:
https://lab.dpdk.org/results/dashboard/preferences/subscriptions/
^ permalink raw reply [flat|nested] 31+ messages in thread
* |FAILURE| pw158839-158843 [PATCH] [v2,5/5] test: re-enable format-tr
[not found] <20251116190035.76123-6-stephen@networkplumber.org>
` (20 preceding siblings ...)
2025-11-17 5:28 ` |FAILURE| " dpdklab
@ 2025-11-17 5:36 ` dpdklab
2025-11-17 5:45 ` |SUCCESS| " dpdklab
` (8 subsequent siblings)
30 siblings, 0 replies; 31+ messages in thread
From: dpdklab @ 2025-11-17 5:36 UTC (permalink / raw)
To: Test Report; +Cc: dpdk-test-reports, Stephen Hemminger
Test-Label: iol-unit-amd64-testing
Test-Status: FAILURE
http://dpdk.org/patch/158843
_Testing issues_
Submitter: Stephen Hemminger <stephen@networkplumber.org>
Date: Sunday, November 16 2025 18:59:33
DPDK git baseline: Repo:dpdk
Branch: master
CommitID:be0112878b4fc3a1b918370ed2fe615c52039d77
158839-158843 --> testing issues
Upstream job id: Generic-Unit-Test-DPDK#393484
Test environment and result as below:
+-------------------------------+----------------+
| Environment | dpdk_unit_test |
+===============================+================+
| Red Hat Enterprise Linux 8.10 | WARN |
+-------------------------------+----------------+
| Fedora Linux 42 | PASS |
+-------------------------------+----------------+
| Debian GNU/Linux 12 | PASS |
+-------------------------------+----------------+
| CentOS Stream 9 | PASS |
+-------------------------------+----------------+
| Red Hat Enterprise Linux 9.5 | PASS |
+-------------------------------+----------------+
| Ubuntu 24.04 | PASS |
+-------------------------------+----------------+
| Ubuntu 20.04 | FAIL |
+-------------------------------+----------------+
| CentOS Stream 10 | PASS |
+-------------------------------+----------------+
| Fedora Linux 40 | PASS |
+-------------------------------+----------------+
| Fedora Linux 41 | PASS |
+-------------------------------+----------------+
| Ubuntu 22.04 | PASS |
+-------------------------------+----------------+
| Windows Server 2022 | PASS |
+-------------------------------+----------------+
==== Unit test summary for Ubuntu 20.04 (dpdk_unit_test): ====
Failed to get the unit test results.
Displaying the unit test results is not supported for some environments,
such as our aarch32 testing, where meson is not used to run the tests.
Download the logs available on our CI site.
==== End log output ====
Red Hat Enterprise Linux 8.10
Kernel: 5.15
Compiler: gcc gcc (GCC) 8.5.0 20210514 (Red Hat 8.5.0-22)
Fedora Linux 42
Kernel: 5.15
Compiler: gcc gcc (GCC) 15.2.1 20250808 (Red Hat 15.2.1-1)
Debian GNU/Linux 12
Kernel: 5.15
Compiler: gcc gcc (Debian 12.2.0-14+deb12u1) 12.2.0
CentOS Stream 9
Kernel: 5.15
Compiler: gcc gcc (GCC) 11.5.0 20240719 (Red Hat 11.5.0-11)
Red Hat Enterprise Linux 9.5
Kernel: 5.15
Compiler: gcc gcc (GCC) 11.5.0 20240719 (Red Hat 11.5.0-2)
Ubuntu 24.04
Kernel: 5.15
Compiler: gcc gcc (Ubuntu 13.3.0-6ubuntu2~24.04) 13.3.0
Ubuntu 20.04
Kernel: 5.15
Compiler: gcc gcc (Ubuntu 9.4.0-1ubuntu1~20.04.2) 9.4.0
CentOS Stream 10
Kernel: 5.15
Compiler: gcc gcc (GCC) 14.2.1 20250110 (Red Hat 14.2.1-8)
Fedora Linux 40
Kernel: 5.15
Compiler: gcc gcc (GCC) 14.2.1 20240912 (Red Hat 14.2.1-3)
Fedora Linux 41
Kernel: 5.15
Compiler: gcc gcc (GCC) 14.3.1 20250523 (Red Hat 14.3.1-1)
Ubuntu 22.04
Kernel: 5.15
Compiler: gcc gcc (Ubuntu 11.4.0-1ubuntu1~22.04) 11.4.0
Windows Server 2022
Kernel: 10.0.20348.2031
Compiler: clang 15.0.7, gcc 14.1.0 (MinGW), and MSVC VS 19.39.33521
To view detailed results, visit:
https://lab.dpdk.org/results/dashboard/patchsets/34614/
UNH-IOL DPDK Community Lab
To manage your email subscriptions, visit:
https://lab.dpdk.org/results/dashboard/preferences/subscriptions/
^ permalink raw reply [flat|nested] 31+ messages in thread
* |SUCCESS| pw158839-158843 [PATCH] [v2,5/5] test: re-enable format-tr
[not found] <20251116190035.76123-6-stephen@networkplumber.org>
` (21 preceding siblings ...)
2025-11-17 5:36 ` dpdklab
@ 2025-11-17 5:45 ` dpdklab
2025-11-17 6:21 ` |WARNING| " dpdklab
` (7 subsequent siblings)
30 siblings, 0 replies; 31+ messages in thread
From: dpdklab @ 2025-11-17 5:45 UTC (permalink / raw)
To: Test Report; +Cc: dpdk-test-reports
Test-Label: iol-intel-Functional
Test-Status: SUCCESS
http://dpdk.org/patch/158843
_Functional Testing PASS_
Submitter: Stephen Hemminger <stephen@networkplumber.org>
Date: Sunday, November 16 2025 18:59:33
DPDK git baseline: Repo:dpdk
Branch: master
CommitID:be0112878b4fc3a1b918370ed2fe615c52039d77
158839-158843 --> functional testing pass
Upstream job id: Template-DTS-Pipeline#255255
Test environment and result as below:
Ubuntu 20.04
Kernel: 5.4
Compiler: gcc gcc (Ubuntu 9.4.0-1ubuntu1~20.04.1) 9.4.0
NIC: Intel Corporation Ethernet Converged Network Adapter XL710-QDA2 40000 Mbps
Aggregate Results by Test Suite
+-----------------------------+--------+
| Test Suite | Result |
+=============================+========+
| unit_tests_mbuf | PASS |
+-----------------------------+--------+
| vhost_virtio_user_interrupt | PASS |
+-----------------------------+--------+
| virtio_smoke | PASS |
+-----------------------------+--------+
Ubuntu 22.04
Kernel: 5.15
Compiler: gcc gcc (Ubuntu 11.4.0-1ubuntu1~22.04.2) 11.4.0
NIC: Intel Corporation QAT 8970 0 Mbps
Aggregate Results by Test Suite
+----------------------------+--------+
| Test Suite | Result |
+============================+========+
| crypto_perf_cryptodev_perf | PASS |
+----------------------------+--------+
To view detailed results, visit:
https://lab.dpdk.org/results/dashboard/patchsets/34614/
UNH-IOL DPDK Community Lab
To manage your email subscriptions, visit:
https://lab.dpdk.org/results/dashboard/preferences/subscriptions/
^ permalink raw reply [flat|nested] 31+ messages in thread
* |WARNING| pw158839-158843 [PATCH] [v2,5/5] test: re-enable format-tr
[not found] <20251116190035.76123-6-stephen@networkplumber.org>
` (22 preceding siblings ...)
2025-11-17 5:45 ` |SUCCESS| " dpdklab
@ 2025-11-17 6:21 ` dpdklab
2025-11-17 6:30 ` |FAILURE| " dpdklab
` (6 subsequent siblings)
30 siblings, 0 replies; 31+ messages in thread
From: dpdklab @ 2025-11-17 6:21 UTC (permalink / raw)
To: Test Report; +Cc: dpdk-test-reports
Test-Label: iol-unit-arm64-testing
Test-Status: WARNING
http://dpdk.org/patch/158843
_Testing issues_
Submitter: Stephen Hemminger <stephen@networkplumber.org>
Date: Sunday, November 16 2025 18:59:33
DPDK git baseline: Repo:dpdk
Branch: master
CommitID:be0112878b4fc3a1b918370ed2fe615c52039d77
158839-158843 --> testing issues
Upstream job id: Generic-Unit-Test-DPDK#393489
Test environment and result as below:
+------------------------------+---------------------------+------------------------------+--------------+----------------+
| Environment | cryptodev_sw_zuc_autotest | cryptodev_sw_snow3g_autotest | lpm_autotest | dpdk_unit_test |
+==============================+===========================+==============================+==============+================+
| Debian 12 (arm) | PASS | PASS | SKIPPED | SKIPPED |
+------------------------------+---------------------------+------------------------------+--------------+----------------+
| Ubuntu 20.04 | SKIPPED | SKIPPED | PASS | WARN |
+------------------------------+---------------------------+------------------------------+--------------+----------------+
| Fedora Linux 42 | SKIPPED | SKIPPED | SKIPPED | PASS |
+------------------------------+---------------------------+------------------------------+--------------+----------------+
| Fedora Linux 41 | SKIPPED | SKIPPED | SKIPPED | PASS |
+------------------------------+---------------------------+------------------------------+--------------+----------------+
| Debian GNU/Linux 12 | SKIPPED | SKIPPED | SKIPPED | PASS |
+------------------------------+---------------------------+------------------------------+--------------+----------------+
| Red Hat Enterprise Linux 9.5 | SKIPPED | SKIPPED | SKIPPED | PASS |
+------------------------------+---------------------------+------------------------------+--------------+----------------+
| Fedora Linux 40 | SKIPPED | SKIPPED | SKIPPED | PASS |
+------------------------------+---------------------------+------------------------------+--------------+----------------+
| CentOS Stream 9 | SKIPPED | SKIPPED | SKIPPED | PASS |
+------------------------------+---------------------------+------------------------------+--------------+----------------+
| CentOS Stream 10 | SKIPPED | SKIPPED | SKIPPED | PASS |
+------------------------------+---------------------------+------------------------------+--------------+----------------+
| Ubuntu 22.04 | SKIPPED | SKIPPED | SKIPPED | PASS |
+------------------------------+---------------------------+------------------------------+--------------+----------------+
| Ubuntu 24.04 | SKIPPED | SKIPPED | SKIPPED | PASS |
+------------------------------+---------------------------+------------------------------+--------------+----------------+
==== 20 line log output for Ubuntu 20.04 (dpdk_unit_test): ====
[3640/3808] Compiling C object app/dpdk-test.p/test_test_cmdline_num.c.o
[3641/3808] Compiling C object app/dpdk-test.p/test_test_cfgfile.c.o
FAILED: app/dpdk-test.p/test_test_cfgfile.c.o
ccache cc -Iapp/dpdk-test.p -Iapp -I../app -Ilib/cmdline -I../lib/cmdline -Ilib/eal/common -I../lib/eal/common -I. -I.. -Iconfig -I../config -Ilib/eal/include -I../lib/eal/include -Ilib/eal/linux/include -I../lib/eal/linux/include -Ilib/eal/arm/include -I../lib/eal/arm/include -I../kernel/linux -Ilib/eal -I../lib/eal -Ilib/kvargs -I../lib/kvargs -Ilib/log -I../lib/log -Ilib/metrics -I../lib/metrics -Ilib/telemetry -I../lib/telemetry -Ilib/argparse -I../lib/argparse -Ilib/net -I../lib/net -Ilib/mbuf -I../lib/mbuf -Ilib/mempool -I../lib/mempool -Ilib/ring -I../lib/ring -Idrivers/net/ring -I../drivers/net/ring -Ilib/ethdev -I../lib/ethdev -Ilib/meter -I../lib/meter -Idrivers/bus/pci -I../drivers/bus/pci -I../drivers/bus/pci/linux -Ilib/pci -I../lib/pci -Idrivers/bus/vdev -I../drivers/bus/vdev -Ilib/acl -I../lib/acl -Ilib/hash -I../lib/hash -Ilib/rcu -I../lib/rcu -Ilib/bitratestats -I../lib/bitratestats -Ilib/bpf -I../lib/bpf -Ilib/cfgfile -I../lib/cfgfile -Ilib/compressdev -I../lib/comp
ressdev -Ilib/cryptodev -I../lib/cryptodev -Ilib/security -I../lib/security -Ilib/dispatcher -I../lib/dispatcher -Ilib/eventdev -I../lib/eventdev -Ilib/timer -I../lib/timer -Ilib/dmadev -I../lib/dmadev -Ilib/distributor -I../lib/distributor -Ilib/efd -I../lib/efd -Ilib/fib -I../lib/fib -Ilib/rib -I../lib/rib -Ilib/table -I../lib/table -Ilib/port -I../lib/port -Ilib/sched -I../lib/sched -Ilib/ip_frag -I../lib/ip_frag -Ilib/lpm -I../lib/lpm -Ilib/graph -I../lib/graph -Ilib/pcapng -I../lib/pcapng -Ilib/ipsec -I../lib/ipsec -Ilib/latencystats -I../lib/latencystats -Idrivers/net/bonding -I../drivers/net/bonding -Ilib/member -I../lib/member -Ilib/pdcp -I../lib/pdcp -Ilib/reorder -I../lib/reorder -Ilib/pdump -I../lib/pdump -Ilib/pmu -I../lib/pmu -Ilib/power -I../lib/power -Idrivers/power/acpi -I../drivers/power/acpi -Idrivers/power/kvm_vm -I../drivers/power/kvm_vm -Idrivers/power/intel_pstate -I../drivers/power/intel_pstate -Idrivers/power/amd_pstate -I../drivers/power/amd_pstate -Idrivers
/power/cppc -I../drivers/power/cppc -Idrivers/power/intel_uncore -I../drivers/power/intel_uncore -Ilib/ptr_compress -I../lib/ptr_compress -Ilib/rawdev -I../lib/rawdev -Idrivers/raw/skeleton -I../drivers/raw/skeleton -Ilib/stack -I../lib/stack -Ilib/pipeline -I../lib/pipeline -Idrivers/crypto/scheduler -I../drivers/crypto/scheduler -Iapp/test/test_cfgfiles -fdiagnostics-color=always -pipe -D_FILE_OFFSET_BITS=64 -Wall -Winvalid-pch -Wextra -Werror -std=c11 -O3 -include rte_config.h -Wvla -Wcast-qual -Wdeprecated -Wformat -Wformat-nonliteral -Wformat-security -Wmissing-declarations -Wmissing-prototypes -Wnested-externs -Wold-style-definition -Wpointer-arith -Wsign-compare -Wstrict-prototypes -Wundef -Wwrite-strings -Wno-packed-not-aligned -Wno-missing-field-initializers -D_GNU_SOURCE -march=armv8.1-a+crc+crypto -DALLOW_EXPERIMENTAL_API -Wno-vla -fno-strict-aliasing -DALLOW_INTERNAL_API -MD -MQ app/dpdk-test.p/test_test_cfgfile.c.o -MF app/dpdk-test.p/test_test_cfgfile.c.o.d -o app/dpdk
-test.p/test_test_cfgfile.c.o -c ../app/test/test_cfgfile.c
../app/test/test_cfgfile.c: In function 'test_cfgfile_realloc_sections':
../app/test/test_cfgfile.c:186:42: error: '%s' directive output may be truncated writing 12 bytes into a region of size between 1 and 4096 [-Werror=format-truncation=]
186 | snprintf(filename, sizeof(filename), "%s%s", tmp, "cfg_save.ini");
| ^~ ~~~~~~~~~~~~~~
In file included from /usr/include/stdio.h:867,
from ../app/test/test_cfgfile.c:5:
/usr/include/aarch64-linux-gnu/bits/stdio2.h:67:10: note: '__builtin___snprintf_chk' output between 13 and 4108 bytes into a destination of size 4096
67 | return __builtin___snprintf_chk (__s, __n, __USE_FORTIFY_LEVEL - 1,
| ^~~~~~~~~~~~~~~~~~~~~~~~~~~~~~~~~~~~~~~~~~~~~~~~~~~~~~~~~~~~
68 | __bos (__s), __fmt, __va_arg_pack ());
| ~~~~~~~~~~~~~~~~~~~~~~~~~~~~~~~~~~~~~
cc1: all warnings being treated as errors
[3642/3808] Compiling C object app/dpdk-test.p/test_test_cmdline_string.c.o
[3643/3808] Compiling C object app/dpdk-test.p/test_test_cmdline_etheraddr.c.o
[3644/3808] Compiling C object app/dpdk-test.p/test_test_cmdline_cirbuf.c.o
ninja: build stopped: subcommand failed.
==== End log output ====
Debian 12 (arm)
Kernel: Depends on container host
Compiler: gcc (Debian 12.2.0-14) 12.2.0
Ubuntu 20.04
Kernel: 5.4
Compiler: gcc gcc (Ubuntu 9.4.0-1ubuntu1~20.04.2) 9.4.0
Fedora Linux 42
Kernel: 5.4
Compiler: clang gcc (GCC) 15.2.1 20250808 (Red Hat 15.2.1-1)
Fedora Linux 41
Kernel: 5.4
Compiler: gcc gcc (GCC) 14.3.1 20250523 (Red Hat 14.3.1-1)
Debian GNU/Linux 12
Kernel: 5.4
Compiler: gcc gcc (Debian 12.2.0-14+deb12u1) 12.2.0
Red Hat Enterprise Linux 9.5
Kernel: 5.4
Compiler: gcc gcc (GCC) 11.5.0 20240719 (Red Hat 11.5.0-2)
Fedora Linux 40
Kernel: 5.4
Compiler: clang gcc (GCC) 14.2.1 20240912 (Red Hat 14.2.1-3)
CentOS Stream 9
Kernel: 5.4
Compiler: gcc gcc (GCC) 11.5.0 20240719 (Red Hat 11.5.0-11)
CentOS Stream 10
Kernel: 5.4
Compiler: gcc gcc (GCC) 14.2.1 20250110 (Red Hat 14.2.1-8)
Ubuntu 22.04
Kernel: 5.4
Compiler: gcc gcc (Ubuntu 11.4.0-1ubuntu1~22.04) 11.4.0
Ubuntu 24.04
Kernel: 5.4
Compiler: gcc gcc (Ubuntu 13.3.0-6ubuntu2~24.04) 13.3.0
To view detailed results, visit:
https://lab.dpdk.org/results/dashboard/patchsets/34614/
UNH-IOL DPDK Community Lab
To manage your email subscriptions, visit:
https://lab.dpdk.org/results/dashboard/preferences/subscriptions/
^ permalink raw reply [flat|nested] 31+ messages in thread
* |FAILURE| pw158839-158843 [PATCH] [v2,5/5] test: re-enable format-tr
[not found] <20251116190035.76123-6-stephen@networkplumber.org>
` (23 preceding siblings ...)
2025-11-17 6:21 ` |WARNING| " dpdklab
@ 2025-11-17 6:30 ` dpdklab
2025-11-17 6:31 ` dpdklab
` (5 subsequent siblings)
30 siblings, 0 replies; 31+ messages in thread
From: dpdklab @ 2025-11-17 6:30 UTC (permalink / raw)
To: Test Report; +Cc: dpdk-test-reports, Stephen Hemminger
Test-Label: iol-compile-amd64-testing
Test-Status: FAILURE
http://dpdk.org/patch/158843
_Testing issues_
Submitter: Stephen Hemminger <stephen@networkplumber.org>
Date: Sunday, November 16 2025 18:59:33
DPDK git baseline: Repo:dpdk
Branch: master
CommitID:be0112878b4fc3a1b918370ed2fe615c52039d77
158839-158843 --> testing issues
Upstream job id: Generic-DPDK-Compile-Meson#445212
Test environment and result as below:
+-------------------------------+--------------------+------------------+-------------------------+-------------------+----------------------+
| Environment | dpdk_meson_compile | dpdk_compile_ovs | dpdk_llvm_clang_compile | dpdk_msvc_compile | dpdk_mingw64_compile |
+===============================+====================+==================+=========================+===================+======================+
| FreeBSD 14.2 | FAIL | SKIPPED | SKIPPED | SKIPPED | SKIPPED |
+-------------------------------+--------------------+------------------+-------------------------+-------------------+----------------------+
| Fedora Linux 42 | PASS | PASS | SKIPPED | SKIPPED | SKIPPED |
+-------------------------------+--------------------+------------------+-------------------------+-------------------+----------------------+
| Ubuntu 20.04 | FAIL | SKIPPED | SKIPPED | SKIPPED | SKIPPED |
+-------------------------------+--------------------+------------------+-------------------------+-------------------+----------------------+
| CentOS Stream 9 | PASS | SKIPPED | SKIPPED | SKIPPED | SKIPPED |
+-------------------------------+--------------------+------------------+-------------------------+-------------------+----------------------+
| CentOS Stream 10 | PASS | SKIPPED | SKIPPED | SKIPPED | SKIPPED |
+-------------------------------+--------------------+------------------+-------------------------+-------------------+----------------------+
| openSUSE Leap 15.6 | PASS | SKIPPED | SKIPPED | SKIPPED | SKIPPED |
+-------------------------------+--------------------+------------------+-------------------------+-------------------+----------------------+
| Debian GNU/Linux 12 | PASS | SKIPPED | SKIPPED | SKIPPED | SKIPPED |
+-------------------------------+--------------------+------------------+-------------------------+-------------------+----------------------+
| Red Hat Enterprise Linux 9.5 | PASS | SKIPPED | SKIPPED | SKIPPED | SKIPPED |
+-------------------------------+--------------------+------------------+-------------------------+-------------------+----------------------+
| Ubuntu 22.04 | PASS | SKIPPED | SKIPPED | SKIPPED | SKIPPED |
+-------------------------------+--------------------+------------------+-------------------------+-------------------+----------------------+
| Ubuntu 24.04 | PASS | PASS | SKIPPED | SKIPPED | SKIPPED |
+-------------------------------+--------------------+------------------+-------------------------+-------------------+----------------------+
| Red Hat Enterprise Linux 8.10 | FAIL | SKIPPED | SKIPPED | SKIPPED | SKIPPED |
+-------------------------------+--------------------+------------------+-------------------------+-------------------+----------------------+
| Alpine Linux 3.22.0 | PASS | SKIPPED | SKIPPED | SKIPPED | SKIPPED |
+-------------------------------+--------------------+------------------+-------------------------+-------------------+----------------------+
| Windows Server 2022 | SKIPPED | SKIPPED | PASS | PASS | PASS |
+-------------------------------+--------------------+------------------+-------------------------+-------------------+----------------------+
==== 20 line log output for Red Hat Enterprise Linux 8.10 (dpdk_meson_compile): ====
[3475/3651] Compiling C object app/dpdk-test.p/test_test_bpf.c.o
[3476/3651] Compiling C object app/dpdk-test.p/test_test_bitmap.c.o
[3477/3651] Compiling C object app/dpdk-test.p/test_test_bitops.c.o
[3478/3651] Compiling C object app/dpdk-test.p/test_test_bitratestats.c.o
[3479/3651] Compiling C object app/dpdk-test.p/test_test_cksum.c.o
[3480/3651] Compiling C object app/dpdk-test.p/test_test_cksum_perf.c.o
[3481/3651] Compiling C object app/dpdk-test.p/test_test_byteorder.c.o
[3482/3651] Compiling C object app/dpdk-test.p/test_test_cmdline.c.o
[3483/3651] Compiling C object app/dpdk-test.p/test_test_cfgfile.c.o
FAILED: app/dpdk-test.p/test_test_cfgfile.c.o
ccache cc -Iapp/dpdk-test.p -Iapp -I../app -Ilib/cmdline -I../lib/cmdline -Ilib/eal/common -I../lib/eal/common -I. -I.. -Iconfig -I../config -Ilib/eal/include -I../lib/eal/include -Ilib/eal/linux/include -I../lib/eal/linux/include -Ilib/eal/x86/include -I../lib/eal/x86/include -I../kernel/linux -Ilib/eal -I../lib/eal -Ilib/kvargs -I../lib/kvargs -Ilib/log -I../lib/log -Ilib/metrics -I../lib/metrics -Ilib/telemetry -I../lib/telemetry -Ilib/argparse -I../lib/argparse -Ilib/net -I../lib/net -Ilib/mbuf -I../lib/mbuf -Ilib/mempool -I../lib/mempool -Ilib/ring -I../lib/ring -Idrivers/net/ring -I../drivers/net/ring -Ilib/ethdev -I../lib/ethdev -Ilib/meter -I../lib/meter -Idrivers/bus/pci -I../drivers/bus/pci -I../drivers/bus/pci/linux -Ilib/pci -I../lib/pci -Idrivers/bus/vdev -I../drivers/bus/vdev -Ilib/acl -I../lib/acl -Ilib/hash -I../lib/hash -Ilib/rcu -I../lib/rcu -Ilib/bitratestats -I../lib/bitratestats -Ilib/bpf -I../lib/bpf -Ilib/cfgfile -I../lib/cfgfile -Ilib/compressdev -I../lib/comp
ressdev -Ilib/cryptodev -I../lib/cryptodev -Ilib/security -I../lib/security -Ilib/dispatcher -I../lib/dispatcher -Ilib/eventdev -I../lib/eventdev -Ilib/timer -I../lib/timer -Ilib/dmadev -I../lib/dmadev -Ilib/distributor -I../lib/distributor -Ilib/efd -I../lib/efd -Ilib/fib -I../lib/fib -Ilib/rib -I../lib/rib -Ilib/table -I../lib/table -Ilib/port -I../lib/port -Ilib/sched -I../lib/sched -Ilib/ip_frag -I../lib/ip_frag -Ilib/lpm -I../lib/lpm -Ilib/graph -I../lib/graph -Ilib/pcapng -I../lib/pcapng -Ilib/ipsec -I../lib/ipsec -Ilib/latencystats -I../lib/latencystats -Idrivers/net/bonding -I../drivers/net/bonding -Ilib/member -I../lib/member -Ilib/pdcp -I../lib/pdcp -Ilib/reorder -I../lib/reorder -Ilib/pdump -I../lib/pdump -Ilib/pmu -I../lib/pmu -Ilib/power -I../lib/power -Idrivers/power/acpi -I../drivers/power/acpi -Idrivers/power/kvm_vm -I../drivers/power/kvm_vm -Idrivers/power/intel_pstate -I../drivers/power/intel_pstate -Idrivers/power/amd_pstate -I../drivers/power/amd_pstate -Idrivers
/power/cppc -I../drivers/power/cppc -Idrivers/power/intel_uncore -I../drivers/power/intel_uncore -Ilib/ptr_compress -I../lib/ptr_compress -Ilib/rawdev -I../lib/rawdev -Idrivers/raw/skeleton -I../drivers/raw/skeleton -Ilib/stack -I../lib/stack -Ilib/pipeline -I../lib/pipeline -Idrivers/crypto/scheduler -I../drivers/crypto/scheduler -Iapp/test/test_cfgfiles -fdiagnostics-color=always -pipe -D_FILE_OFFSET_BITS=64 -Wall -Winvalid-pch -Wextra -Werror -std=c11 -O3 -include rte_config.h -Wvla -Wcast-qual -Wdeprecated -Wformat -Wformat-nonliteral -Wformat-security -Wmissing-declarations -Wmissing-prototypes -Wnested-externs -Wold-style-definition -Wpointer-arith -Wsign-compare -Wstrict-prototypes -Wundef -Wwrite-strings -Wno-packed-not-aligned -Wno-missing-field-initializers -D_GNU_SOURCE -march=native -mrtm -DALLOW_EXPERIMENTAL_API -Wno-vla -fno-strict-aliasing -DALLOW_INTERNAL_API -MD -MQ app/dpdk-test.p/test_test_cfgfile.c.o -MF app/dpdk-test.p/test_test_cfgfile.c.o.d -o app/dpdk-test.p/
test_test_cfgfile.c.o -c ../app/test/test_cfgfile.c
../app/test/test_cfgfile.c: In function 'test_cfgfile_realloc_sections':
../app/test/test_cfgfile.c:186:42: error: '%s' directive output may be truncated writing 12 bytes into a region of size between 1 and 4096 [-Werror=format-truncation=]
snprintf(filename, sizeof(filename), "%s%s", tmp, "cfg_save.ini");
^~ ~~~~~~~~~~~~~~
../app/test/test_cfgfile.c:186:2: note: 'snprintf' output between 13 and 4108 bytes into a destination of size 4096
snprintf(filename, sizeof(filename), "%s%s", tmp, "cfg_save.ini");
^~~~~~~~~~~~~~~~~~~~~~~~~~~~~~~~~~~~~~~~~~~~~~~~~~~~~~~~~~~~~~~~~
cc1: all warnings being treated as errors
ninja: build stopped: subcommand failed.
==== End log output ====
FreeBSD 14.2
Kernel: 14.2-RELEASE
Compiler: clang 18.1.6
Fedora Linux 42
Kernel: 5.15
Compiler: gcc gcc (GCC) 15.2.1 20250808 (Red Hat 15.2.1-1)
Ubuntu 20.04
Kernel: 4.19
Compiler: gcc gcc (Ubuntu 9.4.0-1ubuntu1~20.04.2) 9.4.0
CentOS Stream 9
Kernel: 5.15
Compiler: gcc gcc (GCC) 11.5.0 20240719 (Red Hat 11.5.0-11)
CentOS Stream 10
Kernel: 5.15
Compiler: gcc gcc (GCC) 14.2.1 20250110 (Red Hat 14.2.1-8)
openSUSE Leap 15.6
Kernel: 5.15
Compiler: gcc gcc (SUSE Linux) 7.5.0
Debian GNU/Linux 12
Kernel: 5.15
Compiler: gcc gcc (Debian 12.2.0-14+deb12u1) 12.2.0
Red Hat Enterprise Linux 9.5
Kernel: 5.15
Compiler: gcc gcc (GCC) 11.5.0 20240719 (Red Hat 11.5.0-2)
Ubuntu 22.04
Kernel: 5.15
Compiler: gcc gcc (Ubuntu 11.4.0-1ubuntu1~22.04) 11.4.0
Ubuntu 24.04
Kernel: 5.15
Compiler: gcc gcc (Ubuntu 13.3.0-6ubuntu2~24.04) 13.3.0
Red Hat Enterprise Linux 8.10
Kernel: 5.15
Compiler: gcc gcc (GCC) 8.5.0 20210514 (Red Hat 8.5.0-22)
Alpine Linux 3.22.0
Kernel: 5.15
Compiler: gcc gcc (Alpine 14.2.0) 14.2.0
Windows Server 2022
Kernel: 10.0.20348.2031
Compiler: clang 15.0.7, gcc 14.1.0 (MinGW), and MSVC VS 19.39.33521
To view detailed results, visit:
https://lab.dpdk.org/results/dashboard/patchsets/34614/
UNH-IOL DPDK Community Lab
To manage your email subscriptions, visit:
https://lab.dpdk.org/results/dashboard/preferences/subscriptions/
^ permalink raw reply [flat|nested] 31+ messages in thread
* |FAILURE| pw158839-158843 [PATCH] [v2,5/5] test: re-enable format-tr
[not found] <20251116190035.76123-6-stephen@networkplumber.org>
` (24 preceding siblings ...)
2025-11-17 6:30 ` |FAILURE| " dpdklab
@ 2025-11-17 6:31 ` dpdklab
2025-11-17 9:16 ` dpdklab
` (4 subsequent siblings)
30 siblings, 0 replies; 31+ messages in thread
From: dpdklab @ 2025-11-17 6:31 UTC (permalink / raw)
To: Test Report; +Cc: dpdk-test-reports, Stephen Hemminger
Test-Label: iol-compile-amd64-testing
Test-Status: FAILURE
http://dpdk.org/patch/158843
_Testing issues_
Submitter: Stephen Hemminger <stephen@networkplumber.org>
Date: Sunday, November 16 2025 18:59:33
DPDK git baseline: Repo:dpdk
Branch: master
CommitID:be0112878b4fc3a1b918370ed2fe615c52039d77
158839-158843 --> testing issues
Upstream job id: Generic-DPDK-Compile-Meson#445203
Test environment and result as below:
+-------------------------------+--------------------+------------------+-------------------------+-------------------+----------------------+
| Environment | dpdk_meson_compile | dpdk_compile_ovs | dpdk_llvm_clang_compile | dpdk_msvc_compile | dpdk_mingw64_compile |
+===============================+====================+==================+=========================+===================+======================+
| FreeBSD 14.2 | FAIL | SKIPPED | SKIPPED | SKIPPED | SKIPPED |
+-------------------------------+--------------------+------------------+-------------------------+-------------------+----------------------+
| Fedora Linux 42 | PASS | PASS | SKIPPED | SKIPPED | SKIPPED |
+-------------------------------+--------------------+------------------+-------------------------+-------------------+----------------------+
| Ubuntu 20.04 | FAIL | SKIPPED | SKIPPED | SKIPPED | SKIPPED |
+-------------------------------+--------------------+------------------+-------------------------+-------------------+----------------------+
| CentOS Stream 9 | PASS | SKIPPED | SKIPPED | SKIPPED | SKIPPED |
+-------------------------------+--------------------+------------------+-------------------------+-------------------+----------------------+
| CentOS Stream 10 | PASS | SKIPPED | SKIPPED | SKIPPED | SKIPPED |
+-------------------------------+--------------------+------------------+-------------------------+-------------------+----------------------+
| openSUSE Leap 15.6 | PASS | SKIPPED | SKIPPED | SKIPPED | SKIPPED |
+-------------------------------+--------------------+------------------+-------------------------+-------------------+----------------------+
| Debian GNU/Linux 12 | PASS | SKIPPED | SKIPPED | SKIPPED | SKIPPED |
+-------------------------------+--------------------+------------------+-------------------------+-------------------+----------------------+
| Red Hat Enterprise Linux 9.5 | PASS | SKIPPED | SKIPPED | SKIPPED | SKIPPED |
+-------------------------------+--------------------+------------------+-------------------------+-------------------+----------------------+
| Ubuntu 22.04 | PASS | SKIPPED | SKIPPED | SKIPPED | SKIPPED |
+-------------------------------+--------------------+------------------+-------------------------+-------------------+----------------------+
| Ubuntu 24.04 | PASS | PASS | SKIPPED | SKIPPED | SKIPPED |
+-------------------------------+--------------------+------------------+-------------------------+-------------------+----------------------+
| Red Hat Enterprise Linux 8.10 | FAIL | SKIPPED | SKIPPED | SKIPPED | SKIPPED |
+-------------------------------+--------------------+------------------+-------------------------+-------------------+----------------------+
| Alpine Linux 3.22.0 | PASS | SKIPPED | SKIPPED | SKIPPED | SKIPPED |
+-------------------------------+--------------------+------------------+-------------------------+-------------------+----------------------+
| Windows Server 2022 | SKIPPED | SKIPPED | PASS | PASS | PASS |
+-------------------------------+--------------------+------------------+-------------------------+-------------------+----------------------+
==== 20 line log output for Red Hat Enterprise Linux 8.10 (dpdk_meson_compile): ====
[3475/3651] Compiling C object app/dpdk-test.p/test_test_bpf.c.o
[3476/3651] Compiling C object app/dpdk-test.p/test_test_bitmap.c.o
[3477/3651] Compiling C object app/dpdk-test.p/test_test_bitops.c.o
[3478/3651] Compiling C object app/dpdk-test.p/test_test_bitratestats.c.o
[3479/3651] Compiling C object app/dpdk-test.p/test_test_cksum.c.o
[3480/3651] Compiling C object app/dpdk-test.p/test_test_cksum_perf.c.o
[3481/3651] Compiling C object app/dpdk-test.p/test_test_byteorder.c.o
[3482/3651] Compiling C object app/dpdk-test.p/test_test_cmdline.c.o
[3483/3651] Compiling C object app/dpdk-test.p/test_test_cfgfile.c.o
FAILED: app/dpdk-test.p/test_test_cfgfile.c.o
ccache cc -Iapp/dpdk-test.p -Iapp -I../app -Ilib/cmdline -I../lib/cmdline -Ilib/eal/common -I../lib/eal/common -I. -I.. -Iconfig -I../config -Ilib/eal/include -I../lib/eal/include -Ilib/eal/linux/include -I../lib/eal/linux/include -Ilib/eal/x86/include -I../lib/eal/x86/include -I../kernel/linux -Ilib/eal -I../lib/eal -Ilib/kvargs -I../lib/kvargs -Ilib/log -I../lib/log -Ilib/metrics -I../lib/metrics -Ilib/telemetry -I../lib/telemetry -Ilib/argparse -I../lib/argparse -Ilib/net -I../lib/net -Ilib/mbuf -I../lib/mbuf -Ilib/mempool -I../lib/mempool -Ilib/ring -I../lib/ring -Idrivers/net/ring -I../drivers/net/ring -Ilib/ethdev -I../lib/ethdev -Ilib/meter -I../lib/meter -Idrivers/bus/pci -I../drivers/bus/pci -I../drivers/bus/pci/linux -Ilib/pci -I../lib/pci -Idrivers/bus/vdev -I../drivers/bus/vdev -Ilib/acl -I../lib/acl -Ilib/hash -I../lib/hash -Ilib/rcu -I../lib/rcu -Ilib/bitratestats -I../lib/bitratestats -Ilib/bpf -I../lib/bpf -Ilib/cfgfile -I../lib/cfgfile -Ilib/compressdev -I../lib/comp
ressdev -Ilib/cryptodev -I../lib/cryptodev -Ilib/security -I../lib/security -Ilib/dispatcher -I../lib/dispatcher -Ilib/eventdev -I../lib/eventdev -Ilib/timer -I../lib/timer -Ilib/dmadev -I../lib/dmadev -Ilib/distributor -I../lib/distributor -Ilib/efd -I../lib/efd -Ilib/fib -I../lib/fib -Ilib/rib -I../lib/rib -Ilib/table -I../lib/table -Ilib/port -I../lib/port -Ilib/sched -I../lib/sched -Ilib/ip_frag -I../lib/ip_frag -Ilib/lpm -I../lib/lpm -Ilib/graph -I../lib/graph -Ilib/pcapng -I../lib/pcapng -Ilib/ipsec -I../lib/ipsec -Ilib/latencystats -I../lib/latencystats -Idrivers/net/bonding -I../drivers/net/bonding -Ilib/member -I../lib/member -Ilib/pdcp -I../lib/pdcp -Ilib/reorder -I../lib/reorder -Ilib/pdump -I../lib/pdump -Ilib/pmu -I../lib/pmu -Ilib/power -I../lib/power -Idrivers/power/acpi -I../drivers/power/acpi -Idrivers/power/kvm_vm -I../drivers/power/kvm_vm -Idrivers/power/intel_pstate -I../drivers/power/intel_pstate -Idrivers/power/amd_pstate -I../drivers/power/amd_pstate -Idrivers
/power/cppc -I../drivers/power/cppc -Idrivers/power/intel_uncore -I../drivers/power/intel_uncore -Ilib/ptr_compress -I../lib/ptr_compress -Ilib/rawdev -I../lib/rawdev -Idrivers/raw/skeleton -I../drivers/raw/skeleton -Ilib/stack -I../lib/stack -Ilib/pipeline -I../lib/pipeline -Idrivers/crypto/scheduler -I../drivers/crypto/scheduler -Iapp/test/test_cfgfiles -fdiagnostics-color=always -pipe -D_FILE_OFFSET_BITS=64 -Wall -Winvalid-pch -Wextra -Werror -std=c11 -O3 -include rte_config.h -Wvla -Wcast-qual -Wdeprecated -Wformat -Wformat-nonliteral -Wformat-security -Wmissing-declarations -Wmissing-prototypes -Wnested-externs -Wold-style-definition -Wpointer-arith -Wsign-compare -Wstrict-prototypes -Wundef -Wwrite-strings -Wno-packed-not-aligned -Wno-missing-field-initializers -D_GNU_SOURCE -march=native -mrtm -DALLOW_EXPERIMENTAL_API -Wno-vla -fno-strict-aliasing -DALLOW_INTERNAL_API -MD -MQ app/dpdk-test.p/test_test_cfgfile.c.o -MF app/dpdk-test.p/test_test_cfgfile.c.o.d -o app/dpdk-test.p/
test_test_cfgfile.c.o -c ../app/test/test_cfgfile.c
../app/test/test_cfgfile.c: In function 'test_cfgfile_realloc_sections':
../app/test/test_cfgfile.c:186:42: error: '%s' directive output may be truncated writing 12 bytes into a region of size between 1 and 4096 [-Werror=format-truncation=]
snprintf(filename, sizeof(filename), "%s%s", tmp, "cfg_save.ini");
^~ ~~~~~~~~~~~~~~
../app/test/test_cfgfile.c:186:2: note: 'snprintf' output between 13 and 4108 bytes into a destination of size 4096
snprintf(filename, sizeof(filename), "%s%s", tmp, "cfg_save.ini");
^~~~~~~~~~~~~~~~~~~~~~~~~~~~~~~~~~~~~~~~~~~~~~~~~~~~~~~~~~~~~~~~~
cc1: all warnings being treated as errors
ninja: build stopped: subcommand failed.
==== End log output ====
FreeBSD 14.2
Kernel: 14.2-RELEASE
Compiler: clang 18.1.6
Fedora Linux 42
Kernel: 5.15
Compiler: gcc gcc (GCC) 15.2.1 20250808 (Red Hat 15.2.1-1)
Ubuntu 20.04
Kernel: 4.19
Compiler: gcc gcc (Ubuntu 9.4.0-1ubuntu1~20.04.2) 9.4.0
CentOS Stream 9
Kernel: 5.15
Compiler: gcc gcc (GCC) 11.5.0 20240719 (Red Hat 11.5.0-11)
CentOS Stream 10
Kernel: 5.15
Compiler: gcc gcc (GCC) 14.2.1 20250110 (Red Hat 14.2.1-8)
openSUSE Leap 15.6
Kernel: 5.15
Compiler: gcc gcc (SUSE Linux) 7.5.0
Debian GNU/Linux 12
Kernel: 5.15
Compiler: gcc gcc (Debian 12.2.0-14+deb12u1) 12.2.0
Red Hat Enterprise Linux 9.5
Kernel: 5.15
Compiler: gcc gcc (GCC) 11.5.0 20240719 (Red Hat 11.5.0-2)
Ubuntu 22.04
Kernel: 5.15
Compiler: gcc gcc (Ubuntu 11.4.0-1ubuntu1~22.04) 11.4.0
Ubuntu 24.04
Kernel: 5.15
Compiler: gcc gcc (Ubuntu 13.3.0-6ubuntu2~24.04) 13.3.0
Red Hat Enterprise Linux 8.10
Kernel: 5.15
Compiler: gcc gcc (GCC) 8.5.0 20210514 (Red Hat 8.5.0-22)
Alpine Linux 3.22.0
Kernel: 5.15
Compiler: gcc gcc (Alpine 14.2.0) 14.2.0
Windows Server 2022
Kernel: 10.0.20348.2031
Compiler: clang 15.0.7, gcc 14.1.0 (MinGW), and MSVC VS 19.39.33521
To view detailed results, visit:
https://lab.dpdk.org/results/dashboard/patchsets/34614/
UNH-IOL DPDK Community Lab
To manage your email subscriptions, visit:
https://lab.dpdk.org/results/dashboard/preferences/subscriptions/
^ permalink raw reply [flat|nested] 31+ messages in thread
* |FAILURE| pw158839-158843 [PATCH] [v2,5/5] test: re-enable format-tr
[not found] <20251116190035.76123-6-stephen@networkplumber.org>
` (25 preceding siblings ...)
2025-11-17 6:31 ` dpdklab
@ 2025-11-17 9:16 ` dpdklab
2025-11-17 15:07 ` |SUCCESS| " dpdklab
` (3 subsequent siblings)
30 siblings, 0 replies; 31+ messages in thread
From: dpdklab @ 2025-11-17 9:16 UTC (permalink / raw)
To: Test Report; +Cc: dpdk-test-reports, Stephen Hemminger
Test-Label: iol-compile-arm64-testing
Test-Status: FAILURE
http://dpdk.org/patch/158843
_Testing issues_
Submitter: Stephen Hemminger <stephen@networkplumber.org>
Date: Sunday, November 16 2025 18:59:33
DPDK git baseline: Repo:dpdk
Branch: master
CommitID:be0112878b4fc3a1b918370ed2fe615c52039d77
158839-158843 --> testing issues
Upstream job id: Generic-DPDK-Compile-Meson#445218
Test environment and result as below:
+------------------------------+--------------------+
| Environment | dpdk_meson_compile |
+==============================+====================+
| Red Hat Enterprise Linux 9.5 | PASS |
+------------------------------+--------------------+
| Fedora Linux 42 | PASS |
+------------------------------+--------------------+
| Debian GNU/Linux 12 | PASS |
+------------------------------+--------------------+
| Ubuntu 20.04 | PASS |
+------------------------------+--------------------+
| Ubuntu 24.04 | PASS |
+------------------------------+--------------------+
| CentOS Stream 9 | PASS |
+------------------------------+--------------------+
| CentOS Stream 10 | PASS |
+------------------------------+--------------------+
| Ubuntu 22.04 | PASS |
+------------------------------+--------------------+
Red Hat Enterprise Linux 9.5
Kernel: 5.4
Compiler: gcc gcc (GCC) 11.5.0 20240719 (Red Hat 11.5.0-2)
Fedora Linux 42
Kernel: 5.4
Compiler: gcc gcc (GCC) 15.2.1 20250808 (Red Hat 15.2.1-1)
Debian GNU/Linux 12
Kernel: 5.4
Compiler: gcc gcc (Debian 12.2.0-14+deb12u1) 12.2.0
Ubuntu 20.04
Kernel: 5.15
Compiler: gcc gcc (Ubuntu 9.4.0-1ubuntu1~20.04.2) 9.4.0
Ubuntu 24.04
Kernel: 5.4
Compiler: gcc gcc (Ubuntu 13.3.0-6ubuntu2~24.04) 13.3.0
CentOS Stream 9
Kernel: 5.4
Compiler: gcc gcc (GCC) 11.5.0 20240719 (Red Hat 11.5.0-11)
CentOS Stream 10
Kernel: 5.4
Compiler: gcc gcc (GCC) 14.2.1 20250110 (Red Hat 14.2.1-8)
Ubuntu 22.04
Kernel: 5.4
Compiler: gcc gcc (Ubuntu 11.4.0-1ubuntu1~22.04) 11.4.0
To view detailed results, visit:
https://lab.dpdk.org/results/dashboard/patchsets/34614/
UNH-IOL DPDK Community Lab
To manage your email subscriptions, visit:
https://lab.dpdk.org/results/dashboard/preferences/subscriptions/
^ permalink raw reply [flat|nested] 31+ messages in thread
* |SUCCESS| pw158839-158843 [PATCH] [v2,5/5] test: re-enable format-tr
[not found] <20251116190035.76123-6-stephen@networkplumber.org>
` (26 preceding siblings ...)
2025-11-17 9:16 ` dpdklab
@ 2025-11-17 15:07 ` dpdklab
2025-11-17 15:11 ` dpdklab
` (2 subsequent siblings)
30 siblings, 0 replies; 31+ messages in thread
From: dpdklab @ 2025-11-17 15:07 UTC (permalink / raw)
To: Test Report; +Cc: dpdk-test-reports
Test-Label: iol-intel-Functional
Test-Status: SUCCESS
http://dpdk.org/patch/158843
_Functional Testing PASS_
Submitter: Stephen Hemminger <stephen@networkplumber.org>
Date: Sunday, November 16 2025 18:59:33
DPDK git baseline: Repo:dpdk
Branch: master
CommitID:be0112878b4fc3a1b918370ed2fe615c52039d77
158839-158843 --> functional testing pass
Upstream job id: Template-DPDK-DTS-Pipeline#3357
Test environment and result as below:
Ubuntu 20.04
Kernel: 5.4
Compiler: gcc gcc (Ubuntu 9.4.0-1ubuntu1~20.04.1) 9.4.0
NIC: Intel Corporation Ethernet Converged Network Adapter XL710-QDA2 40000 Mbps
Aggregate Results by Test Suite
+-----------------------------+--------+
| Test Suite | Result |
+=============================+========+
| unit_tests_mbuf | PASS |
+-----------------------------+--------+
| vhost_virtio_user_interrupt | PASS |
+-----------------------------+--------+
| virtio_smoke | PASS |
+-----------------------------+--------+
Ubuntu 22.04
Kernel: 5.15
Compiler: gcc gcc (Ubuntu 11.4.0-1ubuntu1~22.04.2) 11.4.0
NIC: Intel Corporation QAT 8970 0 Mbps
Aggregate Results by Test Suite
+----------------------------+--------+
| Test Suite | Result |
+============================+========+
| crypto_perf_cryptodev_perf | PASS |
+----------------------------+--------+
Ubuntu 24.04
Kernel: 6.8
Compiler: gcc gcc (Ubuntu 13.3.0-6ubuntu2~24.04) 13.3.0
NIC: Intel E810 (Arm Grace Server) 100000 Mbps
Aggregate Results by Test Suite
+------------+--------+
| Test Suite | Result |
+============+========+
| blocklist | PASS |
+------------+--------+
| uni_pkt | PASS |
+------------+--------+
To view detailed results, visit:
https://lab.dpdk.org/results/dashboard/patchsets/34614/
UNH-IOL DPDK Community Lab
To manage your email subscriptions, visit:
https://lab.dpdk.org/results/dashboard/preferences/subscriptions/
^ permalink raw reply [flat|nested] 31+ messages in thread
* |SUCCESS| pw158839-158843 [PATCH] [v2,5/5] test: re-enable format-tr
[not found] <20251116190035.76123-6-stephen@networkplumber.org>
` (27 preceding siblings ...)
2025-11-17 15:07 ` |SUCCESS| " dpdklab
@ 2025-11-17 15:11 ` dpdklab
2025-11-17 15:20 ` dpdklab
2025-11-17 15:40 ` dpdklab
30 siblings, 0 replies; 31+ messages in thread
From: dpdklab @ 2025-11-17 15:11 UTC (permalink / raw)
To: Test Report; +Cc: dpdk-test-reports
Test-Label: iol-intel-Functional
Test-Status: SUCCESS
http://dpdk.org/patch/158843
_Functional Testing PASS_
Submitter: Stephen Hemminger <stephen@networkplumber.org>
Date: Sunday, November 16 2025 18:59:33
DPDK git baseline: Repo:dpdk
Branch: master
CommitID:be0112878b4fc3a1b918370ed2fe615c52039d77
158839-158843 --> functional testing pass
Upstream job id: Template-DTS-Pipeline#255259
Test environment and result as below:
Ubuntu 20.04
Kernel: 5.4
Compiler: gcc gcc (Ubuntu 9.4.0-1ubuntu1~20.04.1) 9.4.0
NIC: Intel Corporation Ethernet Converged Network Adapter XL710-QDA2 40000 Mbps
Aggregate Results by Test Suite
+-----------------------------+--------+
| Test Suite | Result |
+=============================+========+
| unit_tests_mbuf | PASS |
+-----------------------------+--------+
| vhost_virtio_user_interrupt | PASS |
+-----------------------------+--------+
| virtio_smoke | PASS |
+-----------------------------+--------+
Ubuntu 22.04
Kernel: 5.15
Compiler: gcc gcc (Ubuntu 11.4.0-1ubuntu1~22.04.2) 11.4.0
NIC: Intel Corporation QAT 8970 0 Mbps
Aggregate Results by Test Suite
+----------------------------+--------+
| Test Suite | Result |
+============================+========+
| crypto_perf_cryptodev_perf | PASS |
+----------------------------+--------+
Ubuntu 24.04
Kernel: 6.8
Compiler: gcc gcc (Ubuntu 13.3.0-6ubuntu2~24.04) 13.3.0
NIC: Intel Corporation 4xxx Series QAT 0 Mbps
Aggregate Results by Test Suite
+----------------------------+--------+
| Test Suite | Result |
+============================+========+
| crypto_perf_cryptodev_perf | PASS |
+----------------------------+--------+
Ubuntu 24.04
Kernel: 6.8
Compiler: gcc gcc (Ubuntu 13.3.0-6ubuntu2~24.04) 13.3.0
NIC: Intel E810 (Arm Grace Server) 100000 Mbps
Aggregate Results by Test Suite
+------------+--------+
| Test Suite | Result |
+============+========+
| blocklist | PASS |
+------------+--------+
| uni_pkt | PASS |
+------------+--------+
To view detailed results, visit:
https://lab.dpdk.org/results/dashboard/patchsets/34614/
UNH-IOL DPDK Community Lab
To manage your email subscriptions, visit:
https://lab.dpdk.org/results/dashboard/preferences/subscriptions/
^ permalink raw reply [flat|nested] 31+ messages in thread
* |SUCCESS| pw158839-158843 [PATCH] [v2,5/5] test: re-enable format-tr
[not found] <20251116190035.76123-6-stephen@networkplumber.org>
` (28 preceding siblings ...)
2025-11-17 15:11 ` dpdklab
@ 2025-11-17 15:20 ` dpdklab
2025-11-17 15:40 ` dpdklab
30 siblings, 0 replies; 31+ messages in thread
From: dpdklab @ 2025-11-17 15:20 UTC (permalink / raw)
To: Test Report; +Cc: dpdk-test-reports
Test-Label: iol-intel-Performance
Test-Status: SUCCESS
http://dpdk.org/patch/158843
_Performance Testing PASS_
Submitter: Stephen Hemminger <stephen@networkplumber.org>
Date: Sunday, November 16 2025 18:59:33
DPDK git baseline: Repo:dpdk
Branch: master
CommitID:be0112878b4fc3a1b918370ed2fe615c52039d77
158839-158843 --> performance testing pass
Upstream job id: Template-DTS-Pipeline#255252
Test environment and result as below:
Ubuntu 22.04
Kernel: 5.15
Compiler: gcc gcc (Ubuntu 11.4.0-1ubuntu1~22.04.2) 11.4.0
NIC: Intel E810 100000 Mbps
Fail/Total: 0/2
Detail performance results:
+------------+---------+----------+-------------+------------------------------+
| frame_size | txd/rxd | num_cpus | num_threads | throughput difference from |
| | | | | expected |
+============+=========+==========+=============+==============================+
| 64 | 512 | 1 | 1 | -0.3% |
+------------+---------+----------+-------------+------------------------------+
| 64 | 2048 | 1 | 1 | 1.8% |
+------------+---------+----------+-------------+------------------------------+
Ubuntu 24.04
Kernel: 6.8
Compiler: gcc gcc (Ubuntu 13.3.0-6ubuntu2~24.04) 13.3.0
NIC: Intel E810 (Arm Grace Server) 100000 Mbps
Fail/Total: 0/2
Detail performance results:
+------------+---------+----------+-------------+------------------------------+
| frame_size | txd/rxd | num_cpus | num_threads | throughput difference from |
| | | | | expected |
+============+=========+==========+=============+==============================+
| 64 | 512 | 1 | 1 | -0.1% |
+------------+---------+----------+-------------+------------------------------+
| 64 | 2048 | 1 | 1 | -0.7% |
+------------+---------+----------+-------------+------------------------------+
Ubuntu 20.04
Kernel: 5.4
Compiler: gcc gcc (Ubuntu 9.4.0-1ubuntu1~20.04.1) 9.4.0
NIC: Intel Corporation Ethernet Converged Network Adapter XL710-QDA2 40000 Mbps
Fail/Total: 0/4
Detail performance results:
+----------+-------------+---------+------------+------------------------------+
| num_cpus | num_threads | txd/rxd | frame_size | throughput difference from |
| | | | | expected |
+==========+=============+=========+============+==============================+
| 1 | 2 | 512 | 64 | -0.8% |
+----------+-------------+---------+------------+------------------------------+
| 1 | 2 | 2048 | 64 | 0.3% |
+----------+-------------+---------+------------+------------------------------+
| 1 | 1 | 512 | 64 | -2.7% |
+----------+-------------+---------+------------+------------------------------+
| 1 | 1 | 2048 | 64 | -4.2% |
+----------+-------------+---------+------------+------------------------------+
To view detailed results, visit:
https://lab.dpdk.org/results/dashboard/patchsets/34614/
UNH-IOL DPDK Community Lab
To manage your email subscriptions, visit:
https://lab.dpdk.org/results/dashboard/preferences/subscriptions/
^ permalink raw reply [flat|nested] 31+ messages in thread
* |SUCCESS| pw158839-158843 [PATCH] [v2,5/5] test: re-enable format-tr
[not found] <20251116190035.76123-6-stephen@networkplumber.org>
` (29 preceding siblings ...)
2025-11-17 15:20 ` dpdklab
@ 2025-11-17 15:40 ` dpdklab
30 siblings, 0 replies; 31+ messages in thread
From: dpdklab @ 2025-11-17 15:40 UTC (permalink / raw)
To: Ali Alnubani, Test Report; +Cc: dpdk-test-reports
Test-Label: iol-mellanox-Performance
Test-Status: SUCCESS
http://dpdk.org/patch/158843
_Performance Testing PASS_
Submitter: Stephen Hemminger <stephen@networkplumber.org>
Date: Sunday, November 16 2025 18:59:33
DPDK git baseline: Repo:dpdk
Branch: master
CommitID:be0112878b4fc3a1b918370ed2fe615c52039d77
158839-158843 --> performance testing pass
Upstream job id: Template-DTS-Pipeline#255247
Test environment and result as below:
Ubuntu 24.04
Kernel: 6.8
Compiler: gcc gcc (Ubuntu 13.3.0-6ubuntu2~24.04) 13.3.0
NIC: NVIDIA Mellanox ConnectX-7 100000 Mbps
Fail/Total: 0/6
Detail performance results:
+------------+---------+----------+-------------+------------------------------+
| frame_size | txd/rxd | num_cpus | num_threads | throughput difference from |
| | | | | expected |
+============+=========+==========+=============+==============================+
| 64 | 1024 | 1 | 1 | 0.1% |
+------------+---------+----------+-------------+------------------------------+
| 128 | 1024 | 1 | 1 | -0.7% |
+------------+---------+----------+-------------+------------------------------+
| 256 | 1024 | 1 | 1 | 0.7% |
+------------+---------+----------+-------------+------------------------------+
| 512 | 1024 | 1 | 1 | -0.0% |
+------------+---------+----------+-------------+------------------------------+
| 1024 | 1024 | 1 | 1 | -0.0% |
+------------+---------+----------+-------------+------------------------------+
| 1518 | 1024 | 1 | 1 | 0.1% |
+------------+---------+----------+-------------+------------------------------+
Ubuntu 24.04
Kernel: 6.8
Compiler: gcc gcc (Ubuntu 13.3.0-6ubuntu2~24.04) 13.3.0
NIC: Mellanox ConnectX-6 Lx 25000 Mbps
Fail/Total: 0/6
Detail performance results:
+------------+---------+----------+-------------+------------------------------+
| frame_size | txd/rxd | num_cpus | num_threads | throughput difference from |
| | | | | expected |
+============+=========+==========+=============+==============================+
| 64 | 1024 | 1 | 1 | -0.0% |
+------------+---------+----------+-------------+------------------------------+
| 128 | 1024 | 1 | 1 | -0.2% |
+------------+---------+----------+-------------+------------------------------+
| 256 | 1024 | 1 | 1 | -0.2% |
+------------+---------+----------+-------------+------------------------------+
| 512 | 1024 | 1 | 1 | -0.1% |
+------------+---------+----------+-------------+------------------------------+
| 1024 | 1024 | 1 | 1 | -0.1% |
+------------+---------+----------+-------------+------------------------------+
| 1518 | 1024 | 1 | 1 | 0.2% |
+------------+---------+----------+-------------+------------------------------+
To view detailed results, visit:
https://lab.dpdk.org/results/dashboard/patchsets/34614/
UNH-IOL DPDK Community Lab
To manage your email subscriptions, visit:
https://lab.dpdk.org/results/dashboard/preferences/subscriptions/
^ permalink raw reply [flat|nested] 31+ messages in thread
end of thread, other threads:[~2025-11-17 15:40 UTC | newest]
Thread overview: 31+ messages (download: mbox.gz / follow: Atom feed)
-- links below jump to the message on this page --
[not found] <20251116190035.76123-6-stephen@networkplumber.org>
2025-11-16 18:27 ` |SUCCESS| pw158839-158843 [PATCH v2 5/5] test: re-enable format-truncation warnings qemudev
2025-11-16 18:32 ` qemudev
2025-11-16 19:00 ` |SUCCESS| pw158843 " checkpatch
2025-11-16 19:51 ` 0-day Robot
2025-11-16 19:51 ` 0-day Robot
2025-11-17 4:41 ` |FAILURE| pw158839-158843 [PATCH] [v2,5/5] test: re-enable format-tr dpdklab
2025-11-17 4:43 ` dpdklab
2025-11-17 4:44 ` |SUCCESS| " dpdklab
2025-11-17 4:44 ` |FAILURE| " dpdklab
2025-11-17 4:44 ` dpdklab
2025-11-17 4:45 ` |PENDING| " dpdklab
2025-11-17 4:47 ` dpdklab
2025-11-17 4:49 ` |SUCCESS| " dpdklab
2025-11-17 4:50 ` |FAILURE| " dpdklab
2025-11-17 4:51 ` dpdklab
2025-11-17 4:53 ` |PENDING| " dpdklab
2025-11-17 4:57 ` |WARNING| " dpdklab
2025-11-17 5:06 ` |SUCCESS| " dpdklab
2025-11-17 5:08 ` dpdklab
2025-11-17 5:23 ` |WARNING| " dpdklab
2025-11-17 5:28 ` |FAILURE| " dpdklab
2025-11-17 5:36 ` dpdklab
2025-11-17 5:45 ` |SUCCESS| " dpdklab
2025-11-17 6:21 ` |WARNING| " dpdklab
2025-11-17 6:30 ` |FAILURE| " dpdklab
2025-11-17 6:31 ` dpdklab
2025-11-17 9:16 ` dpdklab
2025-11-17 15:07 ` |SUCCESS| " dpdklab
2025-11-17 15:11 ` dpdklab
2025-11-17 15:20 ` dpdklab
2025-11-17 15:40 ` dpdklab
This is a public inbox, see mirroring instructions
for how to clone and mirror all data and code used for this inbox;
as well as URLs for NNTP newsgroup(s).