From mboxrd@z Thu Jan 1 00:00:00 1970 Return-Path: Received: from mails.dpdk.org (mails.dpdk.org [217.70.189.124]) by inbox.dpdk.org (Postfix) with ESMTP id 0764A48B33 for ; Mon, 17 Nov 2025 16:16:24 +0100 (CET) Received: from mails.dpdk.org (localhost [127.0.0.1]) by mails.dpdk.org (Postfix) with ESMTP id 036524025A; Mon, 17 Nov 2025 16:16:24 +0100 (CET) Received: from mail-pl1-f228.google.com (mail-pl1-f228.google.com [209.85.214.228]) by mails.dpdk.org (Postfix) with ESMTP id F2D374025A for ; Mon, 17 Nov 2025 16:16:22 +0100 (CET) Received: by mail-pl1-f228.google.com with SMTP id d9443c01a7336-29844c68068so43147755ad.2 for ; Mon, 17 Nov 2025 07:16:22 -0800 (PST) DKIM-Signature: v=1; a=rsa-sha256; c=relaxed/relaxed; d=iol.unh.edu; s=unh-iol; t=1763392582; x=1763997382; darn=dpdk.org; h=references:in-reply-to:cc:to:from:subject:message-id:date:from:to :cc:subject:date:message-id:reply-to; bh=Ey01drhuQsm0dPsNEUc8mgGlJuCDFq8EXS1CyTeN02g=; b=LfONuHbhfOWsg5eN57nirdNqTC4jf21zMUJ/Cxx5Fgmvvn5El3WmL4Ca1tJOlUasIp CwYR9oZOYef1mT67IjMPa6nJpMVqfra8z2w89CMqoDpADd3/pEjWqLs7N80WyJxZIZIl Odxdb/3AdGwQTu1DgAUp8D1qsj9L3ayenuOOE= X-Google-DKIM-Signature: v=1; a=rsa-sha256; c=relaxed/relaxed; d=1e100.net; s=20230601; t=1763392582; x=1763997382; h=references:in-reply-to:cc:to:from:subject:message-id:date:x-gm-gg :x-gm-message-state:from:to:cc:subject:date:message-id:reply-to; bh=Ey01drhuQsm0dPsNEUc8mgGlJuCDFq8EXS1CyTeN02g=; b=Ts5HoZAmudw7J8a9CjDqZiAM7fmRUnjQBvejY/0foMf7JL7BHmfz40/qswTUwDhqCl FT+SWU+0pL5gWAqE9PdpDs6wXvQE1jIKulnSVF0Rw7/cxzY0k7TQCE0d9Fcce7O+8MHx B4CLYZZWVILyJGfyj4oiQgL4l+ynPdNTONzvgXXWjbTtrCK3IeWwk/FAvgL64+ttOLRL JmYXxTYHf0OuSxjETzJM36J7KS/aLQ6nVXbqMe2BbUjqb+iRmx0APC5mUIFh13S2UOuL EK0DjGuqMq4I/a2kz4oagxFwsghHu08M2gQ7KvDslTIqkhQNB2Vg7fwIlM4Ytq+9JpZ3 pW/A== X-Gm-Message-State: AOJu0YyM3FS4vtrumHHiXC5c8kgWc5Y/JoQWK3PU09+pWR43SQbS6g2D 0OtzkV3c0E30KUSNjM18YOwi+nuTwMuL+hn4lBk6J3aiYgPa0le8Ah+cx1oG7jZp14hIXPT5kYa FuwbkgPtCIPpD0Dv1rE01+OCb7GbfdQofjMJV86c07YYctDt/wgfXDhsAkA05 X-Gm-Gg: ASbGnctCsYPZho4cV+Zr2a2WmHUiqWZAVuBYMmQu1oiK6gezyGSqt1yImnvK1ipjmLE ZfcH8lILQvtojok7tJBI/W/4m/7gdxRXkrrv7iwFgLVthFxhlsLzjRy0D9ifKGOBGyzBX5F813T y87fVAPA+0u+QDGw3Gk0TsngDYj8USo2D2grO+yom+vmL4qOxOxVh8vJyt9i97A+J7FNdFrGqI3 7Vkiu7+yVhchs+hbjqKNgKOSaQH7IVPqNFpLsSy5WFfMhAxLL6sMsK2+TlxDRqfUCNzbsUcyQ1Z kdXT/UkzpwmjdDcoTXO/WPmWDiu+nt7ZktgFNK+iRoZJwFg2y3bk5XiC8xPnM5lbMVybZ7M5cHT kUGrgN2qx X-Google-Smtp-Source: AGHT+IEV84CmFQZG2ctUiyntTO0eD1Mg8FhLUI3Aevi7IdJLk9U0uJEfsJrMRpcURjbV6id9HviJKGtw7iKl X-Received: by 2002:a17:903:8cc:b0:298:33c9:eda2 with SMTP id d9443c01a7336-2986a73b4b2mr146968795ad.33.1763392582077; Mon, 17 Nov 2025 07:16:22 -0800 (PST) Received: from postal.iol.unh.edu (postal.iol.unh.edu. [2606:4100:3880:1234::84]) by smtp-relay.gmail.com with ESMTPS id d9443c01a7336-2985c2a8c77sm15174575ad.35.2025.11.17.07.16.21 (version=TLS1_2 cipher=ECDHE-ECDSA-AES128-GCM-SHA256 bits=128/128); Mon, 17 Nov 2025 07:16:22 -0800 (PST) X-Relaying-Domain: iol.unh.edu Date: Mon, 17 Nov 2025 07:16:22 -0800 (PST) Message-ID: <691b3c46.170a0220.24d5fb.b972SMTPIN_ADDED_MISSING@mx.google.com> Received: from [172.21.0.5] (unknown [172.18.0.240]) by postal.iol.unh.edu (Postfix) with ESMTP id 49522604D420; Mon, 17 Nov 2025 10:16:21 -0500 (EST) Subject: |FAILURE| pw158854-158855 [PATCH] [2/2] net/mlx5: fix the masked val From: dpdklab@iol.unh.edu To: Test Report Cc: dpdk-test-reports@iol.unh.edu, Stephen Hemminger , Bing Zhao In-Reply-To: <20251117080942.9750-1-bingz@nvidia.com> References: <20251117080942.9750-1-bingz@nvidia.com> Content-Type: text/plain X-BeenThere: test-report@dpdk.org X-Mailman-Version: 2.1.29 Precedence: list List-Id: automatic DPDK test reports List-Unsubscribe: , List-Archive: List-Post: List-Help: List-Subscribe: , Errors-To: test-report-bounces@dpdk.org Test-Label: iol-unit-amd64-testing Test-Status: FAILURE http://dpdk.org/patch/158855 _Testing issues_ Submitter: Bing Zhao Date: Monday, November 17 2025 08:09:42 DPDK git baseline: Repo:dpdk-next-net Branch: master CommitID:18d8a8909b8ed6b0a4bd8f99971da74ebba792e2 158854-158855 --> testing issues Upstream job id: Generic-Unit-Test-DPDK#393874 Test environment and result as below: +-------------------------------+----------------+ | Environment | dpdk_unit_test | +===============================+================+ | CentOS Stream 9 | WARN | +-------------------------------+----------------+ | Debian GNU/Linux 12 | WARN | +-------------------------------+----------------+ | CentOS Stream 10 | WARN | +-------------------------------+----------------+ | Fedora Linux 40 | WARN | +-------------------------------+----------------+ | Fedora Linux 42 | WARN | +-------------------------------+----------------+ | Fedora Linux 41 | PEND | +-------------------------------+----------------+ | Red Hat Enterprise Linux 8.10 | PEND | +-------------------------------+----------------+ | Ubuntu 20.04 | FAIL | +-------------------------------+----------------+ | Red Hat Enterprise Linux 9.5 | PEND | +-------------------------------+----------------+ | Ubuntu 24.04 | PEND | +-------------------------------+----------------+ | Ubuntu 22.04 | PEND | +-------------------------------+----------------+ | Windows Server 2022 | PASS | +-------------------------------+----------------+ ==== Unit test summary for Ubuntu 20.04 (dpdk_unit_test): ==== Failed to get the unit test results. Displaying the unit test results is not supported for some environments, such as our aarch32 testing, where meson is not used to run the tests. Download the logs available on our CI site. ==== End log output ==== CentOS Stream 9 Kernel: 5.15 Compiler: gcc gcc (GCC) 11.5.0 20240719 (Red Hat 11.5.0-11) Debian GNU/Linux 12 Kernel: 5.15 Compiler: gcc gcc (Debian 12.2.0-14+deb12u1) 12.2.0 CentOS Stream 10 Kernel: 5.15 Compiler: gcc gcc (GCC) 14.2.1 20250110 (Red Hat 14.2.1-8) Fedora Linux 40 Kernel: 5.15 Compiler: gcc gcc (GCC) 14.2.1 20240912 (Red Hat 14.2.1-3) Fedora Linux 42 Kernel: 5.15 Compiler: gcc gcc (GCC) 15.2.1 20250808 (Red Hat 15.2.1-1) Fedora Linux 41 Kernel: 5.15 Compiler: gcc gcc (GCC) 14.3.1 20250523 (Red Hat 14.3.1-1) Red Hat Enterprise Linux 8.10 Kernel: 5.15 Compiler: gcc gcc (GCC) 8.5.0 20210514 (Red Hat 8.5.0-22) Ubuntu 20.04 Kernel: 5.15 Compiler: gcc gcc (Ubuntu 9.4.0-1ubuntu1~20.04.2) 9.4.0 Red Hat Enterprise Linux 9.5 Kernel: 5.15 Compiler: gcc gcc (GCC) 11.5.0 20240719 (Red Hat 11.5.0-2) Ubuntu 24.04 Kernel: 5.15 Compiler: gcc gcc (Ubuntu 13.3.0-6ubuntu2~24.04) 13.3.0 Ubuntu 22.04 Kernel: 5.15 Compiler: gcc gcc (Ubuntu 11.4.0-1ubuntu1~22.04) 11.4.0 Windows Server 2022 Kernel: 10.0.20348.2031 Compiler: clang 15.0.7, gcc 14.1.0 (MinGW), and MSVC VS 19.39.33521 To view detailed results, visit: https://lab.dpdk.org/results/dashboard/patchsets/34624/ UNH-IOL DPDK Community Lab To manage your email subscriptions, visit: https://lab.dpdk.org/results/dashboard/preferences/subscriptions/