From mboxrd@z Thu Jan 1 00:00:00 1970 Return-Path: Received: from mails.dpdk.org (mails.dpdk.org [217.70.189.124]) by inbox.dpdk.org (Postfix) with ESMTP id 4593F48B33 for ; Mon, 17 Nov 2025 16:18:35 +0100 (CET) Received: from mails.dpdk.org (localhost [127.0.0.1]) by mails.dpdk.org (Postfix) with ESMTP id 415974025A; Mon, 17 Nov 2025 16:18:35 +0100 (CET) Received: from mail-io1-f97.google.com (mail-io1-f97.google.com [209.85.166.97]) by mails.dpdk.org (Postfix) with ESMTP id 165784025A for ; Mon, 17 Nov 2025 16:18:34 +0100 (CET) Received: by mail-io1-f97.google.com with SMTP id ca18e2360f4ac-948f8fa9451so48244939f.3 for ; Mon, 17 Nov 2025 07:18:34 -0800 (PST) DKIM-Signature: v=1; a=rsa-sha256; c=relaxed/relaxed; d=iol.unh.edu; s=unh-iol; t=1763392713; x=1763997513; darn=dpdk.org; h=references:in-reply-to:cc:to:from:subject:message-id:date:from:to :cc:subject:date:message-id:reply-to; bh=Ht9Bpah6eZKHI0XMTac+TpGBSLOU6lBB7vIHpFMKohs=; b=HsnG2OQns3mBYAcE4gzuxLHN1Aa3r7FXoFPf72DrkKhbr5aP3OnRtqUF5lOlRCfUT+ G2wrKQ48DVcSYgmre+Px7jV2TPz1kVp+a3A9lvKjrWMuCzsVafgGK4vunUzLgcFjJ51x cJGFZQOrJHtnCa7km4QU5ABKuZ1dD8dM96rAQ= X-Google-DKIM-Signature: v=1; a=rsa-sha256; c=relaxed/relaxed; d=1e100.net; s=20230601; t=1763392713; x=1763997513; h=references:in-reply-to:cc:to:from:subject:message-id:date:x-gm-gg :x-gm-message-state:from:to:cc:subject:date:message-id:reply-to; bh=Ht9Bpah6eZKHI0XMTac+TpGBSLOU6lBB7vIHpFMKohs=; b=IxVI6viPhgrzWeMplFm9tvzRtaR93W9UiqEMJllTils81qgjmDeQRY2vgVk+BWc3qX JTx/b+dnidtYf5rRUkPhWCvsRFywl32MNhHmFj5RGY7AaWQp1rkPo33ufZODxuAYvVnJ vPTee7KKEDA3+f13pivGPybtDW2Ir0iCOMGVGdqOI0UCaA9P88YPLcn1dZ7X6VlPveL0 vdIRYW2ZnYK1JbIK+CP8loLYeDyauk7X88bRJgPvKwWZizRhM+uxjW6vjN4Ji9l8tFBp iDwN/BmTnXh+uiEM3a/HxSZNCvvK/DthrvgOyv5WwgfJQ0Ou0lZhn9DECxYi0wtmQST7 IY4g== X-Gm-Message-State: AOJu0Yy8us6Mndc7rgh0i+bOZtt7+yYKGZLhCSqwrhDjov5MAedvwMVL fvawF5LE4MZlDXo2jJW54ZrrVKtZ0kl6jGgdwS8SC1TwpZCBSDSkzA+4UbJ891ANrGSA8ubE8/j M1YKTuPf3O/A0Iy7ZMJXcckHmZB3ruGL7L3lmwHHcBFEqnQ39fjf98tbjVnhx X-Gm-Gg: ASbGncu1rozhaJ5xAV1Lk93D5jTvXYcejBEXjE/Apc6iAHKHcgsFPk7hQ0mC/dMy8gt sJZCWXVVoqDEXENDVr1m08UELjKQLv2oUBz378NxPa6H3VN817CprH1HhjKsdWCiAlt0hNbmHkK 1FOZcmHviQJiasp8NpI0ki4Fh02+zNRpECnAk33bjZNBYpzw0PsOcm/C/X8UCiJMQilyUxOMCyj CYIlFWAdtmR31e++UbVAJ4lFMOnts/LOTtWj8aMkzj+NhkXwS02fNyA2U2CmHR0JrzH+eZa/3jZ MJTwR3y8fqZefwAQjJHgqlhmJjo9TkpWhhYlc/ZVPXIorZSgrBtb9LfUP7wLgS+VjgCBEmmKjD2 Vd4Ej45sp X-Google-Smtp-Source: AGHT+IFoe7B4QlP78MyiZZjKxsZ3mc8nVqbnqSdDAzDAJeyQOPmahVjI1MHMVw5onrbz2bqfBvEWlWW/QYfx X-Received: by 2002:a02:c60b:0:b0:582:97a5:4ade with SMTP id 8926c6da1cb9f-5b7c9de87a8mr6718878173.14.1763392713302; Mon, 17 Nov 2025 07:18:33 -0800 (PST) Received: from postal.iol.unh.edu (postal.iol.unh.edu. [2606:4100:3880:1234::84]) by smtp-relay.gmail.com with ESMTPS id 8926c6da1cb9f-5b7bd246865sm892046173.1.2025.11.17.07.18.33 (version=TLS1_2 cipher=ECDHE-ECDSA-AES128-GCM-SHA256 bits=128/128); Mon, 17 Nov 2025 07:18:33 -0800 (PST) X-Relaying-Domain: iol.unh.edu Date: Mon, 17 Nov 2025 07:18:33 -0800 (PST) Message-ID: <691b3cc9.050a0220.2c72ca.b764SMTPIN_ADDED_MISSING@mx.google.com> Received: from [172.21.0.3] (unknown [172.18.0.240]) by postal.iol.unh.edu (Postfix) with ESMTP id D7E84604D420; Mon, 17 Nov 2025 10:18:32 -0500 (EST) Subject: |FAILURE| pw158854-158855 [PATCH] [2/2] net/mlx5: fix the masked val From: dpdklab@iol.unh.edu To: Test Report Cc: dpdk-test-reports@iol.unh.edu, Stephen Hemminger , Bing Zhao In-Reply-To: <20251117080942.9750-1-bingz@nvidia.com> References: <20251117080942.9750-1-bingz@nvidia.com> Content-Type: text/plain X-BeenThere: test-report@dpdk.org X-Mailman-Version: 2.1.29 Precedence: list List-Id: automatic DPDK test reports List-Unsubscribe: , List-Archive: List-Post: List-Help: List-Subscribe: , Errors-To: test-report-bounces@dpdk.org Test-Label: iol-unit-amd64-testing Test-Status: FAILURE http://dpdk.org/patch/158855 _Testing issues_ Submitter: Bing Zhao Date: Monday, November 17 2025 08:09:42 DPDK git baseline: Repo:dpdk-next-net Branch: master CommitID:18d8a8909b8ed6b0a4bd8f99971da74ebba792e2 158854-158855 --> testing issues Upstream job id: Generic-Unit-Test-DPDK#393871 Test environment and result as below: +-------------------------------+----------------+ | Environment | dpdk_unit_test | +===============================+================+ | CentOS Stream 9 | WARN | +-------------------------------+----------------+ | Debian GNU/Linux 12 | WARN | +-------------------------------+----------------+ | CentOS Stream 10 | WARN | +-------------------------------+----------------+ | Fedora Linux 40 | WARN | +-------------------------------+----------------+ | Fedora Linux 42 | WARN | +-------------------------------+----------------+ | Fedora Linux 41 | WARN | +-------------------------------+----------------+ | Red Hat Enterprise Linux 8.10 | WARN | +-------------------------------+----------------+ | Ubuntu 20.04 | FAIL | +-------------------------------+----------------+ | Red Hat Enterprise Linux 9.5 | PEND | +-------------------------------+----------------+ | Ubuntu 24.04 | PEND | +-------------------------------+----------------+ | Ubuntu 22.04 | PEND | +-------------------------------+----------------+ | Windows Server 2022 | PASS | +-------------------------------+----------------+ ==== Unit test summary for Ubuntu 20.04 (dpdk_unit_test): ==== Failed to get the unit test results. Displaying the unit test results is not supported for some environments, such as our aarch32 testing, where meson is not used to run the tests. Download the logs available on our CI site. ==== End log output ==== CentOS Stream 9 Kernel: 5.15 Compiler: gcc gcc (GCC) 11.5.0 20240719 (Red Hat 11.5.0-11) Debian GNU/Linux 12 Kernel: 5.15 Compiler: gcc gcc (Debian 12.2.0-14+deb12u1) 12.2.0 CentOS Stream 10 Kernel: 5.15 Compiler: gcc gcc (GCC) 14.2.1 20250110 (Red Hat 14.2.1-8) Fedora Linux 40 Kernel: 5.15 Compiler: gcc gcc (GCC) 14.2.1 20240912 (Red Hat 14.2.1-3) Fedora Linux 42 Kernel: 5.15 Compiler: gcc gcc (GCC) 15.2.1 20250808 (Red Hat 15.2.1-1) Fedora Linux 41 Kernel: 5.15 Compiler: gcc gcc (GCC) 14.3.1 20250523 (Red Hat 14.3.1-1) Red Hat Enterprise Linux 8.10 Kernel: 5.15 Compiler: gcc gcc (GCC) 8.5.0 20210514 (Red Hat 8.5.0-22) Ubuntu 20.04 Kernel: 5.15 Compiler: gcc gcc (Ubuntu 9.4.0-1ubuntu1~20.04.2) 9.4.0 Red Hat Enterprise Linux 9.5 Kernel: 5.15 Compiler: gcc gcc (GCC) 11.5.0 20240719 (Red Hat 11.5.0-2) Ubuntu 24.04 Kernel: 5.15 Compiler: gcc gcc (Ubuntu 13.3.0-6ubuntu2~24.04) 13.3.0 Ubuntu 22.04 Kernel: 5.15 Compiler: gcc gcc (Ubuntu 11.4.0-1ubuntu1~22.04) 11.4.0 Windows Server 2022 Kernel: 10.0.20348.2031 Compiler: clang 15.0.7, gcc 14.1.0 (MinGW), and MSVC VS 19.39.33521 To view detailed results, visit: https://lab.dpdk.org/results/dashboard/patchsets/34624/ UNH-IOL DPDK Community Lab To manage your email subscriptions, visit: https://lab.dpdk.org/results/dashboard/preferences/subscriptions/