From mboxrd@z Thu Jan 1 00:00:00 1970 Return-Path: Received: from mails.dpdk.org (mails.dpdk.org [217.70.189.124]) by inbox.dpdk.org (Postfix) with ESMTP id 7897D48B33 for ; Mon, 17 Nov 2025 16:19:06 +0100 (CET) Received: from mails.dpdk.org (localhost [127.0.0.1]) by mails.dpdk.org (Postfix) with ESMTP id 737424025A; Mon, 17 Nov 2025 16:19:06 +0100 (CET) Received: from mail-ot1-f100.google.com (mail-ot1-f100.google.com [209.85.210.100]) by mails.dpdk.org (Postfix) with ESMTP id 350C54025A for ; Mon, 17 Nov 2025 16:19:04 +0100 (CET) Received: by mail-ot1-f100.google.com with SMTP id 46e09a7af769-7c7545310b8so776743a34.1 for ; Mon, 17 Nov 2025 07:19:04 -0800 (PST) DKIM-Signature: v=1; a=rsa-sha256; c=relaxed/relaxed; d=iol.unh.edu; s=unh-iol; t=1763392743; x=1763997543; darn=dpdk.org; h=references:in-reply-to:cc:to:from:subject:message-id:date:from:to :cc:subject:date:message-id:reply-to; bh=+YiGs+wfsBTGt4PxXCNuGoRb4EQ9+vQJZRN6t3FKr+E=; b=BqgMFNGKrDfal0DiKJHkKW0C3tFQJ8IhrnNZJsLibV9y2Lj7a82lqT/UjrUG5VG7Bn jfFsRlU1a08zweWCNnVfnTD9CiSciye+SoD2WBdcoFjZIHPpcYasvXanuLmnilJb9HQe pOqBD4YIwS38G/0Yx6fyqqEOUpAUaX7QNukPM= X-Google-DKIM-Signature: v=1; a=rsa-sha256; c=relaxed/relaxed; d=1e100.net; s=20230601; t=1763392743; x=1763997543; h=references:in-reply-to:cc:to:from:subject:message-id:date:x-gm-gg :x-gm-message-state:from:to:cc:subject:date:message-id:reply-to; bh=+YiGs+wfsBTGt4PxXCNuGoRb4EQ9+vQJZRN6t3FKr+E=; b=UgWeFbz15h0HQU+mGPUN+mSA8YZga5sy6tKEG+0h1lYCW+kPHiBvU1BHdbCKOvf7FC JpO2jMiMvNyditiMbi0V8pIzBkBbrZ8isG11bJjKmQtMWiWocS6J6Nm5oLkUHh9120Bf lixev7MtjGTHcwszFknIc4vAkccTjMrhUcf+eD9ql9S0l+AO7zCB8mtyzf6HvsTLcNJr oMG143IXUvqK4ptWiD/NongFKQ7+lxQZiQ5r8oS+2s8QpSvCv5uvIoJJzdP7iEncC4RL M9oUqQmypF5UA/bUTy9/TnAHPCzIC5TS/e2lEHIp7SnBCRY8gM9dLEE5Fq8cNoKF8ueS DStQ== X-Gm-Message-State: AOJu0YyBPFqv7ab5SW+dEXOiUN/h5d8kSFgxmr2fU6BIYnE0tdEnRzCa NCWVYMNnoik75rxekHoLEfZwJjsg+YNRKBYj1m8YcenAgoLcHxTt6ERE7tr6TMrE1766/Uy3pYL TpJFhiorzm32WpHB0jFJgTIhOxyHaSt4yj33owarn4BZYK7ZDwdUlUiKRo/1X X-Gm-Gg: ASbGncsp3RfgB1F8zHWrB2VGjZOqj+5/R3QWZWX6PFq+ISQefeVoOKQugjkwv0xi4Uz uHjbOYn1U0HhT7j5p/tWWiHCJ23t3sNtmmKmMbSXZMxA8aK+32KLzgeAcvZvZMqFxUFQitHudst XJxoPuwYEIiW24XaHowR0oR2tgUf44aJH2uMi5IgPPjti0V1+7rjzmN226w6Q8j93cr+8ob09co UjlB4j2vsST722FhRwFsx27yvb+eP3d1sXLtvM4Rx3mrHec70MXsPL0x8HeWt+TPCf3ik9sy508 MKiBlZSHE3dN1f6HECiWKCeIUYdnF5bFYDmutGkmCwshy4+30Y7nCTSvrLFw14x2tW19Iiua33t rq+wojR3e X-Google-Smtp-Source: AGHT+IGe7EnK4+V5tos7kuWguB3ldlKQqOi/9q5555yS/pdrpUEHDBhM18TwgIP2xiFlDG6U5mCnjA1PKLTc X-Received: by 2002:a05:6830:6f11:b0:7c7:68d6:5925 with SMTP id 46e09a7af769-7c768d65be7mr1514631a34.27.1763392743400; Mon, 17 Nov 2025 07:19:03 -0800 (PST) Received: from postal.iol.unh.edu (postal.iol.unh.edu. [2606:4100:3880:1234::84]) by smtp-relay.gmail.com with ESMTPS id 46e09a7af769-7c73a34b264sm1325459a34.6.2025.11.17.07.19.03 (version=TLS1_2 cipher=ECDHE-ECDSA-AES128-GCM-SHA256 bits=128/128); Mon, 17 Nov 2025 07:19:03 -0800 (PST) X-Relaying-Domain: iol.unh.edu Date: Mon, 17 Nov 2025 07:19:03 -0800 (PST) Message-ID: <691b3ce7.9d0a0220.6ba54.1935SMTPIN_ADDED_MISSING@mx.google.com> Received: from [172.21.0.9] (unknown [172.18.0.240]) by postal.iol.unh.edu (Postfix) with ESMTP id E53A6604D420; Mon, 17 Nov 2025 10:19:02 -0500 (EST) Subject: |FAILURE| pw158854-158855 [PATCH] [2/2] net/mlx5: fix the masked val From: dpdklab@iol.unh.edu To: Test Report Cc: dpdk-test-reports@iol.unh.edu, Stephen Hemminger , Bing Zhao In-Reply-To: <20251117080942.9750-1-bingz@nvidia.com> References: <20251117080942.9750-1-bingz@nvidia.com> Content-Type: text/plain X-BeenThere: test-report@dpdk.org X-Mailman-Version: 2.1.29 Precedence: list List-Id: automatic DPDK test reports List-Unsubscribe: , List-Archive: List-Post: List-Help: List-Subscribe: , Errors-To: test-report-bounces@dpdk.org Test-Label: iol-unit-amd64-testing Test-Status: FAILURE http://dpdk.org/patch/158855 _Testing issues_ Submitter: Bing Zhao Date: Monday, November 17 2025 08:09:42 DPDK git baseline: Repo:dpdk-next-net Branch: master CommitID:18d8a8909b8ed6b0a4bd8f99971da74ebba792e2 158854-158855 --> testing issues Upstream job id: Generic-Unit-Test-DPDK#393865 Test environment and result as below: +-------------------------------+----------------+ | Environment | dpdk_unit_test | +===============================+================+ | CentOS Stream 9 | WARN | +-------------------------------+----------------+ | Debian GNU/Linux 12 | WARN | +-------------------------------+----------------+ | CentOS Stream 10 | WARN | +-------------------------------+----------------+ | Fedora Linux 40 | WARN | +-------------------------------+----------------+ | Fedora Linux 42 | WARN | +-------------------------------+----------------+ | Fedora Linux 41 | WARN | +-------------------------------+----------------+ | Red Hat Enterprise Linux 8.10 | WARN | +-------------------------------+----------------+ | Ubuntu 20.04 | FAIL | +-------------------------------+----------------+ | Red Hat Enterprise Linux 9.5 | PEND | +-------------------------------+----------------+ | Ubuntu 24.04 | PEND | +-------------------------------+----------------+ | Ubuntu 22.04 | PEND | +-------------------------------+----------------+ | Windows Server 2022 | PASS | +-------------------------------+----------------+ ==== Unit test summary for Ubuntu 20.04 (dpdk_unit_test): ==== Failed to get the unit test results. Displaying the unit test results is not supported for some environments, such as our aarch32 testing, where meson is not used to run the tests. Download the logs available on our CI site. ==== End log output ==== CentOS Stream 9 Kernel: 5.15 Compiler: gcc gcc (GCC) 11.5.0 20240719 (Red Hat 11.5.0-11) Debian GNU/Linux 12 Kernel: 5.15 Compiler: gcc gcc (Debian 12.2.0-14+deb12u1) 12.2.0 CentOS Stream 10 Kernel: 5.15 Compiler: gcc gcc (GCC) 14.2.1 20250110 (Red Hat 14.2.1-8) Fedora Linux 40 Kernel: 5.15 Compiler: gcc gcc (GCC) 14.2.1 20240912 (Red Hat 14.2.1-3) Fedora Linux 42 Kernel: 5.15 Compiler: gcc gcc (GCC) 15.2.1 20250808 (Red Hat 15.2.1-1) Fedora Linux 41 Kernel: 5.15 Compiler: gcc gcc (GCC) 14.3.1 20250523 (Red Hat 14.3.1-1) Red Hat Enterprise Linux 8.10 Kernel: 5.15 Compiler: gcc gcc (GCC) 8.5.0 20210514 (Red Hat 8.5.0-22) Ubuntu 20.04 Kernel: 5.15 Compiler: gcc gcc (Ubuntu 9.4.0-1ubuntu1~20.04.2) 9.4.0 Red Hat Enterprise Linux 9.5 Kernel: 5.15 Compiler: gcc gcc (GCC) 11.5.0 20240719 (Red Hat 11.5.0-2) Ubuntu 24.04 Kernel: 5.15 Compiler: gcc gcc (Ubuntu 13.3.0-6ubuntu2~24.04) 13.3.0 Ubuntu 22.04 Kernel: 5.15 Compiler: gcc gcc (Ubuntu 11.4.0-1ubuntu1~22.04) 11.4.0 Windows Server 2022 Kernel: 10.0.20348.2031 Compiler: clang 15.0.7, gcc 14.1.0 (MinGW), and MSVC VS 19.39.33521 To view detailed results, visit: https://lab.dpdk.org/results/dashboard/patchsets/34624/ UNH-IOL DPDK Community Lab To manage your email subscriptions, visit: https://lab.dpdk.org/results/dashboard/preferences/subscriptions/