From mboxrd@z Thu Jan 1 00:00:00 1970 Return-Path: Received: from mails.dpdk.org (mails.dpdk.org [217.70.189.124]) by inbox.dpdk.org (Postfix) with ESMTP id 8F9FF48B33 for ; Mon, 17 Nov 2025 16:19:26 +0100 (CET) Received: from mails.dpdk.org (localhost [127.0.0.1]) by mails.dpdk.org (Postfix) with ESMTP id 8A2AB4025A; Mon, 17 Nov 2025 16:19:26 +0100 (CET) Received: from mail-pl1-f225.google.com (mail-pl1-f225.google.com [209.85.214.225]) by mails.dpdk.org (Postfix) with ESMTP id 1F2404025A for ; Mon, 17 Nov 2025 16:19:25 +0100 (CET) Received: by mail-pl1-f225.google.com with SMTP id d9443c01a7336-2955623e6faso40613475ad.1 for ; Mon, 17 Nov 2025 07:19:25 -0800 (PST) DKIM-Signature: v=1; a=rsa-sha256; c=relaxed/relaxed; d=iol.unh.edu; s=unh-iol; t=1763392764; x=1763997564; darn=dpdk.org; h=references:in-reply-to:cc:to:from:subject:message-id:date:from:to :cc:subject:date:message-id:reply-to; bh=YtoO96As3n761GV9A9sF3jS4K2VdwgDUqf7YhG7MQcc=; b=Atmzz7VER4R5+BBIl1Kj096ZQsNv0EkL1fZzGMdXIQT/KLe2AOsQI4ZS+QHtlcY4+q Yf76wvC7QwbfTCCpxpeKjU+fndvE5oh2RhvFlUzuXuyGY85xQ6F/xxqmJRdJLqsnaeUN C9w5TrAZHEwtEowWV2RxRerisJGdESDWft1q8= X-Google-DKIM-Signature: v=1; a=rsa-sha256; c=relaxed/relaxed; d=1e100.net; s=20230601; t=1763392764; x=1763997564; h=references:in-reply-to:cc:to:from:subject:message-id:date:x-gm-gg :x-gm-message-state:from:to:cc:subject:date:message-id:reply-to; bh=YtoO96As3n761GV9A9sF3jS4K2VdwgDUqf7YhG7MQcc=; b=ijRbcxaoNQmpmhdoy2rfc/RSGNuOb9DWglb+QhjvVNSUjyE67fZoSbHLF1QZFR6s5a rVFm46l66bH1kVhiUHJgPSpP1aTm1Ht3fzjPtCrU2/jqeoe7WGcYDJj0TZp4bthQw+Rt WWlfmkrCg1/kCTB/EpO3dZObt4Yb0JpUJMunQ3e1MDpYCdAFI3YGji0AtxvQjNtyGGph nNTPGvdKF2Xuf1r00+YMAS2THQvwP57jubfBVT8LM4OJrcaUNM7sfRDB5A3A03k9wMmD 9zmqnaTz25QAX9OBCitr2/efE3V0iYjwvwpUB/Xttn0fjHENi3OqAbmjDcnw/4ch+Cl/ oH+w== X-Gm-Message-State: AOJu0Yxtq2y7YiK1qNrLtUmrDUuiUkOK5cCW2LXhDB9V4jy6mTEC55jt N6+ImMueYVw5jnB/TACFIpDvINNMwZv2tSmUeNKBVJTUQP7XxFJqSKIriFRNUfiy7pitjl88seC t8bV/tR/p4TQ1bHLFTpKj96h3//Glcl0j/jPC6VjBcb0NVkcspDJmhwoRRi8q X-Gm-Gg: ASbGncskwU4ZkM0OMXBUkpEHUVXPqL67vV6/FPX3D/Cb//PcjJH1YLLCBPyquFVHWNg E+eefmdLAxJoIHm6xKljoNmpf72nW3wc/4OkjG5TJumg6mp+C30UNHaw8/7EhPzKAdKCR4ygtja t3TnDC4NuEh9uXYfM3KCpUap8mDkrPRueVuj2AJSL3PYnjUjd2EOSFB33f/+1T3Dgo0WAOJ2DKE 6E1EN+U4Q+8sMMwG/M01uQJlJrU0UH9GhrnHY+Yp499JpJnMcvAvp9BZCHmcjm6jfEjvuQyg5Sx YCfUgDB6DGpUk1I9m1ghw1XdAcx4YZSFA6miEzyHrn5sItEzoK49cAIpaGdYG86a3cBYSAKmR9H AFYFkQ3C9 X-Google-Smtp-Source: AGHT+IFvdkU7q1nwbc4Q2X5xjcmUbU563CyqCoIckZywSrHxdmYXi36Nhput46Xm9zHK8c3rrWMhxKclGmcE X-Received: by 2002:a17:903:41c7:b0:298:1013:9d11 with SMTP id d9443c01a7336-2986a75288bmr143393985ad.43.1763392764216; Mon, 17 Nov 2025 07:19:24 -0800 (PST) Received: from postal.iol.unh.edu (postal.iol.unh.edu. [2606:4100:3880:1234::84]) by smtp-relay.gmail.com with ESMTPS id d9443c01a7336-2985c245e10sm15733145ad.20.2025.11.17.07.19.24 (version=TLS1_2 cipher=ECDHE-ECDSA-AES128-GCM-SHA256 bits=128/128); Mon, 17 Nov 2025 07:19:24 -0800 (PST) X-Relaying-Domain: iol.unh.edu Date: Mon, 17 Nov 2025 07:19:24 -0800 (PST) Message-ID: <691b3cfc.170a0220.31ee86.005aSMTPIN_ADDED_MISSING@mx.google.com> Received: from [172.21.0.3] (unknown [172.18.0.240]) by postal.iol.unh.edu (Postfix) with ESMTP id A3492604D420; Mon, 17 Nov 2025 10:19:23 -0500 (EST) Subject: |FAILURE| pw158854-158855 [PATCH] [2/2] net/mlx5: fix the masked val From: dpdklab@iol.unh.edu To: Test Report Cc: dpdk-test-reports@iol.unh.edu, Stephen Hemminger , Bing Zhao In-Reply-To: <20251117080942.9750-1-bingz@nvidia.com> References: <20251117080942.9750-1-bingz@nvidia.com> Content-Type: text/plain X-BeenThere: test-report@dpdk.org X-Mailman-Version: 2.1.29 Precedence: list List-Id: automatic DPDK test reports List-Unsubscribe: , List-Archive: List-Post: List-Help: List-Subscribe: , Errors-To: test-report-bounces@dpdk.org Test-Label: iol-unit-amd64-testing Test-Status: FAILURE http://dpdk.org/patch/158855 _Testing issues_ Submitter: Bing Zhao Date: Monday, November 17 2025 08:09:42 DPDK git baseline: Repo:dpdk-next-net Branch: master CommitID:18d8a8909b8ed6b0a4bd8f99971da74ebba792e2 158854-158855 --> testing issues Upstream job id: Generic-Unit-Test-DPDK#393863 Test environment and result as below: +-------------------------------+----------------+ | Environment | dpdk_unit_test | +===============================+================+ | CentOS Stream 9 | WARN | +-------------------------------+----------------+ | Debian GNU/Linux 12 | WARN | +-------------------------------+----------------+ | CentOS Stream 10 | WARN | +-------------------------------+----------------+ | Fedora Linux 40 | WARN | +-------------------------------+----------------+ | Fedora Linux 42 | WARN | +-------------------------------+----------------+ | Fedora Linux 41 | WARN | +-------------------------------+----------------+ | Red Hat Enterprise Linux 8.10 | WARN | +-------------------------------+----------------+ | Ubuntu 20.04 | FAIL | +-------------------------------+----------------+ | Red Hat Enterprise Linux 9.5 | PEND | +-------------------------------+----------------+ | Ubuntu 24.04 | PEND | +-------------------------------+----------------+ | Ubuntu 22.04 | PEND | +-------------------------------+----------------+ | Windows Server 2022 | PASS | +-------------------------------+----------------+ ==== Unit test summary for Ubuntu 20.04 (dpdk_unit_test): ==== Failed to get the unit test results. Displaying the unit test results is not supported for some environments, such as our aarch32 testing, where meson is not used to run the tests. Download the logs available on our CI site. ==== End log output ==== CentOS Stream 9 Kernel: 5.15 Compiler: gcc gcc (GCC) 11.5.0 20240719 (Red Hat 11.5.0-11) Debian GNU/Linux 12 Kernel: 5.15 Compiler: gcc gcc (Debian 12.2.0-14+deb12u1) 12.2.0 CentOS Stream 10 Kernel: 5.15 Compiler: gcc gcc (GCC) 14.2.1 20250110 (Red Hat 14.2.1-8) Fedora Linux 40 Kernel: 5.15 Compiler: gcc gcc (GCC) 14.2.1 20240912 (Red Hat 14.2.1-3) Fedora Linux 42 Kernel: 5.15 Compiler: gcc gcc (GCC) 15.2.1 20250808 (Red Hat 15.2.1-1) Fedora Linux 41 Kernel: 5.15 Compiler: gcc gcc (GCC) 14.3.1 20250523 (Red Hat 14.3.1-1) Red Hat Enterprise Linux 8.10 Kernel: 5.15 Compiler: gcc gcc (GCC) 8.5.0 20210514 (Red Hat 8.5.0-22) Ubuntu 20.04 Kernel: 5.15 Compiler: gcc gcc (Ubuntu 9.4.0-1ubuntu1~20.04.2) 9.4.0 Red Hat Enterprise Linux 9.5 Kernel: 5.15 Compiler: gcc gcc (GCC) 11.5.0 20240719 (Red Hat 11.5.0-2) Ubuntu 24.04 Kernel: 5.15 Compiler: gcc gcc (Ubuntu 13.3.0-6ubuntu2~24.04) 13.3.0 Ubuntu 22.04 Kernel: 5.15 Compiler: gcc gcc (Ubuntu 11.4.0-1ubuntu1~22.04) 11.4.0 Windows Server 2022 Kernel: 10.0.20348.2031 Compiler: clang 15.0.7, gcc 14.1.0 (MinGW), and MSVC VS 19.39.33521 To view detailed results, visit: https://lab.dpdk.org/results/dashboard/patchsets/34624/ UNH-IOL DPDK Community Lab To manage your email subscriptions, visit: https://lab.dpdk.org/results/dashboard/preferences/subscriptions/