From mboxrd@z Thu Jan 1 00:00:00 1970 Return-Path: Received: from mails.dpdk.org (mails.dpdk.org [217.70.189.124]) by inbox.dpdk.org (Postfix) with ESMTP id 61AA948B33 for ; Mon, 17 Nov 2025 16:27:56 +0100 (CET) Received: from mails.dpdk.org (localhost [127.0.0.1]) by mails.dpdk.org (Postfix) with ESMTP id 5C9F14025A; Mon, 17 Nov 2025 16:27:56 +0100 (CET) Received: from mail-il1-f225.google.com (mail-il1-f225.google.com [209.85.166.225]) by mails.dpdk.org (Postfix) with ESMTP id 428F24025A for ; Mon, 17 Nov 2025 16:27:55 +0100 (CET) Received: by mail-il1-f225.google.com with SMTP id e9e14a558f8ab-4332ae0635fso29427355ab.2 for ; Mon, 17 Nov 2025 07:27:55 -0800 (PST) DKIM-Signature: v=1; a=rsa-sha256; c=relaxed/relaxed; d=iol.unh.edu; s=unh-iol; t=1763393274; x=1763998074; darn=dpdk.org; h=references:in-reply-to:cc:to:from:subject:message-id:date:from:to :cc:subject:date:message-id:reply-to; bh=HLOwuojvxvBwv0eJXA6wCThKdnvIiq4oH1rAzjuGXsc=; b=UKgskOgp4Hx5Ql45Hl3wEZGQQs/mDYl6sNbs43FXUwbZF9YlsBex4eopYxKd/wekqh byelsVfpcxmCUN1yV4btd000slNhuLgUVltnTAVxOS64sJBrTe/EH6lx95tLVdI1/ats bqdMdyvljr56ypzHGfyrnxJ88nMz4RJyAYCOE= X-Google-DKIM-Signature: v=1; a=rsa-sha256; c=relaxed/relaxed; d=1e100.net; s=20230601; t=1763393274; x=1763998074; h=references:in-reply-to:cc:to:from:subject:message-id:date:x-gm-gg :x-gm-message-state:from:to:cc:subject:date:message-id:reply-to; bh=HLOwuojvxvBwv0eJXA6wCThKdnvIiq4oH1rAzjuGXsc=; b=M2JWhC9ef7Bbqql+9jrQSc5aJ6B1a94jy5Qdv8Lzaa4qUChaPk3Tuhqn3YoWsy8kHw +A2sPH0S3FulC+fzPcZOdIz1dqqtOhDV9J3mb61w62+SKRAA4RNaxM+BLgABYa1iLLEx WuYg83FzV0VsbUEK+2dDVIYNxX6IcpurD45TQnjHvvtG/NqAPy1z2teFqa8J7n9dlvMq Vlw9n/XPb+h/j4VAocUYnFottOWVIVfQ4DQ9+NCQU6C0d+g7RJpUtwfZ2za0eKm8KPsG JcUupDprRgfdIwBWadjNO6uSTad2uDElW4OLwQliovmEQbzfqRDRLjihoxtPGHx2CGOI RWOA== X-Gm-Message-State: AOJu0Yx3vBAi/D+BrYb9dTarzra/6g/pcnByyCLJAVo2z8ty9gyEK8Cr xItojBfyLZIrXjCmI0lFTAKYnvujb30Msylc+fLbXaJZVT1d9zzoaG+qIQWfxAQuYE6k5dQx5xL JiXs0cayl/XEDUZyrX0Fye/tdss/d0HQU5E9yd90ASpeQ X-Gm-Gg: ASbGncsCX6BLG//qw/bsrqpOoRxWHxPwD3/81fzdQQophvhTeyL5wkfLHAgx8Y2zy9l nCQODIsyXnosj8ht74y3WIxrj8UTCUddVzURJotGLQdza7Bh20ZxwB9VH1X/UJVrVjKtZwmFJ7D 2QmN8opHA0bOlnqtNS1ydgKXnhacLV9XWAOBClZlQYms7vZZI+1WF+XEZjT5U3qUeQOh3e1GOmb 4IxMINSQgFWzpaXYkdQg+Or4mEzOIZRVTeT85Rut7jjIIwMrHDNwoRZ9Zb3EjsUvW3hjxEovKpC fooZap7Q6uk9VHcS4zdhZfUS5KQhHgyY87wYWCstY2bv0WPe5AvOefq2BTzcm70/z/q+mzJvVH0 3WftuJpmlgiepA56wgTxQfqJi/swyEaI= X-Google-Smtp-Source: AGHT+IGedoCRGQBzVwtsvK2Ytc1Ogab1yFQ6cHBwL1A4HnlcBKMr+mi+uMshAYFfICTSkffVBMWJzNaSDG30 X-Received: by 2002:a05:6e02:156b:b0:433:2aad:9873 with SMTP id e9e14a558f8ab-4348c938062mr199014775ab.29.1763393274532; Mon, 17 Nov 2025 07:27:54 -0800 (PST) Received: from postal.iol.unh.edu (postal.iol.unh.edu. [132.177.123.84]) by smtp-relay.gmail.com with ESMTPS id e9e14a558f8ab-434839b238asm12361475ab.24.2025.11.17.07.27.54 (version=TLS1_2 cipher=ECDHE-ECDSA-AES128-GCM-SHA256 bits=128/128); Mon, 17 Nov 2025 07:27:54 -0800 (PST) X-Relaying-Domain: iol.unh.edu Date: Mon, 17 Nov 2025 07:27:54 -0800 (PST) Message-ID: <691b3efa.050a0220.ea2aa.d758SMTPIN_ADDED_MISSING@mx.google.com> Received: from [172.21.0.3] (unknown [172.18.0.240]) by postal.iol.unh.edu (Postfix) with ESMTP id 30C87604D420; Mon, 17 Nov 2025 10:27:54 -0500 (EST) Subject: |FAILURE| pw158854-158855 [PATCH] [2/2] net/mlx5: fix the masked val From: dpdklab@iol.unh.edu To: Test Report Cc: dpdk-test-reports@iol.unh.edu, Stephen Hemminger , Bing Zhao In-Reply-To: <20251117080942.9750-1-bingz@nvidia.com> References: <20251117080942.9750-1-bingz@nvidia.com> Content-Type: text/plain X-BeenThere: test-report@dpdk.org X-Mailman-Version: 2.1.29 Precedence: list List-Id: automatic DPDK test reports List-Unsubscribe: , List-Archive: List-Post: List-Help: List-Subscribe: , Errors-To: test-report-bounces@dpdk.org Test-Label: iol-unit-amd64-testing Test-Status: FAILURE http://dpdk.org/patch/158855 _Testing issues_ Submitter: Bing Zhao Date: Monday, November 17 2025 08:09:42 DPDK git baseline: Repo:dpdk-next-net Branch: master CommitID:18d8a8909b8ed6b0a4bd8f99971da74ebba792e2 158854-158855 --> testing issues Upstream job id: Generic-Unit-Test-DPDK#393879 Test environment and result as below: +-------------------------------+----------------+ | Environment | dpdk_unit_test | +===============================+================+ | CentOS Stream 9 | WARN | +-------------------------------+----------------+ | Debian GNU/Linux 12 | WARN | +-------------------------------+----------------+ | CentOS Stream 10 | WARN | +-------------------------------+----------------+ | Fedora Linux 40 | WARN | +-------------------------------+----------------+ | Fedora Linux 42 | WARN | +-------------------------------+----------------+ | Fedora Linux 41 | WARN | +-------------------------------+----------------+ | Red Hat Enterprise Linux 8.10 | WARN | +-------------------------------+----------------+ | Ubuntu 20.04 | FAIL | +-------------------------------+----------------+ | Red Hat Enterprise Linux 9.5 | WARN | +-------------------------------+----------------+ | Ubuntu 24.04 | WARN | +-------------------------------+----------------+ | Ubuntu 22.04 | PEND | +-------------------------------+----------------+ | Windows Server 2022 | PASS | +-------------------------------+----------------+ ==== 20 line log output for Ubuntu 24.04 (dpdk_unit_test): ==== [2057/3610] Compiling C object drivers/libtmp_rte_net_mlx5.a.p/net_mlx5_hws_mlx5dr_rule.c.o [2058/3610] Compiling C object drivers/libtmp_rte_net_mlx5.a.p/net_mlx5_hws_mlx5dr_buddy.c.o [2059/3610] Compiling C object drivers/libtmp_rte_net_mlx5.a.p/net_mlx5_hws_mlx5dr_pool.c.o [2060/3610] Compiling C object drivers/libtmp_rte_net_mlx5.a.p/net_mlx5_hws_mlx5dr_action.c.o [2061/3610] Compiling C object drivers/libtmp_rte_net_mlx5.a.p/net_mlx5_hws_mlx5dr_send.c.o [2062/3610] Compiling C object drivers/libtmp_rte_net_mlx5.a.p/net_mlx5_hws_mlx5dr_cmd.c.o [2063/3610] Compiling C object drivers/libtmp_rte_net_mlx5.a.p/net_mlx5_hws_mlx5dr_debug.c.o [2064/3610] Compiling C object drivers/libtmp_rte_net_mlx5.a.p/net_mlx5_hws_mlx5dr_pat_arg.c.o [2065/3610] Compiling C object drivers/libtmp_rte_net_mlx5.a.p/net_mlx5_mlx5_flow_hw.c.o FAILED: drivers/libtmp_rte_net_mlx5.a.p/net_mlx5_mlx5_flow_hw.c.o ccache cc -Idrivers/libtmp_rte_net_mlx5.a.p -Idrivers -I../drivers -Idrivers/net/mlx5 -I../drivers/net/mlx5 -Idrivers/net/mlx5/linux -I../drivers/net/mlx5/linux -Idrivers/net/mlx5/hws -I../drivers/net/mlx5/hws -Ilib/ethdev -I../lib/ethdev -Ilib/eal/common -I../lib/eal/common -I. -I.. -Iconfig -I../config -Ilib/eal/include -I../lib/eal/include -Ilib/eal/linux/include -I../lib/eal/linux/include -Ilib/eal/x86/include -I../lib/eal/x86/include -I../kernel/linux -Ilib/eal -I../lib/eal -Ilib/kvargs -I../lib/kvargs -Ilib/log -I../lib/log -Ilib/metrics -I../lib/metrics -Ilib/telemetry -I../lib/telemetry -Ilib/argparse -I../lib/argparse -Ilib/net -I../lib/net -Ilib/mbuf -I../lib/mbuf -Ilib/mempool -I../lib/mempool -Ilib/ring -I../lib/ring -Ilib/meter -I../lib/meter -Idrivers/bus/pci -I../drivers/bus/pci -I../drivers/bus/pci/linux -Ilib/pci -I../lib/pci -Idrivers/bus/vdev -I../drivers/bus/vdev -Ilib/hash -I../lib/hash -Ilib/rcu -I../lib/rcu -Idrivers/common/mlx5 -I../drivers/common/mlx5 -Idrive rs/common/mlx5/linux -I../drivers/common/mlx5/linux -Idrivers/bus/auxiliary -I../drivers/bus/auxiliary -I/usr/include/libnl3 -fdiagnostics-color=always -pipe -D_FILE_OFFSET_BITS=64 -Wall -Winvalid-pch -Wextra -Werror -std=c11 -O3 -include rte_config.h -Wvla -Wcast-qual -Wdeprecated -Wformat -Wformat-nonliteral -Wformat-security -Wmissing-declarations -Wmissing-prototypes -Wnested-externs -Wold-style-definition -Wpointer-arith -Wsign-compare -Wstrict-prototypes -Wundef -Wwrite-strings -Wno-packed-not-aligned -Wno-missing-field-initializers -D_GNU_SOURCE -fPIC -march=native -mrtm -DALLOW_EXPERIMENTAL_API -DALLOW_INTERNAL_API -Wno-format-truncation -Wno-address-of-packed-member -std=c11 -Wno-strict-prototypes -D_BSD_SOURCE -D_DEFAULT_SOURCE -D_XOPEN_SOURCE=600 -UPEDANTIC -Wno-vla -DRTE_LOG_DEFAULT_LOGTYPE=pmd.net.mlx5 -MD -MQ drivers/libtmp_rte_net_mlx5.a.p/net_mlx5_mlx5_flow_hw.c.o -MF drivers/libtmp_rte_net_mlx5.a.p/net_mlx5_mlx5_flow_hw.c.o.d -o drivers/libtmp_rte_net_mlx5.a.p/net_m lx5_mlx5_flow_hw.c.o -c ../drivers/net/mlx5/mlx5_flow_hw.c ../drivers/net/mlx5/mlx5_flow_hw.c: In function 'flow_hw_create_flow': ../drivers/net/mlx5/mlx5_flow_hw.c:14159:13: error: unused variable 'len' [-Werror=unused-variable] 14159 | int len; | ^~~ cc1: all warnings being treated as errors [2066/3610] Compiling C object drivers/libtmp_rte_net_mlx5.a.p/net_mlx5_hws_mlx5dr_bwc.c.o [2067/3610] Compiling C object drivers/libtmp_rte_net_mlx5.a.p/net_mlx5_hws_mlx5dr_crc32.c.o [2068/3610] Compiling C object drivers/libtmp_rte_net_mlx5.a.p/net_mlx5_hws_mlx5dr_definer.c.o ninja: build stopped: subcommand failed. ==== End log output ==== CentOS Stream 9 Kernel: 5.15 Compiler: gcc gcc (GCC) 11.5.0 20240719 (Red Hat 11.5.0-11) Debian GNU/Linux 12 Kernel: 5.15 Compiler: gcc gcc (Debian 12.2.0-14+deb12u1) 12.2.0 CentOS Stream 10 Kernel: 5.15 Compiler: gcc gcc (GCC) 14.2.1 20250110 (Red Hat 14.2.1-8) Fedora Linux 40 Kernel: 5.15 Compiler: gcc gcc (GCC) 14.2.1 20240912 (Red Hat 14.2.1-3) Fedora Linux 42 Kernel: 5.15 Compiler: gcc gcc (GCC) 15.2.1 20250808 (Red Hat 15.2.1-1) Fedora Linux 41 Kernel: 5.15 Compiler: gcc gcc (GCC) 14.3.1 20250523 (Red Hat 14.3.1-1) Red Hat Enterprise Linux 8.10 Kernel: 5.15 Compiler: gcc gcc (GCC) 8.5.0 20210514 (Red Hat 8.5.0-22) Ubuntu 20.04 Kernel: 5.15 Compiler: gcc gcc (Ubuntu 9.4.0-1ubuntu1~20.04.2) 9.4.0 Red Hat Enterprise Linux 9.5 Kernel: 5.15 Compiler: gcc gcc (GCC) 11.5.0 20240719 (Red Hat 11.5.0-2) Ubuntu 24.04 Kernel: 5.15 Compiler: gcc gcc (Ubuntu 13.3.0-6ubuntu2~24.04) 13.3.0 Ubuntu 22.04 Kernel: 5.15 Compiler: gcc gcc (Ubuntu 11.4.0-1ubuntu1~22.04) 11.4.0 Windows Server 2022 Kernel: 10.0.20348.2031 Compiler: clang 15.0.7, gcc 14.1.0 (MinGW), and MSVC VS 19.39.33521 To view detailed results, visit: https://lab.dpdk.org/results/dashboard/patchsets/34624/ UNH-IOL DPDK Community Lab To manage your email subscriptions, visit: https://lab.dpdk.org/results/dashboard/preferences/subscriptions/