automatic DPDK test reports
 help / color / mirror / Atom feed
From: dpdklab@iol.unh.edu
To: Test Report <test-report@dpdk.org>
Cc: dpdk-test-reports@iol.unh.edu,
	Stephen Hemminger <stephen@networkplumber.org>,
	Bing Zhao <bingz@nvidia.com>
Subject: |FAILURE| pw158854-158855 [PATCH] [2/2] net/mlx5: fix the masked val
Date: Mon, 17 Nov 2025 07:29:22 -0800 (PST)	[thread overview]
Message-ID: <691b3f52.050a0220.2c5cb9.1e6dSMTPIN_ADDED_MISSING@mx.google.com> (raw)
In-Reply-To: <20251117080942.9750-1-bingz@nvidia.com>

Test-Label: iol-unit-amd64-testing
Test-Status: FAILURE
http://dpdk.org/patch/158855

_Testing issues_

Submitter: Bing Zhao <bingz@nvidia.com>
Date: Monday, November 17 2025 08:09:42 
DPDK git baseline: Repo:dpdk-next-net
  Branch: master
  CommitID:18d8a8909b8ed6b0a4bd8f99971da74ebba792e2

158854-158855 --> testing issues

Upstream job id: Generic-Unit-Test-DPDK#393876

Test environment and result as below:

+-------------------------------+----------------+
|          Environment          | dpdk_unit_test |
+===============================+================+
| CentOS Stream 9               | WARN           |
+-------------------------------+----------------+
| Debian GNU/Linux 12           | WARN           |
+-------------------------------+----------------+
| CentOS Stream 10              | WARN           |
+-------------------------------+----------------+
| Fedora Linux 40               | WARN           |
+-------------------------------+----------------+
| Fedora Linux 42               | WARN           |
+-------------------------------+----------------+
| Fedora Linux 41               | WARN           |
+-------------------------------+----------------+
| Red Hat Enterprise Linux 8.10 | WARN           |
+-------------------------------+----------------+
| Ubuntu 20.04                  | FAIL           |
+-------------------------------+----------------+
| Red Hat Enterprise Linux 9.5  | WARN           |
+-------------------------------+----------------+
| Ubuntu 24.04                  | WARN           |
+-------------------------------+----------------+
| Ubuntu 22.04                  | WARN           |
+-------------------------------+----------------+
| Windows Server 2022           | PASS           |
+-------------------------------+----------------+

==== 20 line log output for Ubuntu 22.04 (dpdk_unit_test): ====
[2052/3605] Compiling C object drivers/libtmp_rte_net_mlx5.a.p/net_mlx5_hws_mlx5dr_matcher.c.o
[2053/3605] Compiling C object drivers/libtmp_rte_net_mlx5.a.p/net_mlx5_hws_mlx5dr_pool.c.o
[2054/3605] Compiling C object drivers/libtmp_rte_net_mlx5.a.p/net_mlx5_hws_mlx5dr_buddy.c.o
[2055/3605] Compiling C object drivers/libtmp_rte_net_mlx5.a.p/net_mlx5_hws_mlx5dr_action.c.o
[2056/3605] Compiling C object drivers/libtmp_rte_net_mlx5.a.p/net_mlx5_hws_mlx5dr_cmd.c.o
[2057/3605] Compiling C object drivers/libtmp_rte_net_mlx5.a.p/net_mlx5_hws_mlx5dr_send.c.o
[2058/3605] Compiling C object drivers/libtmp_rte_net_mlx5.a.p/net_mlx5_hws_mlx5dr_pat_arg.c.o
[2059/3605] Compiling C object drivers/libtmp_rte_net_mlx5.a.p/net_mlx5_hws_mlx5dr_debug.c.o
[2060/3605] Compiling C object drivers/libtmp_rte_net_mlx5.a.p/net_mlx5_mlx5_flow_hw.c.o
FAILED: drivers/libtmp_rte_net_mlx5.a.p/net_mlx5_mlx5_flow_hw.c.o
ccache cc -Idrivers/libtmp_rte_net_mlx5.a.p -Idrivers -I../drivers -Idrivers/net/mlx5 -I../drivers/net/mlx5 -Idrivers/net/mlx5/linux -I../drivers/net/mlx5/linux -Idrivers/net/mlx5/hws -I../drivers/net/mlx5/hws -Ilib/ethdev -I../lib/ethdev -Ilib/eal/common -I../lib/eal/common -I. -I.. -Iconfig -I../config -Ilib/eal/include -I../lib/eal/include -Ilib/eal/linux/include -I../lib/eal/linux/include -Ilib/eal/x86/include -I../lib/eal/x86/include -I../kernel/linux -Ilib/eal -I../lib/eal -Ilib/kvargs -I../lib/kvargs -Ilib/log -I../lib/log -Ilib/metrics -I../lib/metrics -Ilib/telemetry -I../lib/telemetry -Ilib/argparse -I../lib/argparse -Ilib/net -I../lib/net -Ilib/mbuf -I../lib/mbuf -Ilib/mempool -I../lib/mempool -Ilib/ring -I../lib/ring -Ilib/meter -I../lib/meter -Idrivers/bus/pci -I../drivers/bus/pci -I../drivers/bus/pci/linux -Ilib/pci -I../lib/pci -Idrivers/bus/vdev -I../drivers/bus/vdev -Ilib/hash -I../lib/hash -Ilib/rcu -I../lib/rcu -Idrivers/common/mlx5 -I../drivers/common/mlx5 -Idrive
 rs/common/mlx5/linux -I../drivers/common/mlx5/linux -Idrivers/bus/auxiliary -I../drivers/bus/auxiliary -I/usr/include/libnl3 -fdiagnostics-color=always -pipe -D_FILE_OFFSET_BITS=64 -Wall -Winvalid-pch -Wextra -Werror -std=c11 -O3 -include rte_config.h -Wvla -Wcast-qual -Wdeprecated -Wformat -Wformat-nonliteral -Wformat-security -Wmissing-declarations -Wmissing-prototypes -Wnested-externs -Wold-style-definition -Wpointer-arith -Wsign-compare -Wstrict-prototypes -Wundef -Wwrite-strings -Wno-packed-not-aligned -Wno-missing-field-initializers -D_GNU_SOURCE -fPIC -march=native -mrtm -DALLOW_EXPERIMENTAL_API -DALLOW_INTERNAL_API -Wno-format-truncation -Wno-address-of-packed-member -std=c11 -Wno-strict-prototypes -D_BSD_SOURCE -D_DEFAULT_SOURCE -D_XOPEN_SOURCE=600 -UPEDANTIC -Wno-vla -DRTE_LOG_DEFAULT_LOGTYPE=pmd.net.mlx5 -MD -MQ drivers/libtmp_rte_net_mlx5.a.p/net_mlx5_mlx5_flow_hw.c.o -MF drivers/libtmp_rte_net_mlx5.a.p/net_mlx5_mlx5_flow_hw.c.o.d -o drivers/libtmp_rte_net_mlx5.a.p/net_m
 lx5_mlx5_flow_hw.c.o -c ../drivers/net/mlx5/mlx5_flow_hw.c
../drivers/net/mlx5/mlx5_flow_hw.c: In function 'flow_hw_create_flow':
../drivers/net/mlx5/mlx5_flow_hw.c:14159:13: error: unused variable 'len' [-Werror=unused-variable]
14159 |         int len;
|             ^~~
cc1: all warnings being treated as errors
[2061/3605] Compiling C object drivers/libtmp_rte_net_mlx5.a.p/net_mlx5_hws_mlx5dr_crc32.c.o
[2062/3605] Compiling C object drivers/libtmp_rte_net_mlx5.a.p/net_mlx5_hws_mlx5dr_bwc.c.o
[2063/3605] Compiling C object drivers/libtmp_rte_net_mlx5.a.p/net_mlx5_hws_mlx5dr_definer.c.o
ninja: build stopped: subcommand failed.
==== End log output ====

CentOS Stream 9
	Kernel: 5.15
	Compiler: gcc gcc (GCC) 11.5.0 20240719 (Red Hat 11.5.0-11)

Debian GNU/Linux 12
	Kernel: 5.15
	Compiler: gcc gcc (Debian 12.2.0-14+deb12u1) 12.2.0

CentOS Stream 10
	Kernel: 5.15
	Compiler: gcc gcc (GCC) 14.2.1 20250110 (Red Hat 14.2.1-8)

Fedora Linux 40
	Kernel: 5.15
	Compiler: gcc gcc (GCC) 14.2.1 20240912 (Red Hat 14.2.1-3)

Fedora Linux 42
	Kernel: 5.15
	Compiler: gcc gcc (GCC) 15.2.1 20250808 (Red Hat 15.2.1-1)

Fedora Linux 41
	Kernel: 5.15
	Compiler: gcc gcc (GCC) 14.3.1 20250523 (Red Hat 14.3.1-1)

Red Hat Enterprise Linux 8.10
	Kernel: 5.15
	Compiler: gcc gcc (GCC) 8.5.0 20210514 (Red Hat 8.5.0-22)

Ubuntu 20.04
	Kernel: 5.15
	Compiler: gcc gcc (Ubuntu 9.4.0-1ubuntu1~20.04.2) 9.4.0

Red Hat Enterprise Linux 9.5
	Kernel: 5.15
	Compiler: gcc gcc (GCC) 11.5.0 20240719 (Red Hat 11.5.0-2)

Ubuntu 24.04
	Kernel: 5.15
	Compiler: gcc gcc (Ubuntu 13.3.0-6ubuntu2~24.04) 13.3.0

Ubuntu 22.04
	Kernel: 5.15
	Compiler: gcc gcc (Ubuntu 11.4.0-1ubuntu1~22.04) 11.4.0

Windows Server 2022
	Kernel: 10.0.20348.2031
	Compiler: clang 15.0.7, gcc 14.1.0 (MinGW), and MSVC VS 19.39.33521

To view detailed results, visit:
https://lab.dpdk.org/results/dashboard/patchsets/34624/

UNH-IOL DPDK Community Lab

To manage your email subscriptions, visit: 
https://lab.dpdk.org/results/dashboard/preferences/subscriptions/

  parent reply	other threads:[~2025-11-17 15:29 UTC|newest]

Thread overview: 50+ messages / expand[flat|nested]  mbox.gz  Atom feed  top
     [not found] <20251117080942.9750-1-bingz@nvidia.com>
2025-11-17  7:48 ` |SUCCESS| pw158854-158855 [PATCH 2/2] net/mlx5: fix the masked value for a rule for sync API qemudev
2025-11-17  7:53 ` qemudev
2025-11-17  8:09 ` |WARNING| pw158855 " checkpatch
2025-11-17  9:19 ` |FAILURE| " 0-day Robot
2025-11-17  9:45 ` |SUCCESS| pw158854-158855 [PATCH] [2/2] net/mlx5: fix the masked val dpdklab
2025-11-17  9:45 ` |FAILURE| " dpdklab
2025-11-17  9:50 ` |SUCCESS| " dpdklab
2025-11-17  9:54 ` |FAILURE| " dpdklab
2025-11-17 10:12 ` |SUCCESS| " dpdklab
2025-11-17 11:50 ` |PENDING| " dpdklab
2025-11-17 12:48 ` |FAILURE| " dpdklab
2025-11-17 12:59 ` dpdklab
2025-11-17 13:00 ` dpdklab
2025-11-17 13:07 ` |SUCCESS| " dpdklab
2025-11-17 13:09 ` |FAILURE| " dpdklab
2025-11-17 13:09 ` dpdklab
2025-11-17 13:10 ` dpdklab
2025-11-17 13:13 ` dpdklab
2025-11-17 13:19 ` dpdklab
2025-11-17 13:20 ` dpdklab
2025-11-17 13:21 ` |PENDING| " dpdklab
2025-11-17 13:27 ` |FAILURE| " dpdklab
2025-11-17 13:33 ` dpdklab
2025-11-17 13:46 ` |PENDING| " dpdklab
2025-11-17 13:53 ` |FAILURE| " dpdklab
2025-11-17 14:14 ` dpdklab
2025-11-17 14:23 ` |WARNING| " dpdklab
2025-11-17 14:41 ` |FAILURE| " dpdklab
2025-11-17 14:45 ` dpdklab
2025-11-17 14:47 ` dpdklab
2025-11-17 14:59 ` dpdklab
2025-11-17 15:00 ` dpdklab
2025-11-17 15:01 ` dpdklab
2025-11-17 15:15 ` dpdklab
2025-11-17 15:15 ` |WARNING| " dpdklab
2025-11-17 15:16 ` |FAILURE| " dpdklab
2025-11-17 15:18 ` dpdklab
2025-11-17 15:19 ` dpdklab
2025-11-17 15:19 ` dpdklab
2025-11-17 15:24 ` dpdklab
2025-11-17 15:27 ` dpdklab
2025-11-17 15:29 ` dpdklab [this message]
2025-11-17 15:53 ` dpdklab
2025-11-17 15:58 ` dpdklab
2025-11-17 16:25 ` |SUCCESS| " dpdklab
2025-11-17 16:48 ` dpdklab
2025-11-17 18:07 ` dpdklab
2025-11-17 18:21 ` dpdklab
2025-11-17 19:09 ` dpdklab
2025-11-17 19:26 ` dpdklab

Reply instructions:

You may reply publicly to this message via plain-text email
using any one of the following methods:

* Save the following mbox file, import it into your mail client,
  and reply-to-all from there: mbox

  Avoid top-posting and favor interleaved quoting:
  https://en.wikipedia.org/wiki/Posting_style#Interleaved_style

* Reply using the --to, --cc, and --in-reply-to
  switches of git-send-email(1):

  git send-email \
    --in-reply-to=691b3f52.050a0220.2c5cb9.1e6dSMTPIN_ADDED_MISSING@mx.google.com \
    --to=dpdklab@iol.unh.edu \
    --cc=bingz@nvidia.com \
    --cc=dpdk-test-reports@iol.unh.edu \
    --cc=stephen@networkplumber.org \
    --cc=test-report@dpdk.org \
    /path/to/YOUR_REPLY

  https://kernel.org/pub/software/scm/git/docs/git-send-email.html

* If your mail client supports setting the In-Reply-To header
  via mailto: links, try the mailto: link
Be sure your reply has a Subject: header at the top and a blank line before the message body.
This is a public inbox, see mirroring instructions
for how to clone and mirror all data and code used for this inbox;
as well as URLs for NNTP newsgroup(s).