From mboxrd@z Thu Jan 1 00:00:00 1970 Return-Path: Received: from mails.dpdk.org (mails.dpdk.org [217.70.189.124]) by inbox.dpdk.org (Postfix) with ESMTP id 93ED348B33 for ; Mon, 17 Nov 2025 16:29:24 +0100 (CET) Received: from mails.dpdk.org (localhost [127.0.0.1]) by mails.dpdk.org (Postfix) with ESMTP id 8DD594025A; Mon, 17 Nov 2025 16:29:24 +0100 (CET) Received: from mail-yw1-f228.google.com (mail-yw1-f228.google.com [209.85.128.228]) by mails.dpdk.org (Postfix) with ESMTP id F3EA24025A for ; Mon, 17 Nov 2025 16:29:22 +0100 (CET) Received: by mail-yw1-f228.google.com with SMTP id 00721157ae682-787df0d729dso43205387b3.3 for ; Mon, 17 Nov 2025 07:29:22 -0800 (PST) DKIM-Signature: v=1; a=rsa-sha256; c=relaxed/relaxed; d=iol.unh.edu; s=unh-iol; t=1763393362; x=1763998162; darn=dpdk.org; h=references:in-reply-to:cc:to:from:subject:message-id:date:from:to :cc:subject:date:message-id:reply-to; bh=odeeAkSFGdT8ATCM6tJDYqywojJ9DetO/Du0DRC9Qrk=; b=hPWcXrgL16mNM/F1N4bnjgMfrxx8ePpRVty20SR5Dbd0XmT0Z/P89HJW5CldSQuha+ rU+3ZqUyB357jFqYnRGTZkqBxHB4KZINYzWRVmU8zCg662N0FgNJwkHeIz5xv7+WgGgR OD/MJXuUfn4C+CyHLb3byNrN0YDWt03PmWe50= X-Google-DKIM-Signature: v=1; a=rsa-sha256; c=relaxed/relaxed; d=1e100.net; s=20230601; t=1763393362; x=1763998162; h=references:in-reply-to:cc:to:from:subject:message-id:date:x-gm-gg :x-gm-message-state:from:to:cc:subject:date:message-id:reply-to; bh=odeeAkSFGdT8ATCM6tJDYqywojJ9DetO/Du0DRC9Qrk=; b=ZAiPOluAnfwrPVSI+vjsJRDW5QsX6QaF9A1XWsCw8JH0OO0c4wvg1QWSIw+TTX+5Rx 3ndDUnleQ4oBdr4BS9HvfU4f7w/pGelb5DkpndORQnLTKB7YYUbfTh/MPwEszF+5A1jT kBv1/kx+9zHI+8TOaqlFPUJpEjek7iOaljGDgNjO8CG43F/3GO0XksFnIIstOeBnGrIH NGiWbx2zwkJvB02QP0QERDyi++xSQoyIByeq7tiSv6FIUH6rOZHp2kzN2+nsOaCheQMe 3EUeSqWkCn8iQIVbH3rw52HjV13e0kIDhHRmZFYW8AYyTeQ1ZTUv6wiHhXBpQvDfcTrT pQyQ== X-Gm-Message-State: AOJu0YzVohl9sP/WBHo9BTctJIVK+icqkYzMdwx6qmKZclcB8oySKQNo 69Qqfrt/Df3FCzPiqXi1xCiTOkuk/rD5R17G6IioKSKfkEaQqQRyUEZ+IFKApRxB9fg1HefDBmE 6xwGHaoQNHdsGFeg2ccDtHkeAotGhYMr7zJTVaJtT16OFZwJqNaQhf7vapL2M X-Gm-Gg: ASbGncsEFcG3r032JRcK7XV32byMXTBX5N+l0MJyDGtjx4HIFfAFLOuES6Mm6+sSPAd xfdgXc+Q4XKKsXrKnlkNHPpb42HcrRD/CGXzKtb3eib3vSIHfYPfhHAp5lJsyUOh4v19dOhE/4f eNdtmnhlPbv4FE/56kAu5FMmLEdia4U8/3Iy3J7D23NODzRwR2+ejlTn1TRdor5dOB2E5Bt0Con Y68RFu35NqFVF/6rmni+nc9hIm7flHLzEcUdM2lUYQlUiePvyLAzxgdYnJ+guuaoxXzAFS1OBsQ BnF/u9V+vbzDe1G+94+tQVhN/1/S26w1F7uJ3u0bsMDptDHDAMeTMhZ/Y52N4yCs6KGJNPwLM/V ats5FQcGu X-Google-Smtp-Source: AGHT+IHMcuFIWQTIYvlsuWl/vs6NQWN5Zjh/pLeqokVwp2X589eF4WQBJNrMnpRLlixLrTMxMljzNL6AvhcB X-Received: by 2002:a05:690c:fcd:b0:786:6467:23f0 with SMTP id 00721157ae682-78929f04177mr121504667b3.64.1763393362105; Mon, 17 Nov 2025 07:29:22 -0800 (PST) Received: from postal.iol.unh.edu (postal.iol.unh.edu. [2606:4100:3880:1234::84]) by smtp-relay.gmail.com with ESMTPS id 00721157ae682-78821dee4e6sm6789447b3.1.2025.11.17.07.29.22 (version=TLS1_2 cipher=ECDHE-ECDSA-AES128-GCM-SHA256 bits=128/128); Mon, 17 Nov 2025 07:29:22 -0800 (PST) X-Relaying-Domain: iol.unh.edu Date: Mon, 17 Nov 2025 07:29:22 -0800 (PST) Message-ID: <691b3f52.050a0220.2c5cb9.1e6dSMTPIN_ADDED_MISSING@mx.google.com> Received: from [172.21.0.4] (unknown [172.18.0.240]) by postal.iol.unh.edu (Postfix) with ESMTP id C8C0F604D420; Mon, 17 Nov 2025 10:29:21 -0500 (EST) Subject: |FAILURE| pw158854-158855 [PATCH] [2/2] net/mlx5: fix the masked val From: dpdklab@iol.unh.edu To: Test Report Cc: dpdk-test-reports@iol.unh.edu, Stephen Hemminger , Bing Zhao In-Reply-To: <20251117080942.9750-1-bingz@nvidia.com> References: <20251117080942.9750-1-bingz@nvidia.com> Content-Type: text/plain X-BeenThere: test-report@dpdk.org X-Mailman-Version: 2.1.29 Precedence: list List-Id: automatic DPDK test reports List-Unsubscribe: , List-Archive: List-Post: List-Help: List-Subscribe: , Errors-To: test-report-bounces@dpdk.org Test-Label: iol-unit-amd64-testing Test-Status: FAILURE http://dpdk.org/patch/158855 _Testing issues_ Submitter: Bing Zhao Date: Monday, November 17 2025 08:09:42 DPDK git baseline: Repo:dpdk-next-net Branch: master CommitID:18d8a8909b8ed6b0a4bd8f99971da74ebba792e2 158854-158855 --> testing issues Upstream job id: Generic-Unit-Test-DPDK#393876 Test environment and result as below: +-------------------------------+----------------+ | Environment | dpdk_unit_test | +===============================+================+ | CentOS Stream 9 | WARN | +-------------------------------+----------------+ | Debian GNU/Linux 12 | WARN | +-------------------------------+----------------+ | CentOS Stream 10 | WARN | +-------------------------------+----------------+ | Fedora Linux 40 | WARN | +-------------------------------+----------------+ | Fedora Linux 42 | WARN | +-------------------------------+----------------+ | Fedora Linux 41 | WARN | +-------------------------------+----------------+ | Red Hat Enterprise Linux 8.10 | WARN | +-------------------------------+----------------+ | Ubuntu 20.04 | FAIL | +-------------------------------+----------------+ | Red Hat Enterprise Linux 9.5 | WARN | +-------------------------------+----------------+ | Ubuntu 24.04 | WARN | +-------------------------------+----------------+ | Ubuntu 22.04 | WARN | +-------------------------------+----------------+ | Windows Server 2022 | PASS | +-------------------------------+----------------+ ==== 20 line log output for Ubuntu 22.04 (dpdk_unit_test): ==== [2052/3605] Compiling C object drivers/libtmp_rte_net_mlx5.a.p/net_mlx5_hws_mlx5dr_matcher.c.o [2053/3605] Compiling C object drivers/libtmp_rte_net_mlx5.a.p/net_mlx5_hws_mlx5dr_pool.c.o [2054/3605] Compiling C object drivers/libtmp_rte_net_mlx5.a.p/net_mlx5_hws_mlx5dr_buddy.c.o [2055/3605] Compiling C object drivers/libtmp_rte_net_mlx5.a.p/net_mlx5_hws_mlx5dr_action.c.o [2056/3605] Compiling C object drivers/libtmp_rte_net_mlx5.a.p/net_mlx5_hws_mlx5dr_cmd.c.o [2057/3605] Compiling C object drivers/libtmp_rte_net_mlx5.a.p/net_mlx5_hws_mlx5dr_send.c.o [2058/3605] Compiling C object drivers/libtmp_rte_net_mlx5.a.p/net_mlx5_hws_mlx5dr_pat_arg.c.o [2059/3605] Compiling C object drivers/libtmp_rte_net_mlx5.a.p/net_mlx5_hws_mlx5dr_debug.c.o [2060/3605] Compiling C object drivers/libtmp_rte_net_mlx5.a.p/net_mlx5_mlx5_flow_hw.c.o FAILED: drivers/libtmp_rte_net_mlx5.a.p/net_mlx5_mlx5_flow_hw.c.o ccache cc -Idrivers/libtmp_rte_net_mlx5.a.p -Idrivers -I../drivers -Idrivers/net/mlx5 -I../drivers/net/mlx5 -Idrivers/net/mlx5/linux -I../drivers/net/mlx5/linux -Idrivers/net/mlx5/hws -I../drivers/net/mlx5/hws -Ilib/ethdev -I../lib/ethdev -Ilib/eal/common -I../lib/eal/common -I. -I.. -Iconfig -I../config -Ilib/eal/include -I../lib/eal/include -Ilib/eal/linux/include -I../lib/eal/linux/include -Ilib/eal/x86/include -I../lib/eal/x86/include -I../kernel/linux -Ilib/eal -I../lib/eal -Ilib/kvargs -I../lib/kvargs -Ilib/log -I../lib/log -Ilib/metrics -I../lib/metrics -Ilib/telemetry -I../lib/telemetry -Ilib/argparse -I../lib/argparse -Ilib/net -I../lib/net -Ilib/mbuf -I../lib/mbuf -Ilib/mempool -I../lib/mempool -Ilib/ring -I../lib/ring -Ilib/meter -I../lib/meter -Idrivers/bus/pci -I../drivers/bus/pci -I../drivers/bus/pci/linux -Ilib/pci -I../lib/pci -Idrivers/bus/vdev -I../drivers/bus/vdev -Ilib/hash -I../lib/hash -Ilib/rcu -I../lib/rcu -Idrivers/common/mlx5 -I../drivers/common/mlx5 -Idrive rs/common/mlx5/linux -I../drivers/common/mlx5/linux -Idrivers/bus/auxiliary -I../drivers/bus/auxiliary -I/usr/include/libnl3 -fdiagnostics-color=always -pipe -D_FILE_OFFSET_BITS=64 -Wall -Winvalid-pch -Wextra -Werror -std=c11 -O3 -include rte_config.h -Wvla -Wcast-qual -Wdeprecated -Wformat -Wformat-nonliteral -Wformat-security -Wmissing-declarations -Wmissing-prototypes -Wnested-externs -Wold-style-definition -Wpointer-arith -Wsign-compare -Wstrict-prototypes -Wundef -Wwrite-strings -Wno-packed-not-aligned -Wno-missing-field-initializers -D_GNU_SOURCE -fPIC -march=native -mrtm -DALLOW_EXPERIMENTAL_API -DALLOW_INTERNAL_API -Wno-format-truncation -Wno-address-of-packed-member -std=c11 -Wno-strict-prototypes -D_BSD_SOURCE -D_DEFAULT_SOURCE -D_XOPEN_SOURCE=600 -UPEDANTIC -Wno-vla -DRTE_LOG_DEFAULT_LOGTYPE=pmd.net.mlx5 -MD -MQ drivers/libtmp_rte_net_mlx5.a.p/net_mlx5_mlx5_flow_hw.c.o -MF drivers/libtmp_rte_net_mlx5.a.p/net_mlx5_mlx5_flow_hw.c.o.d -o drivers/libtmp_rte_net_mlx5.a.p/net_m lx5_mlx5_flow_hw.c.o -c ../drivers/net/mlx5/mlx5_flow_hw.c ../drivers/net/mlx5/mlx5_flow_hw.c: In function 'flow_hw_create_flow': ../drivers/net/mlx5/mlx5_flow_hw.c:14159:13: error: unused variable 'len' [-Werror=unused-variable] 14159 | int len; | ^~~ cc1: all warnings being treated as errors [2061/3605] Compiling C object drivers/libtmp_rte_net_mlx5.a.p/net_mlx5_hws_mlx5dr_crc32.c.o [2062/3605] Compiling C object drivers/libtmp_rte_net_mlx5.a.p/net_mlx5_hws_mlx5dr_bwc.c.o [2063/3605] Compiling C object drivers/libtmp_rte_net_mlx5.a.p/net_mlx5_hws_mlx5dr_definer.c.o ninja: build stopped: subcommand failed. ==== End log output ==== CentOS Stream 9 Kernel: 5.15 Compiler: gcc gcc (GCC) 11.5.0 20240719 (Red Hat 11.5.0-11) Debian GNU/Linux 12 Kernel: 5.15 Compiler: gcc gcc (Debian 12.2.0-14+deb12u1) 12.2.0 CentOS Stream 10 Kernel: 5.15 Compiler: gcc gcc (GCC) 14.2.1 20250110 (Red Hat 14.2.1-8) Fedora Linux 40 Kernel: 5.15 Compiler: gcc gcc (GCC) 14.2.1 20240912 (Red Hat 14.2.1-3) Fedora Linux 42 Kernel: 5.15 Compiler: gcc gcc (GCC) 15.2.1 20250808 (Red Hat 15.2.1-1) Fedora Linux 41 Kernel: 5.15 Compiler: gcc gcc (GCC) 14.3.1 20250523 (Red Hat 14.3.1-1) Red Hat Enterprise Linux 8.10 Kernel: 5.15 Compiler: gcc gcc (GCC) 8.5.0 20210514 (Red Hat 8.5.0-22) Ubuntu 20.04 Kernel: 5.15 Compiler: gcc gcc (Ubuntu 9.4.0-1ubuntu1~20.04.2) 9.4.0 Red Hat Enterprise Linux 9.5 Kernel: 5.15 Compiler: gcc gcc (GCC) 11.5.0 20240719 (Red Hat 11.5.0-2) Ubuntu 24.04 Kernel: 5.15 Compiler: gcc gcc (Ubuntu 13.3.0-6ubuntu2~24.04) 13.3.0 Ubuntu 22.04 Kernel: 5.15 Compiler: gcc gcc (Ubuntu 11.4.0-1ubuntu1~22.04) 11.4.0 Windows Server 2022 Kernel: 10.0.20348.2031 Compiler: clang 15.0.7, gcc 14.1.0 (MinGW), and MSVC VS 19.39.33521 To view detailed results, visit: https://lab.dpdk.org/results/dashboard/patchsets/34624/ UNH-IOL DPDK Community Lab To manage your email subscriptions, visit: https://lab.dpdk.org/results/dashboard/preferences/subscriptions/