From mboxrd@z Thu Jan 1 00:00:00 1970 Return-Path: Received: from mails.dpdk.org (mails.dpdk.org [217.70.189.124]) by inbox.dpdk.org (Postfix) with ESMTP id B9EE648B33 for ; Mon, 17 Nov 2025 16:49:29 +0100 (CET) Received: from mails.dpdk.org (localhost [127.0.0.1]) by mails.dpdk.org (Postfix) with ESMTP id B61CB4025A; Mon, 17 Nov 2025 16:49:29 +0100 (CET) Received: from mail-pj1-f98.google.com (mail-pj1-f98.google.com [209.85.216.98]) by mails.dpdk.org (Postfix) with ESMTP id 641EC4025A for ; Mon, 17 Nov 2025 16:49:29 +0100 (CET) Received: by mail-pj1-f98.google.com with SMTP id 98e67ed59e1d1-3418ac74bffso3149723a91.1 for ; Mon, 17 Nov 2025 07:49:29 -0800 (PST) DKIM-Signature: v=1; a=rsa-sha256; c=relaxed/relaxed; d=iol.unh.edu; s=unh-iol; t=1763394568; x=1763999368; darn=dpdk.org; h=references:in-reply-to:cc:to:from:subject:message-id:date:from:to :cc:subject:date:message-id:reply-to; bh=RnlKYSmTPefij6r+CripalpXiEkcymOmCSiedYwdWMU=; b=EJf/wyX5TZaFHbkMN+vPeoiEFhqqB5vpVehfezKUhKzDzomcKeGrco9F9oAwfCmSlf uioAWBHO9Z5jl3vlhJnX7pz+RQ2TVs2p3o4DZHOeZ2+vCiVlIOb3GR3HbS60PqazySM/ 2TsocGcZs0+HOodtzYyNPidbG7FIMzsH0620I= X-Google-DKIM-Signature: v=1; a=rsa-sha256; c=relaxed/relaxed; d=1e100.net; s=20230601; t=1763394568; x=1763999368; h=references:in-reply-to:cc:to:from:subject:message-id:date:x-gm-gg :x-gm-message-state:from:to:cc:subject:date:message-id:reply-to; bh=RnlKYSmTPefij6r+CripalpXiEkcymOmCSiedYwdWMU=; b=nw4RSxbRXDHpazji0nFMKtE60qLpspQ1ESnxh3pH+5yNvgGofESwxB3sf3Dkgznha0 i+a4ONH4kxFUl+dMPqHc1oyfXRzzzUDyoTg5aogl8oEN95TomvocmxAvknRJ12DBzqlG WB1NFmsqoErZ83xdDB9m+6cUxRwmAfjA9d79Ubgf5XN5sGNsX+QXkhbt2olOksxZdr2W YroTLYqL3G3cp92Yz0hXgXW0+fUWLfgjcwK9V+I+ynLbTXfgNQEpc/nxhs2psK7EXTgS lahkWAdV+R4k6Yu514hPYo3GWTcdK8uolxHzOJAIr2bso2tnvID0oYIhcU57Y1GV6hgv 1//g== X-Gm-Message-State: AOJu0YyE/V24e60ijRscxCTkGyCjWss3/zJua9JpXIxnS3uWJoGz9XAs RgRgueLhmf6/2pqP9oG7ZdeNOuKG7rRSqwoVX3ziuWsQqvbjfrzI4pNlcV8t1Yi2b/Wg689+p3X cqTn+mmwpcNIiR/y6H6G34bxDjA8hvCJp0AGfD4c8xDR4M3Dn7/pQA3yXPv/3 X-Gm-Gg: ASbGncttVZ3amyOv4/a2B/iosb7vG+VO1Ig0b62ZTP3U8qPiQpkojGMDyGAKH+VnDzZ 5jAiYGptz66wBhcDtMhy1hzG1x3SpGsFGn+LCz0pVe8D2N5IIiEbnTOv2eEBKg4hBALo3HqjjPE DQv2kThSmHpAlZSFEiI95gItdW8FOURZAf6eDAsow9THIO7PvItJ0vzyQdM5tx60jglPKotFY0W OclutyxiD61h7Q/oMA+WJTC6OZpFkY97MJRA9nriIMJXRnz5ye28ISDOFXH44ZuupFYl6lw/MZI k01jgCIK/8c1p2ctMmSRMOZJsffzyKqCKRDo62H9xqmpkh2jfhQU9rTbheN1KyxLNYlz9fpWBAC PIVQHffkM X-Google-Smtp-Source: AGHT+IHEPpxL1/jKaquUrSFvwDpKm0JeipaJb5KBxHVbIRemHeoLczZITCDbrCFlt8k2xCb7y+ujqLmD4231 X-Received: by 2002:a17:90b:4b8c:b0:340:c179:365a with SMTP id 98e67ed59e1d1-343f99c41c4mr13855905a91.0.1763394568441; Mon, 17 Nov 2025 07:49:28 -0800 (PST) Received: from postal.iol.unh.edu (postal.iol.unh.edu. [2606:4100:3880:1234::84]) by smtp-relay.gmail.com with ESMTPS id 98e67ed59e1d1-343f2baab11sm1600056a91.1.2025.11.17.07.49.28 (version=TLS1_2 cipher=ECDHE-ECDSA-AES128-GCM-SHA256 bits=128/128); Mon, 17 Nov 2025 07:49:28 -0800 (PST) X-Relaying-Domain: iol.unh.edu Date: Mon, 17 Nov 2025 07:49:28 -0800 (PST) Message-ID: <691b4408.170a0220.1d3f01.f533SMTPIN_ADDED_MISSING@mx.google.com> Received: from [172.21.0.2] (unknown [172.18.0.240]) by postal.iol.unh.edu (Postfix) with ESMTP id ADF566051830; Mon, 17 Nov 2025 10:49:27 -0500 (EST) Subject: |FAILURE| pw158859 [PATCH] [v2,1/1] net/mlx5: fix set port down if d From: dpdklab@iol.unh.edu To: Test Report Cc: dpdk-test-reports@iol.unh.edu, Yang Xu In-Reply-To: <20251117091201.2261526-1-xu.yang3@zte.com.cn> References: <20251117091201.2261526-1-xu.yang3@zte.com.cn> Content-Type: text/plain X-BeenThere: test-report@dpdk.org X-Mailman-Version: 2.1.29 Precedence: list List-Id: automatic DPDK test reports List-Unsubscribe: , List-Archive: List-Post: List-Help: List-Subscribe: , Errors-To: test-report-bounces@dpdk.org Test-Label: iol-compile-amd64-testing Test-Status: FAILURE http://dpdk.org/patch/158859 _Testing issues_ Submitter: Yang Xu Date: Monday, November 17 2025 09:12:01 DPDK git baseline: Repo:dpdk-next-net-mlx Branch: master CommitID:6c8ab18883d4a51ac512a969d36b47272a63b61b 158859 --> testing issues Upstream job id: Generic-DPDK-Compile-Meson#445647 Test environment and result as below: +-------------------------------+--------------------+------------------+-------------------+ | Environment | dpdk_meson_compile | dpdk_compile_ovs | dpdk_msvc_compile | +===============================+====================+==================+===================+ | FreeBSD 14.2 | PASS | SKIPPED | SKIPPED | +-------------------------------+--------------------+------------------+-------------------+ | Ubuntu 20.04 | FAIL | SKIPPED | SKIPPED | +-------------------------------+--------------------+------------------+-------------------+ | CentOS Stream 9 | FAIL | SKIPPED | SKIPPED | +-------------------------------+--------------------+------------------+-------------------+ | CentOS Stream 10 | FAIL | SKIPPED | SKIPPED | +-------------------------------+--------------------+------------------+-------------------+ | Debian GNU/Linux 12 | FAIL | SKIPPED | SKIPPED | +-------------------------------+--------------------+------------------+-------------------+ | Fedora Linux 42 | FAIL | WARN | SKIPPED | +-------------------------------+--------------------+------------------+-------------------+ | openSUSE Leap 15.6 | FAIL | SKIPPED | SKIPPED | +-------------------------------+--------------------+------------------+-------------------+ | Red Hat Enterprise Linux 8.10 | FAIL | SKIPPED | SKIPPED | +-------------------------------+--------------------+------------------+-------------------+ | Red Hat Enterprise Linux 9.5 | FAIL | SKIPPED | SKIPPED | +-------------------------------+--------------------+------------------+-------------------+ | Ubuntu 22.04 | FAIL | SKIPPED | SKIPPED | +-------------------------------+--------------------+------------------+-------------------+ | Ubuntu 24.04 | PASS | WARN | SKIPPED | +-------------------------------+--------------------+------------------+-------------------+ | Alpine Linux 3.22.0 | PASS | SKIPPED | SKIPPED | +-------------------------------+--------------------+------------------+-------------------+ | Windows Server 2022 | SKIPPED | SKIPPED | PASS | +-------------------------------+--------------------+------------------+-------------------+ ==== 20 line log output for Ubuntu 24.04 (dpdk_compile_ovs): ==== --- Failed to get log output --- ==== End log output ==== FreeBSD 14.2 Kernel: 14.2-RELEASE Compiler: clang 18.1.6 Ubuntu 20.04 Kernel: 4.19 Compiler: gcc gcc (Ubuntu 9.4.0-1ubuntu1~20.04.2) 9.4.0 CentOS Stream 9 Kernel: 5.15 Compiler: gcc gcc (GCC) 11.5.0 20240719 (Red Hat 11.5.0-11) CentOS Stream 10 Kernel: 5.15 Compiler: gcc gcc (GCC) 14.2.1 20250110 (Red Hat 14.2.1-8) Debian GNU/Linux 12 Kernel: 5.15 Compiler: gcc gcc (Debian 12.2.0-14+deb12u1) 12.2.0 Fedora Linux 42 Kernel: 5.15 Compiler: clang gcc (GCC) 15.2.1 20250808 (Red Hat 15.2.1-1) openSUSE Leap 15.6 Kernel: 5.15 Compiler: gcc gcc (SUSE Linux) 7.5.0 Red Hat Enterprise Linux 8.10 Kernel: 5.15 Compiler: gcc gcc (GCC) 8.5.0 20210514 (Red Hat 8.5.0-22) Red Hat Enterprise Linux 9.5 Kernel: 5.15 Compiler: gcc gcc (GCC) 11.5.0 20240719 (Red Hat 11.5.0-2) Ubuntu 22.04 Kernel: 5.15 Compiler: gcc gcc (Ubuntu 11.4.0-1ubuntu1~22.04) 11.4.0 Ubuntu 24.04 Kernel: 5.15 Compiler: gcc gcc (Ubuntu 13.3.0-6ubuntu2~24.04) 13.3.0 Alpine Linux 3.22.0 Kernel: 5.15 Compiler: gcc gcc (Alpine 14.2.0) 14.2.0 Windows Server 2022 Kernel: 10.0.20348.2031 Compiler: clang 15.0.7, gcc 14.1.0 (MinGW), and MSVC VS 19.39.33521 To view detailed results, visit: https://lab.dpdk.org/results/dashboard/patchsets/34627/ UNH-IOL DPDK Community Lab To manage your email subscriptions, visit: https://lab.dpdk.org/results/dashboard/preferences/subscriptions/