automatic DPDK test reports
 help / color / mirror / Atom feed
From: dpdklab@iol.unh.edu
To: Test Report <test-report@dpdk.org>
Cc: dpdk-test-reports@iol.unh.edu
Subject: |WARNING| pw158859 [PATCH] [v2,1/1] net/mlx5: fix set port down if d
Date: Mon, 17 Nov 2025 07:49:51 -0800 (PST)	[thread overview]
Message-ID: <691b441f.050a0220.237ff6.13ddSMTPIN_ADDED_MISSING@mx.google.com> (raw)
In-Reply-To: <20251117091201.2261526-1-xu.yang3@zte.com.cn>

Test-Label: iol-sample-apps-testing
Test-Status: WARNING
http://dpdk.org/patch/158859

_Testing issues_

Submitter: Yang Xu <xu.yang3@zte.com.cn>
Date: Monday, November 17 2025 09:12:01 
DPDK git baseline: Repo:dpdk-next-net-mlx
  Branch: master
  CommitID:6c8ab18883d4a51ac512a969d36b47272a63b61b

158859 --> testing issues

Upstream job id: ACVP-FIPS-testing#11860

Test environment and result as below:

+--------------+----------------------+
| Environment  | dpdk_fips_validation |
+==============+======================+
| Ubuntu 20.04 | WARN                 |
+--------------+----------------------+

==== 20 line log output for Ubuntu 20.04 (dpdk_fips_validation): ====
536 |    dev->data->dev_link = {0};
|                          ^
[2068/3635] Compiling C object drivers/libtmp_rte_net_mlx5.a.p/net_mlx5_linux_mlx5_verbs.c.o
[2069/3635] Compiling C object drivers/libtmp_rte_net_mlx5.a.p/net_mlx5_linux_mlx5_flow_os.c.o
[2070/3635] Compiling C object drivers/libtmp_rte_net_mlx5.a.p/net_mlx5_hws_mlx5dr_table.c.o
[2071/3635] Compiling C object drivers/libtmp_rte_net_mlx5.a.p/net_mlx5_linux_mlx5_vlan_os.c.o
[2072/3635] Compiling C object drivers/libtmp_rte_net_mlx5.a.p/net_mlx5_hws_mlx5dr_rule.c.o
[2073/3635] Compiling C object drivers/libtmp_rte_net_mlx5.a.p/net_mlx5_mlx5_hws_cnt.c.o
[2074/3635] Compiling C object drivers/libtmp_rte_net_mlx5.a.p/net_mlx5_mlx5_rxtx_vec.c.o
[2075/3635] Compiling C object drivers/libtmp_rte_net_mlx5.a.p/net_mlx5_hws_mlx5dr_buddy.c.o
[2076/3635] Compiling C object drivers/libtmp_rte_net_mlx5.a.p/net_mlx5_hws_mlx5dr_matcher.c.o
[2077/3635] Compiling C object drivers/libtmp_rte_net_mlx5.a.p/net_mlx5_mlx5_tx_mpw.c.o
[2078/3635] Compiling C object drivers/libtmp_rte_net_mlx5.a.p/net_mlx5_hws_mlx5dr_pool.c.o
[2079/3635] Compiling C object drivers/libtmp_rte_net_mlx5.a.p/net_mlx5_hws_mlx5dr_action.c.o
[2080/3635] Compiling C object drivers/libtmp_rte_net_mlx5.a.p/net_mlx5_mlx5_flow_dv.c.o
[2081/3635] Compiling C object drivers/libtmp_rte_net_mlx5.a.p/net_mlx5_mlx5_tx_empw.c.o
[2082/3635] Compiling C object drivers/libtmp_rte_net_mlx5.a.p/net_mlx5_mlx5_tx_nompw.c.o
[2083/3635] Compiling C object drivers/libtmp_rte_net_mlx5.a.p/net_mlx5_mlx5_tx_txpp.c.o
[2084/3635] Compiling C object drivers/libtmp_rte_net_mlx5.a.p/net_mlx5_mlx5_flow_hw.c.o
ninja: build stopped: subcommand failed.
==== End log output ====

Ubuntu 20.04
	Kernel: 5.15
	Compiler: gcc gcc (Ubuntu 9.4.0-1ubuntu1~20.04.2) 9.4.0

To view detailed results, visit:
https://lab.dpdk.org/results/dashboard/patchsets/34627/

UNH-IOL DPDK Community Lab

To manage your email subscriptions, visit: 
https://lab.dpdk.org/results/dashboard/preferences/subscriptions/

  parent reply	other threads:[~2025-11-17 15:49 UTC|newest]

Thread overview: 40+ messages / expand[flat|nested]  mbox.gz  Atom feed  top
     [not found] <20251117091201.2261526-1-xu.yang3@zte.com.cn>
2025-11-17  8:41 ` |SUCCESS| pw158859 [PATCH v2 1/1] net/mlx5: fix set port down if detect anomaly qemudev
2025-11-17  8:46 ` qemudev
2025-11-17  9:13 ` |WARNING| " checkpatch
2025-11-17  9:44 ` |FAILURE| " 0-day Robot
2025-11-17 13:24 ` |SUCCESS| pw158859 [PATCH] [v2,1/1] net/mlx5: fix set port down if d dpdklab
2025-11-17 13:28 ` |FAILURE| " dpdklab
2025-11-17 13:30 ` dpdklab
2025-11-17 13:48 ` |PENDING| " dpdklab
2025-11-17 14:46 ` |FAILURE| " dpdklab
2025-11-17 14:50 ` dpdklab
2025-11-17 14:54 ` dpdklab
2025-11-17 14:56 ` dpdklab
2025-11-17 15:00 ` dpdklab
2025-11-17 15:00 ` |PENDING| " dpdklab
2025-11-17 15:04 ` |FAILURE| " dpdklab
2025-11-17 15:04 ` dpdklab
2025-11-17 15:05 ` dpdklab
2025-11-17 15:05 ` dpdklab
2025-11-17 15:10 ` dpdklab
2025-11-17 15:41 ` |PENDING| " dpdklab
2025-11-17 15:43 ` |FAILURE| " dpdklab
2025-11-17 15:49 ` dpdklab
2025-11-17 15:49 ` dpdklab [this message]
2025-11-17 16:12 ` dpdklab
2025-11-17 16:14 ` dpdklab
2025-11-17 16:15 ` dpdklab
2025-11-17 16:16 ` dpdklab
2025-11-17 16:16 ` dpdklab
2025-11-17 16:18 ` dpdklab
2025-11-17 16:22 ` dpdklab
2025-11-17 16:27 ` dpdklab
2025-11-17 16:27 ` dpdklab
2025-11-17 16:28 ` dpdklab
2025-11-17 16:28 ` dpdklab
2025-11-17 16:29 ` dpdklab
2025-11-17 16:30 ` dpdklab
2025-11-17 16:30 ` dpdklab
2025-11-17 16:30 ` dpdklab
2025-11-17 16:31 ` dpdklab
2025-11-17 16:35 ` dpdklab

Reply instructions:

You may reply publicly to this message via plain-text email
using any one of the following methods:

* Save the following mbox file, import it into your mail client,
  and reply-to-all from there: mbox

  Avoid top-posting and favor interleaved quoting:
  https://en.wikipedia.org/wiki/Posting_style#Interleaved_style

* Reply using the --to, --cc, and --in-reply-to
  switches of git-send-email(1):

  git send-email \
    --in-reply-to=691b441f.050a0220.237ff6.13ddSMTPIN_ADDED_MISSING@mx.google.com \
    --to=dpdklab@iol.unh.edu \
    --cc=dpdk-test-reports@iol.unh.edu \
    --cc=test-report@dpdk.org \
    /path/to/YOUR_REPLY

  https://kernel.org/pub/software/scm/git/docs/git-send-email.html

* If your mail client supports setting the In-Reply-To header
  via mailto: links, try the mailto: link
Be sure your reply has a Subject: header at the top and a blank line before the message body.
This is a public inbox, see mirroring instructions
for how to clone and mirror all data and code used for this inbox;
as well as URLs for NNTP newsgroup(s).