From mboxrd@z Thu Jan 1 00:00:00 1970 Return-Path: Received: from mails.dpdk.org (mails.dpdk.org [217.70.189.124]) by inbox.dpdk.org (Postfix) with ESMTP id 026C448B33 for ; Mon, 17 Nov 2025 16:51:04 +0100 (CET) Received: from mails.dpdk.org (localhost [127.0.0.1]) by mails.dpdk.org (Postfix) with ESMTP id F28A84025A; Mon, 17 Nov 2025 16:51:03 +0100 (CET) Received: from mail-yw1-f225.google.com (mail-yw1-f225.google.com [209.85.128.225]) by mails.dpdk.org (Postfix) with ESMTP id 96AF24025A for ; Mon, 17 Nov 2025 16:51:02 +0100 (CET) Received: by mail-yw1-f225.google.com with SMTP id 00721157ae682-786a85a68c6so45922377b3.3 for ; Mon, 17 Nov 2025 07:51:02 -0800 (PST) DKIM-Signature: v=1; a=rsa-sha256; c=relaxed/relaxed; d=iol.unh.edu; s=unh-iol; t=1763394662; x=1763999462; darn=dpdk.org; h=references:in-reply-to:cc:to:from:subject:message-id:date:from:to :cc:subject:date:message-id:reply-to; bh=MbWJa6iMuYDgQes/VD/yctBY5DgfJXEvrsKNHvjZ+oc=; b=fJFj3UgjB/pZFQOFSyXemh5DIpS6pgt7rIO8K50jBAvi/ol5z/AgTfO9L0tVNLTWAA zwZq90JVwduZavKq7GJrbQPbNsnMiEMcjZH5uBZQM6Tze6LQD0AjK6sb37sl4w870iIX YVsnrnR9np8Eq7cpXttVZY2mUk3AiZ2DuL0h0= X-Google-DKIM-Signature: v=1; a=rsa-sha256; c=relaxed/relaxed; d=1e100.net; s=20230601; t=1763394662; x=1763999462; h=references:in-reply-to:cc:to:from:subject:message-id:date:x-gm-gg :x-gm-message-state:from:to:cc:subject:date:message-id:reply-to; bh=MbWJa6iMuYDgQes/VD/yctBY5DgfJXEvrsKNHvjZ+oc=; b=K2vD1mVNEe/C/scZMAFOES3DUd4Ymy4H8waml8U6cvSWclUq76WV/8oXt0FGXtKl2Z j4ELjbWGAMLfoXMcHOQ5j1FeBN4kX5dXbiIku3gBzMSLtXcfo2VA+HiF34bQGV1Wy5bh thj5Wd20CarTcUS8OQrVXbgEpFHPQtiVfA5ypz+GHhumZ6tQUB4C0YSb2AHfX7ai1aSy 7MlMZyeOz9ScylcSKRBmn4NwbLX0K6dSRRDSd2WUx3dqhvxC4oxeVNrZrarBH4KdDL9v 4lwhBV+kpVY97fBT5ivFWiQCS1ZQOxhQ6J72OEEQqsp6lEBzgGjEOYX/rz9xEdgvGBE2 Kl4A== X-Gm-Message-State: AOJu0YyJsgew/PNpdVVAMOUtyVbJPmTXaHYiI2sIccd1zMCapPKJ5Y1v yazGUInBsk793vQxWJ0vKMkBgZGk6hbLgC8mQoV69wdaE/qjMoHlH4HBU8IV2z7lj+Lyhshlfis YNVS5UNkJqsYp3ZYJ9xxGBsNToe5TifRjr0XKICVWPbEevxgnY51bTj5y6tsz X-Gm-Gg: ASbGnctUGTSdREwzhwa/KwyabF0soFrRMozV5Yx3gxnumpE43nqrQgcjNa5Uth0yIP2 L5d9Z4tOULLei8yvPOYYaz+oM4U0V85cPI2p1uAyYjPBEPoo/7+RJLFyx4FJDwyZEP231ftwIpR vZbaCFuqnGfYXGurgrNLvHPhV7tlphhG5lVg/cLNxWzP7xutKmjTc6dOxTMjJAb7/tpdAy3AfYJ t+5cipiXKaxkrriFFRdCYzkjTVKzZxNzm3bP2J9kPJof+dNMgwz118/DNbHzePrwoXHZVNSxNa2 k9dR1s9BIHVWPTwgPLPiyLVCB04Ev05H84Yq3VoewVMdLabVRdpsF4GvBmVbwy0QT0HrWiZAU7s Ia/kLl39d X-Google-Smtp-Source: AGHT+IGGwxK56MJn9BFpUVvngQXas8DpKDfqhZBt7a8zKgIrXo8CZlssXSPufdSb3B/YHquY6j9ArpiaXcAm X-Received: by 2002:a05:690c:e4c8:b0:789:26a0:7f5a with SMTP id 00721157ae682-78929e43b9bmr93093127b3.2.1763394661953; Mon, 17 Nov 2025 07:51:01 -0800 (PST) Received: from postal.iol.unh.edu (postal.iol.unh.edu. [2606:4100:3880:1234::84]) by smtp-relay.gmail.com with ESMTPS id 00721157ae682-78821deafb1sm8117977b3.3.2025.11.17.07.51.01 (version=TLS1_2 cipher=ECDHE-ECDSA-AES128-GCM-SHA256 bits=128/128); Mon, 17 Nov 2025 07:51:01 -0800 (PST) X-Relaying-Domain: iol.unh.edu Date: Mon, 17 Nov 2025 07:51:01 -0800 (PST) Message-ID: <691b4465.050a0220.165049.aa71SMTPIN_ADDED_MISSING@mx.google.com> Received: from [172.21.0.5] (unknown [172.18.0.240]) by postal.iol.unh.edu (Postfix) with ESMTP id 9937A6051830; Mon, 17 Nov 2025 10:51:01 -0500 (EST) Subject: |FAILURE| pw158858 [PATCH] [v2] examples/ipsec-secgw: add support fo From: dpdklab@iol.unh.edu To: Test Report Cc: dpdk-test-reports@iol.unh.edu, Sunyang Wu In-Reply-To: <20251117090851.54748-1-sunyang.wu@jaguarmicro.com> References: <20251117090851.54748-1-sunyang.wu@jaguarmicro.com> Content-Type: text/plain X-BeenThere: test-report@dpdk.org X-Mailman-Version: 2.1.29 Precedence: list List-Id: automatic DPDK test reports List-Unsubscribe: , List-Archive: List-Post: List-Help: List-Subscribe: , Errors-To: test-report-bounces@dpdk.org Test-Label: iol-unit-amd64-testing Test-Status: FAILURE http://dpdk.org/patch/158858 _Testing issues_ Submitter: Sunyang Wu Date: Monday, November 17 2025 09:08:51 DPDK git baseline: Repo:dpdk Branch: master CommitID:be0112878b4fc3a1b918370ed2fe615c52039d77 158858 --> testing issues Upstream job id: Generic-Unit-Test-DPDK#393898 Test environment and result as below: +-------------------------------+----------------+ | Environment | dpdk_unit_test | +===============================+================+ | Fedora Linux 40 | PASS | +-------------------------------+----------------+ | Debian GNU/Linux 12 | PASS | +-------------------------------+----------------+ | Fedora Linux 41 | PEND | +-------------------------------+----------------+ | Fedora Linux 42 | PEND | +-------------------------------+----------------+ | CentOS Stream 9 | PASS | +-------------------------------+----------------+ | CentOS Stream 10 | PASS | +-------------------------------+----------------+ | Ubuntu 24.04 | PASS | +-------------------------------+----------------+ | Red Hat Enterprise Linux 9.5 | PASS | +-------------------------------+----------------+ | Ubuntu 22.04 | PASS | +-------------------------------+----------------+ | Ubuntu 20.04 | PASS | +-------------------------------+----------------+ | Red Hat Enterprise Linux 8.10 | FAIL | +-------------------------------+----------------+ | Windows Server 2022 | PASS | +-------------------------------+----------------+ ==== Unit test summary for Red Hat Enterprise Linux 8.10 (dpdk_unit_test): ==== ninja: Entering directory `/root/workspace/Generic-Unit-Test-DPDK/dpdk/build' ninja: no work to do. 1/120 DPDK:fast-tests / acl_autotest OK 2.89s 2/120 DPDK:fast-tests / alarm_autotest OK 1.17s 3/120 DPDK:fast-tests / argparse_autotest OK 0.17s 4/120 DPDK:fast-tests / atomic_autotest OK 0.34s 5/120 DPDK:fast-tests / bitcount_autotest OK 0.17s 6/120 DPDK:fast-tests / bitmap_autotest OK 0.17s 7/120 DPDK:fast-tests / bitops_autotest OK 1.68s 8/120 DPDK:fast-tests / bitratestats_autotest OK 0.18s 9/120 DPDK:fast-tests / bitset_autotest OK 1.53s 10/120 DPDK:fast-tests / bpf_autotest OK 0.17s 11/120 DPDK:fast-tests / bpf_convert_autotest OK 0.22s 12/120 DPDK:fast-tests / byteorder_autotest OK 0.22s 13/120 DPDK:fast-tests / cfgfile_autotest OK 0.17s 14/120 DPDK:fast-tests / cksum_autotest OK 0.17s 15/120 DPDK:fast-tests / cmdline_autotest OK 0.17s 16/120 DPDK:fast-tests / common_autotest OK 0.46s 17/120 DPDK:fast-tests / compressdev_autotest SKIP 0.14s exit status 77 18/120 DPDK:fast-tests / cpuflags_autotest OK 0.17s 19/120 DPDK:fast-tests / crc_autotest OK 0.17s 20/120 DPDK:fast-tests / user_delay_us OK 0.17s 21/120 DPDK:fast-tests / debug_autotest OK 1.32s 22/120 DPDK:fast-tests / devargs_autotest OK 0.17s 23/120 DPDK:fast-tests / dispatcher_autotest SKIP 0.14s exit status 77 24/120 DPDK:fast-tests / distributor_autotest OK 1.06s 25/120 DPDK:fast-tests / eal_flags_c_opt_autotest OK 0.87s 26/120 DPDK:fast-tests / eal_flags_main_opt_autotest OK 0.31s 27/120 DPDK:fast-tests / eal_flags_n_opt_autotest OK 0.45s 28/120 DPDK:fast-tests / eal_flags_hpet_autotest OK 0.20s 29/120 DPDK:fast-tests / eal_flags_no_huge_autotest OK 0.46s 30/120 DPDK:fast-tests / eal_flags_a_opt_autotest OK 0.44s 31/120 DPDK:fast-tests / eal_flags_b_opt_autotest OK 0.31s 32/120 DPDK:fast-tests / eal_flags_vdev_opt_autotest OK 0.55s 33/120 DPDK:fast-tests / eal_flags_r_opt_autotest OK 0.26s 34/120 DPDK:fast-tests / eal_flags_mem_autotest OK 0.72s 35/120 DPDK:fast-tests / eal_flags_file_prefix_autotest OK 2.23s 36/120 DPDK:fast-tests / eal_flags_misc_autotest FAIL 0.82s (exit status 255 or signal 127 SIGinvalid) >>> DPDK_TEST=eal_flags_misc_autotest MALLOC_PERTURB_=220 /root/workspace/Generic-Unit-Test-DPDK/dpdk/build/app/dpdk-test 37/120 DPDK:fast-tests / eal_fs_autotest OK 0.17s 38/120 DPDK:fast-tests / errno_autotest OK 0.17s 39/120 DPDK:fast-tests / ethdev_link_status OK 0.17s 40/120 DPDK:fast-tests / event_eth_tx_adapter_autotest OK 0.44s 41/120 DPDK:fast-tests / event_ring_autotest OK 0.17s 42/120 DPDK:fast-tests / eventdev_common_autotest OK 0.17s 43/120 DPDK:fast-tests / eventdev_selftest_sw OK 0.20s 44/120 DPDK:fast-tests / fbarray_autotest OK 0.17s 45/120 DPDK:fast-tests / fib_autotest OK 0.73s 46/120 DPDK:fast-tests / fib6_autotest OK 0.71s 47/120 DPDK:fast-tests / func_reentrancy_autotest OK 0.53s 48/120 DPDK:fast-tests / graph_autotest OK 0.17s 49/120 DPDK:fast-tests / node_list_dump OK 0.17s 50/120 DPDK:fast-tests / graph_feature_arc_autotest OK 0.17s 51/120 DPDK:fast-tests / hash_autotest OK 0.29s 52/120 DPDK:fast-tests / hash_readwrite_func_autotest SKIP 0.14s exit status 77 53/120 DPDK:fast-tests / interrupt_autotest OK 1.29s 54/120 DPDK:fast-tests / ipfrag_autotest OK 0.15s 55/120 DPDK:fast-tests / ipsec_autotest SKIP 0.17s exit status 77 56/120 DPDK:fast-tests / kvargs_autotest OK 0.17s 57/120 DPDK:fast-tests / latencystats_autotest OK 0.17s 58/120 DPDK:fast-tests / lcore_var_autotest OK 0.31s 59/120 DPDK:fast-tests / lcores_autotest OK 24.42s 60/120 DPDK:fast-tests / logs_autotest OK 0.17s 61/120 DPDK:fast-tests / lpm_autotest OK 1.52s 62/120 DPDK:fast-tests / lpm6_autotest OK 2.62s 63/120 DPDK:fast-tests / malloc_autotest OK 0.36s 64/120 DPDK:fast-tests / mbuf_autotest OK 0.38s 65/120 DPDK:fast-tests / mcslock_autotest OK 0.46s 66/120 DPDK:fast-tests / member_autotest OK 0.90s 67/120 DPDK:fast-tests / memcpy_autotest OK 2.17s 68/120 DPDK:fast-tests / memory_autotest OK 0.14s 69/120 DPDK:fast-tests / mempool_autotest OK 0.43s 70/120 DPDK:fast-tests / memzone_autotest OK 0.15s 71/120 DPDK:fast-tests / meter_autotest OK 0.18s 72/120 DPDK:fast-tests / metrics_autotest OK 0.17s 73/120 DPDK:fast-tests / multiprocess_autotest OK 0.25s 74/120 DPDK:fast-tests / net_ether_autotest OK 0.50s 75/120 DPDK:fast-tests / net_ipv6_autotest OK 0.17s 76/120 DPDK:fast-tests / pcapng_autotest OK 6.14s 77/120 DPDK:fast-tests / pdcp_autotest SKIP 0.14s exit status 77 78/120 DPDK:fast-tests / pdump_autotest OK 0.28s 79/120 DPDK:fast-tests / per_lcore_autotest OK 0.27s 80/120 DPDK:fast-tests / pflock_autotest OK 0.27s 81/120 DPDK:fast-tests / pie_autotest OK 0.17s 82/120 DPDK:fast-tests / ring_pmd_autotest OK 0.17s 83/120 DPDK:fast-tests / power_autotest OK 0.17s 84/120 DPDK:fast-tests / power_cpufreq_autotest SKIP 0.14s exit status 77 85/120 DPDK:fast-tests / power_intel_uncore_autotest SKIP 0.17s exit status 77 86/120 DPDK:fast-tests / power_kvm_vm_autotest SKIP 0.14s exit status 77 87/120 DPDK:fast-tests / prefetch_autotest OK 0.17s 88/120 DPDK:fast-tests / ptr_compress_autotest OK 0.17s 89/120 DPDK:fast-tests / rawdev_autotest OK 0.17s 90/120 DPDK:fast-tests / rcu_qsbr_autotest OK 0.26s 91/120 DPDK:fast-tests / reorder_autotest OK 0.26s 92/120 DPDK:fast-tests / rib_autotest OK 3.83s 93/120 DPDK:fast-tests / rib6_autotest OK 3.88s 94/120 DPDK:fast-tests / ring_autotest OK 0.19s 95/120 DPDK:fast-tests / rwlock_test1_autotest OK 0.28s 96/120 DPDK:fast-tests / rwlock_rda_autotest OK 5.22s 97/120 DPDK:fast-tests / rwlock_rds_wrm_autotest OK 5.23s 98/120 DPDK:fast-tests / rwlock_rde_wro_autotest OK 5.18s 99/120 DPDK:fast-tests / sched_autotest OK 0.17s 100/120 DPDK:fast-tests / security_autotest OK 0.14s 101/120 DPDK:fast-tests / seqlock_autotest SKIP 0.18s exit status 77 102/120 DPDK:fast-tests / service_autotest OK 0.27s 103/120 DPDK:fast-tests / soring_autotest OK 0.17s 104/120 DPDK:fast-tests / spinlock_autotest OK 0.18s 105/120 DPDK:fast-tests / stack_autotest OK 0.20s 106/120 DPDK:fast-tests / stack_lf_autotest OK 0.24s 107/120 DPDK:fast-tests / string_autotest OK 0.18s 108/120 DPDK:fast-tests / table_autotest OK 4.52s 109/120 DPDK:fast-tests / tailq_autotest OK 0.18s 110/120 DPDK:fast-tests / telemetry_data_autotest OK 0.17s 111/120 DPDK:fast-tests / telemetry_json_autotest OK 0.17s 112/120 DPDK:fast-tests / thash_autotest OK 0.18s 113/120 DPDK:fast-tests / threads_autotest OK 0.34s 114/120 DPDK:fast-tests / ticketlock_autotest OK 0.18s 115/120 DPDK:fast-tests / timer_autotest OK 2.64s 116/120 DPDK:fast-tests / trace_autotest OK 0.19s 117/120 DPDK:fast-tests / trace_autotest_with_traces OK 0.17s 118/120 DPDK:fast-tests / vdev_autotest OK 0.17s 119/120 DPDK:fast-tests / version_autotest OK 0.17s 120/120 DPDK:fast-tests / telemetry_all SKIP 0.01s exit status 77 Ok: 109 Expected Fail: 0 Fail: 1 Unexpected Pass: 0 Skipped: 10 Timeout: 0 Full log written to /root/workspace/Generic-Unit-Test-DPDK/dpdk/build/meson-logs/testlog.txt Test log output from the failed test eal_flags_misc_autotest: Sorry, we were not able to find the logs for this test. Download the log output from the CI site for this test run. ==== End log output ==== Fedora Linux 40 Kernel: 5.15 Compiler: clang gcc (GCC) 14.2.1 20240912 (Red Hat 14.2.1-3) Debian GNU/Linux 12 Kernel: 5.15 Compiler: gcc gcc (Debian 12.2.0-14+deb12u1) 12.2.0 Fedora Linux 41 Kernel: 5.15 Compiler: gcc gcc (GCC) 14.3.1 20250523 (Red Hat 14.3.1-1) Fedora Linux 42 Kernel: 5.15 Compiler: gcc gcc (GCC) 15.2.1 20250808 (Red Hat 15.2.1-1) CentOS Stream 9 Kernel: 5.15 Compiler: gcc gcc (GCC) 11.5.0 20240719 (Red Hat 11.5.0-11) CentOS Stream 10 Kernel: 5.15 Compiler: gcc gcc (GCC) 14.2.1 20250110 (Red Hat 14.2.1-8) Ubuntu 24.04 Kernel: 5.15 Compiler: gcc gcc (Ubuntu 13.3.0-6ubuntu2~24.04) 13.3.0 Red Hat Enterprise Linux 9.5 Kernel: 5.15 Compiler: gcc gcc (GCC) 11.5.0 20240719 (Red Hat 11.5.0-2) Ubuntu 22.04 Kernel: 5.15 Compiler: gcc gcc (Ubuntu 11.4.0-1ubuntu1~22.04) 11.4.0 Ubuntu 20.04 Kernel: 5.15 Compiler: gcc gcc (Ubuntu 9.4.0-1ubuntu1~20.04.2) 9.4.0 Red Hat Enterprise Linux 8.10 Kernel: 5.15 Compiler: gcc gcc (GCC) 8.5.0 20210514 (Red Hat 8.5.0-22) Windows Server 2022 Kernel: 10.0.20348.2031 Compiler: clang 15.0.7, gcc 14.1.0 (MinGW), and MSVC VS 19.39.33521 To view detailed results, visit: https://lab.dpdk.org/results/dashboard/patchsets/34625/ UNH-IOL DPDK Community Lab To manage your email subscriptions, visit: https://lab.dpdk.org/results/dashboard/preferences/subscriptions/