From: dpdklab@iol.unh.edu
To: Test Report <test-report@dpdk.org>
Cc: dpdk-test-reports@iol.unh.edu,
Stephen Hemminger <stephen@networkplumber.org>,
Bing Zhao <bingz@nvidia.com>
Subject: |FAILURE| pw158854-158855 [PATCH] [2/2] net/mlx5: fix the masked val
Date: Mon, 17 Nov 2025 07:53:01 -0800 (PST) [thread overview]
Message-ID: <691b44dd.050a0220.204428.9226SMTPIN_ADDED_MISSING@mx.google.com> (raw)
In-Reply-To: <20251117080942.9750-1-bingz@nvidia.com>
Test-Label: iol-compile-amd64-testing
Test-Status: FAILURE
http://dpdk.org/patch/158855
_Testing issues_
Submitter: Bing Zhao <bingz@nvidia.com>
Date: Monday, November 17 2025 08:09:42
DPDK git baseline: Repo:dpdk-next-net
Branch: master
CommitID:18d8a8909b8ed6b0a4bd8f99971da74ebba792e2
158854-158855 --> testing issues
Upstream job id: Windows-Compile-DPDK-Native#32482
Test environment and result as below:
+-------------------------------+--------------------+------------------+-------------------+-------------------------+
| Environment | dpdk_meson_compile | dpdk_compile_ovs | dpdk_msvc_compile | dpdk_llvm_clang_compile |
+===============================+====================+==================+===================+=========================+
| Ubuntu 20.04 | FAIL | SKIPPED | SKIPPED | SKIPPED |
+-------------------------------+--------------------+------------------+-------------------+-------------------------+
| FreeBSD 14.2 | PASS | SKIPPED | SKIPPED | SKIPPED |
+-------------------------------+--------------------+------------------+-------------------+-------------------------+
| CentOS Stream 9 | FAIL | SKIPPED | SKIPPED | SKIPPED |
+-------------------------------+--------------------+------------------+-------------------+-------------------------+
| CentOS Stream 10 | FAIL | SKIPPED | SKIPPED | SKIPPED |
+-------------------------------+--------------------+------------------+-------------------+-------------------------+
| Debian GNU/Linux 12 | FAIL | SKIPPED | SKIPPED | SKIPPED |
+-------------------------------+--------------------+------------------+-------------------+-------------------------+
| Fedora Linux 42 | FAIL | WARN | SKIPPED | SKIPPED |
+-------------------------------+--------------------+------------------+-------------------+-------------------------+
| openSUSE Leap 15.6 | FAIL | SKIPPED | SKIPPED | SKIPPED |
+-------------------------------+--------------------+------------------+-------------------+-------------------------+
| Red Hat Enterprise Linux 8.10 | FAIL | SKIPPED | SKIPPED | SKIPPED |
+-------------------------------+--------------------+------------------+-------------------+-------------------------+
| Red Hat Enterprise Linux 9.5 | FAIL | SKIPPED | SKIPPED | SKIPPED |
+-------------------------------+--------------------+------------------+-------------------+-------------------------+
| Ubuntu 22.04 | FAIL | SKIPPED | SKIPPED | SKIPPED |
+-------------------------------+--------------------+------------------+-------------------+-------------------------+
| Ubuntu 24.04 | PASS | WARN | SKIPPED | SKIPPED |
+-------------------------------+--------------------+------------------+-------------------+-------------------------+
| Alpine Linux 3.22.0 | PASS | SKIPPED | SKIPPED | SKIPPED |
+-------------------------------+--------------------+------------------+-------------------+-------------------------+
| Windows Server 2022 | SKIPPED | SKIPPED | PASS | PASS |
+-------------------------------+--------------------+------------------+-------------------+-------------------------+
==== 20 line log output for Ubuntu 24.04 (dpdk_compile_ovs): ====
--- Failed to get log output ---
==== End log output ====
Ubuntu 20.04
Kernel: 4.19
Compiler: gcc gcc (Ubuntu 9.4.0-1ubuntu1~20.04.2) 9.4.0
FreeBSD 14.2
Kernel: 14.2-RELEASE
Compiler: clang 18.1.6
CentOS Stream 9
Kernel: 5.15
Compiler: gcc gcc (GCC) 11.5.0 20240719 (Red Hat 11.5.0-11)
CentOS Stream 10
Kernel: 5.15
Compiler: gcc gcc (GCC) 14.2.1 20250110 (Red Hat 14.2.1-8)
Debian GNU/Linux 12
Kernel: 5.15
Compiler: gcc gcc (Debian 12.2.0-14+deb12u1) 12.2.0
Fedora Linux 42
Kernel: 5.15
Compiler: clang gcc (GCC) 15.2.1 20250808 (Red Hat 15.2.1-1)
openSUSE Leap 15.6
Kernel: 5.15
Compiler: gcc gcc (SUSE Linux) 7.5.0
Red Hat Enterprise Linux 8.10
Kernel: 5.15
Compiler: gcc gcc (GCC) 8.5.0 20210514 (Red Hat 8.5.0-22)
Red Hat Enterprise Linux 9.5
Kernel: 5.15
Compiler: gcc gcc (GCC) 11.5.0 20240719 (Red Hat 11.5.0-2)
Ubuntu 22.04
Kernel: 5.15
Compiler: gcc gcc (Ubuntu 11.4.0-1ubuntu1~22.04) 11.4.0
Ubuntu 24.04
Kernel: 5.15
Compiler: gcc gcc (Ubuntu 13.3.0-6ubuntu2~24.04) 13.3.0
Alpine Linux 3.22.0
Kernel: 5.15
Compiler: gcc gcc (Alpine 14.2.0) 14.2.0
Windows Server 2022
Kernel: 10.0.20348.2031
Compiler: clang 15.0.7, gcc 14.1.0 (MinGW), and MSVC VS 19.39.33521
To view detailed results, visit:
https://lab.dpdk.org/results/dashboard/patchsets/34624/
UNH-IOL DPDK Community Lab
To manage your email subscriptions, visit:
https://lab.dpdk.org/results/dashboard/preferences/subscriptions/
next prev parent reply other threads:[~2025-11-17 15:53 UTC|newest]
Thread overview: 50+ messages / expand[flat|nested] mbox.gz Atom feed top
[not found] <20251117080942.9750-1-bingz@nvidia.com>
2025-11-17 7:48 ` |SUCCESS| pw158854-158855 [PATCH 2/2] net/mlx5: fix the masked value for a rule for sync API qemudev
2025-11-17 7:53 ` qemudev
2025-11-17 8:09 ` |WARNING| pw158855 " checkpatch
2025-11-17 9:19 ` |FAILURE| " 0-day Robot
2025-11-17 9:45 ` |FAILURE| pw158854-158855 [PATCH] [2/2] net/mlx5: fix the masked val dpdklab
2025-11-17 9:45 ` |SUCCESS| " dpdklab
2025-11-17 9:50 ` dpdklab
2025-11-17 9:54 ` |FAILURE| " dpdklab
2025-11-17 10:12 ` |SUCCESS| " dpdklab
2025-11-17 11:50 ` |PENDING| " dpdklab
2025-11-17 12:48 ` |FAILURE| " dpdklab
2025-11-17 12:59 ` dpdklab
2025-11-17 13:00 ` dpdklab
2025-11-17 13:07 ` |SUCCESS| " dpdklab
2025-11-17 13:09 ` |FAILURE| " dpdklab
2025-11-17 13:09 ` dpdklab
2025-11-17 13:10 ` dpdklab
2025-11-17 13:13 ` dpdklab
2025-11-17 13:19 ` dpdklab
2025-11-17 13:20 ` dpdklab
2025-11-17 13:21 ` |PENDING| " dpdklab
2025-11-17 13:27 ` |FAILURE| " dpdklab
2025-11-17 13:33 ` dpdklab
2025-11-17 13:46 ` |PENDING| " dpdklab
2025-11-17 13:53 ` |FAILURE| " dpdklab
2025-11-17 14:14 ` dpdklab
2025-11-17 14:23 ` |WARNING| " dpdklab
2025-11-17 14:41 ` |FAILURE| " dpdklab
2025-11-17 14:45 ` dpdklab
2025-11-17 14:47 ` dpdklab
2025-11-17 14:59 ` dpdklab
2025-11-17 15:00 ` dpdklab
2025-11-17 15:01 ` dpdklab
2025-11-17 15:15 ` dpdklab
2025-11-17 15:15 ` |WARNING| " dpdklab
2025-11-17 15:16 ` |FAILURE| " dpdklab
2025-11-17 15:18 ` dpdklab
2025-11-17 15:19 ` dpdklab
2025-11-17 15:19 ` dpdklab
2025-11-17 15:24 ` dpdklab
2025-11-17 15:27 ` dpdklab
2025-11-17 15:29 ` dpdklab
2025-11-17 15:53 ` dpdklab [this message]
2025-11-17 15:58 ` dpdklab
2025-11-17 16:25 ` |SUCCESS| " dpdklab
2025-11-17 16:48 ` dpdklab
2025-11-17 18:07 ` dpdklab
2025-11-17 18:21 ` dpdklab
2025-11-17 19:09 ` dpdklab
2025-11-17 19:26 ` dpdklab
Reply instructions:
You may reply publicly to this message via plain-text email
using any one of the following methods:
* Save the following mbox file, import it into your mail client,
and reply-to-all from there: mbox
Avoid top-posting and favor interleaved quoting:
https://en.wikipedia.org/wiki/Posting_style#Interleaved_style
* Reply using the --to, --cc, and --in-reply-to
switches of git-send-email(1):
git send-email \
--in-reply-to=691b44dd.050a0220.204428.9226SMTPIN_ADDED_MISSING@mx.google.com \
--to=dpdklab@iol.unh.edu \
--cc=bingz@nvidia.com \
--cc=dpdk-test-reports@iol.unh.edu \
--cc=stephen@networkplumber.org \
--cc=test-report@dpdk.org \
/path/to/YOUR_REPLY
https://kernel.org/pub/software/scm/git/docs/git-send-email.html
* If your mail client supports setting the In-Reply-To header
via mailto: links, try the mailto: link
Be sure your reply has a Subject: header at the top and a blank line
before the message body.
This is a public inbox, see mirroring instructions
for how to clone and mirror all data and code used for this inbox;
as well as URLs for NNTP newsgroup(s).