From mboxrd@z Thu Jan 1 00:00:00 1970 Return-Path: Received: from mails.dpdk.org (mails.dpdk.org [217.70.189.124]) by inbox.dpdk.org (Postfix) with ESMTP id 3B3CE48B33 for ; Mon, 17 Nov 2025 16:53:03 +0100 (CET) Received: from mails.dpdk.org (localhost [127.0.0.1]) by mails.dpdk.org (Postfix) with ESMTP id 366A54025A; Mon, 17 Nov 2025 16:53:03 +0100 (CET) Received: from mail-io1-f99.google.com (mail-io1-f99.google.com [209.85.166.99]) by mails.dpdk.org (Postfix) with ESMTP id A8B914025A for ; Mon, 17 Nov 2025 16:53:02 +0100 (CET) Received: by mail-io1-f99.google.com with SMTP id ca18e2360f4ac-948c58fe8c2so182364339f.1 for ; Mon, 17 Nov 2025 07:53:02 -0800 (PST) DKIM-Signature: v=1; a=rsa-sha256; c=relaxed/relaxed; d=iol.unh.edu; s=unh-iol; t=1763394782; x=1763999582; darn=dpdk.org; h=references:in-reply-to:cc:to:from:subject:message-id:date:from:to :cc:subject:date:message-id:reply-to; bh=jJ0xXdJOTGWhV4eKF6fSo5amSMr1Ntt5azt3AmEDzaM=; b=a6y8RDJ4iFptR5fnWk0aZrOahYg4yqsBLHGqFzJtXoZzLhDm5b98ZON4VswxzFvapN s6wA5QFqI8eT++mp1y7uH0zWCWB12u7mrTncXkGdsCgtDXOqPiLUotrkBhFmyF/9z0yc 6H4nunX7+LoY5a6J0fG5Pf8zbryVCJscwP5jA= X-Google-DKIM-Signature: v=1; a=rsa-sha256; c=relaxed/relaxed; d=1e100.net; s=20230601; t=1763394782; x=1763999582; h=references:in-reply-to:cc:to:from:subject:message-id:date:x-gm-gg :x-gm-message-state:from:to:cc:subject:date:message-id:reply-to; bh=jJ0xXdJOTGWhV4eKF6fSo5amSMr1Ntt5azt3AmEDzaM=; b=xDbCwwkXOTVsSTWTQY+oQNpovMyhbvj/crT3NuQhxWfzXxsZYXyqNapKA5dlKW0jHq 2Ku2ADPfaSQdOxha2eQpEL1VgLuoVnbiWmEURpkJrxz1T9z9WkqxMNhCP7Q75e99MoCl 5/qzvxehACJN7dDi4lRSLOxyGcRUB3RvK69VVWlJ+37qRj9uHFJY0jXUsz7dDExupbur weJuyEXt4C1KqIdnkFXuNk8ObFO/GRLaSOo/9+t9JaJRF4b9INaVWFqBPe2RHTvq6PHX wS+UZnFuHB6gfOeTOYu7Lzy6t+iQ8/OXyjgMapGEamUOC/qkTOMLCyL0yudB/XW7Neio UO8g== X-Gm-Message-State: AOJu0YwEoZ6kbAY8Spz1h24HIRDZZDeo80JatEfI7Yccs6i3BYRS09qD LYYRWYjaPh0uQvz9/VopFeMrbxIxyHaxV3R9MdZiywgXzzmb12wqgGokBs6Fmj/usJLITAt41Av I++M2u/cWexAHZpxfYvibElZ6wfPXTSws/arxWhuCmC3CY9nRhcZGIp7Ywr8X X-Gm-Gg: ASbGncvBXUaAoSfinGqDMiva2eyIRHQ/Z4T/ioxc8bvnItzVeZUP/qDGZ2xp0/iIthl RfqmHqQ4flO+fg9xU+xDCGh4mGnr+ByUCgfBBjwJnzNJ7QPNe3tziEquvEgbdtyC7s623+gN1Rk q+jGwaKh889rjOIegbeGm/GnIg5j82wGBVhSsC1r5rsf8nGgPd/zn++DWHXtoYwbJmSLTtyfJiq guV2c8rp10nDY/aVT1s8h0m/JZJnAOoBivhGrdBlvam9P/DrSd16pb2Ba5gAE0hH6WvCO47/APZ t3oE+4TYU4jZJgSINclOjb5oXs63u6GsWjzh4sdu8rvllFLsFcpAAS25BJiEJSgrs/kQROyzFMx k4K8f9Yw4 X-Google-Smtp-Source: AGHT+IFuHchngSkrJXET26ww5P0uFyJHAO4ZMH5ti8IefeOunYe4i2z+HACrs6y/a5uDmXkLLvDaUpGNJ8OD X-Received: by 2002:a05:6602:158a:b0:948:c9a5:5172 with SMTP id ca18e2360f4ac-948e0ddf667mr1604287939f.12.1763394781935; Mon, 17 Nov 2025 07:53:01 -0800 (PST) Received: from postal.iol.unh.edu (postal.iol.unh.edu. [2606:4100:3880:1234::84]) by smtp-relay.gmail.com with ESMTPS id ca18e2360f4ac-9490863a434sm17649839f.8.2025.11.17.07.53.01 (version=TLS1_2 cipher=ECDHE-ECDSA-AES128-GCM-SHA256 bits=128/128); Mon, 17 Nov 2025 07:53:01 -0800 (PST) X-Relaying-Domain: iol.unh.edu Date: Mon, 17 Nov 2025 07:53:01 -0800 (PST) Message-ID: <691b44dd.050a0220.204428.9226SMTPIN_ADDED_MISSING@mx.google.com> Received: from [172.21.0.4] (unknown [172.18.0.240]) by postal.iol.unh.edu (Postfix) with ESMTP id 7A4B66051830; Mon, 17 Nov 2025 10:53:01 -0500 (EST) Subject: |FAILURE| pw158854-158855 [PATCH] [2/2] net/mlx5: fix the masked val From: dpdklab@iol.unh.edu To: Test Report Cc: dpdk-test-reports@iol.unh.edu, Stephen Hemminger , Bing Zhao In-Reply-To: <20251117080942.9750-1-bingz@nvidia.com> References: <20251117080942.9750-1-bingz@nvidia.com> Content-Type: text/plain X-BeenThere: test-report@dpdk.org X-Mailman-Version: 2.1.29 Precedence: list List-Id: automatic DPDK test reports List-Unsubscribe: , List-Archive: List-Post: List-Help: List-Subscribe: , Errors-To: test-report-bounces@dpdk.org Test-Label: iol-compile-amd64-testing Test-Status: FAILURE http://dpdk.org/patch/158855 _Testing issues_ Submitter: Bing Zhao Date: Monday, November 17 2025 08:09:42 DPDK git baseline: Repo:dpdk-next-net Branch: master CommitID:18d8a8909b8ed6b0a4bd8f99971da74ebba792e2 158854-158855 --> testing issues Upstream job id: Windows-Compile-DPDK-Native#32482 Test environment and result as below: +-------------------------------+--------------------+------------------+-------------------+-------------------------+ | Environment | dpdk_meson_compile | dpdk_compile_ovs | dpdk_msvc_compile | dpdk_llvm_clang_compile | +===============================+====================+==================+===================+=========================+ | Ubuntu 20.04 | FAIL | SKIPPED | SKIPPED | SKIPPED | +-------------------------------+--------------------+------------------+-------------------+-------------------------+ | FreeBSD 14.2 | PASS | SKIPPED | SKIPPED | SKIPPED | +-------------------------------+--------------------+------------------+-------------------+-------------------------+ | CentOS Stream 9 | FAIL | SKIPPED | SKIPPED | SKIPPED | +-------------------------------+--------------------+------------------+-------------------+-------------------------+ | CentOS Stream 10 | FAIL | SKIPPED | SKIPPED | SKIPPED | +-------------------------------+--------------------+------------------+-------------------+-------------------------+ | Debian GNU/Linux 12 | FAIL | SKIPPED | SKIPPED | SKIPPED | +-------------------------------+--------------------+------------------+-------------------+-------------------------+ | Fedora Linux 42 | FAIL | WARN | SKIPPED | SKIPPED | +-------------------------------+--------------------+------------------+-------------------+-------------------------+ | openSUSE Leap 15.6 | FAIL | SKIPPED | SKIPPED | SKIPPED | +-------------------------------+--------------------+------------------+-------------------+-------------------------+ | Red Hat Enterprise Linux 8.10 | FAIL | SKIPPED | SKIPPED | SKIPPED | +-------------------------------+--------------------+------------------+-------------------+-------------------------+ | Red Hat Enterprise Linux 9.5 | FAIL | SKIPPED | SKIPPED | SKIPPED | +-------------------------------+--------------------+------------------+-------------------+-------------------------+ | Ubuntu 22.04 | FAIL | SKIPPED | SKIPPED | SKIPPED | +-------------------------------+--------------------+------------------+-------------------+-------------------------+ | Ubuntu 24.04 | PASS | WARN | SKIPPED | SKIPPED | +-------------------------------+--------------------+------------------+-------------------+-------------------------+ | Alpine Linux 3.22.0 | PASS | SKIPPED | SKIPPED | SKIPPED | +-------------------------------+--------------------+------------------+-------------------+-------------------------+ | Windows Server 2022 | SKIPPED | SKIPPED | PASS | PASS | +-------------------------------+--------------------+------------------+-------------------+-------------------------+ ==== 20 line log output for Ubuntu 24.04 (dpdk_compile_ovs): ==== --- Failed to get log output --- ==== End log output ==== Ubuntu 20.04 Kernel: 4.19 Compiler: gcc gcc (Ubuntu 9.4.0-1ubuntu1~20.04.2) 9.4.0 FreeBSD 14.2 Kernel: 14.2-RELEASE Compiler: clang 18.1.6 CentOS Stream 9 Kernel: 5.15 Compiler: gcc gcc (GCC) 11.5.0 20240719 (Red Hat 11.5.0-11) CentOS Stream 10 Kernel: 5.15 Compiler: gcc gcc (GCC) 14.2.1 20250110 (Red Hat 14.2.1-8) Debian GNU/Linux 12 Kernel: 5.15 Compiler: gcc gcc (Debian 12.2.0-14+deb12u1) 12.2.0 Fedora Linux 42 Kernel: 5.15 Compiler: clang gcc (GCC) 15.2.1 20250808 (Red Hat 15.2.1-1) openSUSE Leap 15.6 Kernel: 5.15 Compiler: gcc gcc (SUSE Linux) 7.5.0 Red Hat Enterprise Linux 8.10 Kernel: 5.15 Compiler: gcc gcc (GCC) 8.5.0 20210514 (Red Hat 8.5.0-22) Red Hat Enterprise Linux 9.5 Kernel: 5.15 Compiler: gcc gcc (GCC) 11.5.0 20240719 (Red Hat 11.5.0-2) Ubuntu 22.04 Kernel: 5.15 Compiler: gcc gcc (Ubuntu 11.4.0-1ubuntu1~22.04) 11.4.0 Ubuntu 24.04 Kernel: 5.15 Compiler: gcc gcc (Ubuntu 13.3.0-6ubuntu2~24.04) 13.3.0 Alpine Linux 3.22.0 Kernel: 5.15 Compiler: gcc gcc (Alpine 14.2.0) 14.2.0 Windows Server 2022 Kernel: 10.0.20348.2031 Compiler: clang 15.0.7, gcc 14.1.0 (MinGW), and MSVC VS 19.39.33521 To view detailed results, visit: https://lab.dpdk.org/results/dashboard/patchsets/34624/ UNH-IOL DPDK Community Lab To manage your email subscriptions, visit: https://lab.dpdk.org/results/dashboard/preferences/subscriptions/