From mboxrd@z Thu Jan 1 00:00:00 1970 Return-Path: Received: from mails.dpdk.org (mails.dpdk.org [217.70.189.124]) by inbox.dpdk.org (Postfix) with ESMTP id E37C948B33 for ; Mon, 17 Nov 2025 16:58:25 +0100 (CET) Received: from mails.dpdk.org (localhost [127.0.0.1]) by mails.dpdk.org (Postfix) with ESMTP id DE7104025A; Mon, 17 Nov 2025 16:58:25 +0100 (CET) Received: from mail-yw1-f228.google.com (mail-yw1-f228.google.com [209.85.128.228]) by mails.dpdk.org (Postfix) with ESMTP id 606424025A for ; Mon, 17 Nov 2025 16:58:22 +0100 (CET) Received: by mail-yw1-f228.google.com with SMTP id 00721157ae682-71d71bcab6fso39046197b3.0 for ; Mon, 17 Nov 2025 07:58:22 -0800 (PST) DKIM-Signature: v=1; a=rsa-sha256; c=relaxed/relaxed; d=iol.unh.edu; s=unh-iol; t=1763395102; x=1763999902; darn=dpdk.org; h=references:in-reply-to:cc:to:from:subject:message-id:date:from:to :cc:subject:date:message-id:reply-to; bh=EQ0ZZP7gpPN6TOv6ibJY3YNPPugRir1ZUdQ/1Bf3abo=; b=G/8QmRbV4ZqhOJH4RG8AhmYARyroouVbrTWEe0mq/DBetFY91HMUF4m1yAOL7WaJsB RRbXjmCX9mrs9SOXF+nDfS1EMBYD29WQjPCSXi9G9qWg7KP8ZZShbznV7tUD0tLtk7bw v3DuoNe1+qMdxvO4Eif269mHBEjrU34r6ounw= X-Google-DKIM-Signature: v=1; a=rsa-sha256; c=relaxed/relaxed; d=1e100.net; s=20230601; t=1763395102; x=1763999902; h=references:in-reply-to:cc:to:from:subject:message-id:date:x-gm-gg :x-gm-message-state:from:to:cc:subject:date:message-id:reply-to; bh=EQ0ZZP7gpPN6TOv6ibJY3YNPPugRir1ZUdQ/1Bf3abo=; b=rq3jrbpzO35M4oVrk0gdOx66PsQye3tc0kQkRCyvoegveDw3A/5Zk1pKn7paUKxM2c ngFnt2FSmEDzgcKJOq4pYvJkMlmrmKbNA8xS6NyObK6ppq4bGj6SJpjF1oirCNO30cOH N5KIeVtYg0CIfj5AwVuZ8yAXbKcGE96FcMBfVeEHfEs/7fhm4PYAC9VvKlwC5OHrLuQR 4asfr53rT9A5Rn0FrCauYuCFh4SbvvuPuELeogfTgTzCG/jQDz+qHT8Rk4sY20OMD8Pz uLZYKG12WGSTIKq7bosFwmpWjZXBoaO9jb8qHBfYSW74Nf9bm6s0xXifxJySpVAvuA62 TPHQ== X-Gm-Message-State: AOJu0YytPFBr9PaArWx+w90EUf+L4rBnN5m7c4Wn7Ighy35AnlUWyjUY UwHoxe/EUeFGXPXdjgfL+NlIDdHWpelhOe9fLWQWppEdyLzdgdYO81EN401evYEICQ3em7KG1X3 5TKYOroN6LcUAsnElNwvoxd/4XpnfD2UZz1T5Y/EkbQExavJbdUJUK90AiefW X-Gm-Gg: ASbGnctISUgofngJ5+Lw4vADYd/WmYV9Ur9xu7fWQA0dJAi6cLzhN36iPlX8AwL33/4 jFz4TT/SMVsGcKruz063jFvmDII8LjkpbJxhEckN3a0JE5aGBptJXH/MGBtF2HgSrikEzFLu2jc Fv7/2qCysUfXA3xACrJaxDKOkJXlNatSkFS65Dg1GpRiKKqKhHLRd0UvFX+/77Fvp8S94KI2l/d extAZzxOlcEfanAje1/keT2kxp2nsC5H78u+8GoYyaN8faM+U2TIeFQLC+pbqE9Hb/C92Yp3OFB XDQsXBArhla0xNoR/ur8dthQyP/w2t1G+kc5jKj5r7nUv9yFgQ63wMdzP43/3GCUN4eHkUe54cv zwj13cANT X-Google-Smtp-Source: AGHT+IHWNwxRkzywU1Lk7FeX7xKuGZ7nwwWYUGsll5mUANbhGqYEntU+GWmbyPgiPZNcjyVKzLqHeE+wzvOr X-Received: by 2002:a81:f80b:0:b0:788:7f:9a5 with SMTP id 00721157ae682-78929e65eafmr86229867b3.20.1763395101756; Mon, 17 Nov 2025 07:58:21 -0800 (PST) Received: from postal.iol.unh.edu (postal.iol.unh.edu. [2606:4100:3880:1234::84]) by smtp-relay.gmail.com with ESMTPS id 00721157ae682-78821c8660dsm7254107b3.0.2025.11.17.07.58.21 (version=TLS1_2 cipher=ECDHE-ECDSA-AES128-GCM-SHA256 bits=128/128); Mon, 17 Nov 2025 07:58:21 -0800 (PST) X-Relaying-Domain: iol.unh.edu Date: Mon, 17 Nov 2025 07:58:21 -0800 (PST) Message-ID: <691b461d.050a0220.2b8c4d.3ab7SMTPIN_ADDED_MISSING@mx.google.com> Received: from [172.21.0.3] (unknown [172.18.0.240]) by postal.iol.unh.edu (Postfix) with ESMTP id 6BA876050A61; Mon, 17 Nov 2025 10:58:21 -0500 (EST) Subject: |FAILURE| pw158854-158855 [PATCH] [2/2] net/mlx5: fix the masked val From: dpdklab@iol.unh.edu To: Test Report Cc: dpdk-test-reports@iol.unh.edu, Stephen Hemminger , Bing Zhao In-Reply-To: <20251117080942.9750-1-bingz@nvidia.com> References: <20251117080942.9750-1-bingz@nvidia.com> Content-Type: text/plain X-BeenThere: test-report@dpdk.org X-Mailman-Version: 2.1.29 Precedence: list List-Id: automatic DPDK test reports List-Unsubscribe: , List-Archive: List-Post: List-Help: List-Subscribe: , Errors-To: test-report-bounces@dpdk.org Test-Label: iol-compile-amd64-testing Test-Status: FAILURE http://dpdk.org/patch/158855 _Testing issues_ Submitter: Bing Zhao Date: Monday, November 17 2025 08:09:42 DPDK git baseline: Repo:dpdk-next-net Branch: master CommitID:18d8a8909b8ed6b0a4bd8f99971da74ebba792e2 158854-158855 --> testing issues Upstream job id: Windows-Compile-DPDK-Native#32483 Test environment and result as below: +-------------------------------+--------------------+------------------+-------------------+-------------------------+----------------------+ | Environment | dpdk_meson_compile | dpdk_compile_ovs | dpdk_msvc_compile | dpdk_llvm_clang_compile | dpdk_mingw64_compile | +===============================+====================+==================+===================+=========================+======================+ | Ubuntu 20.04 | FAIL | SKIPPED | SKIPPED | SKIPPED | SKIPPED | +-------------------------------+--------------------+------------------+-------------------+-------------------------+----------------------+ | FreeBSD 14.2 | PASS | SKIPPED | SKIPPED | SKIPPED | SKIPPED | +-------------------------------+--------------------+------------------+-------------------+-------------------------+----------------------+ | CentOS Stream 9 | FAIL | SKIPPED | SKIPPED | SKIPPED | SKIPPED | +-------------------------------+--------------------+------------------+-------------------+-------------------------+----------------------+ | CentOS Stream 10 | FAIL | SKIPPED | SKIPPED | SKIPPED | SKIPPED | +-------------------------------+--------------------+------------------+-------------------+-------------------------+----------------------+ | Debian GNU/Linux 12 | FAIL | SKIPPED | SKIPPED | SKIPPED | SKIPPED | +-------------------------------+--------------------+------------------+-------------------+-------------------------+----------------------+ | Fedora Linux 42 | FAIL | WARN | SKIPPED | SKIPPED | SKIPPED | +-------------------------------+--------------------+------------------+-------------------+-------------------------+----------------------+ | openSUSE Leap 15.6 | FAIL | SKIPPED | SKIPPED | SKIPPED | SKIPPED | +-------------------------------+--------------------+------------------+-------------------+-------------------------+----------------------+ | Red Hat Enterprise Linux 8.10 | FAIL | SKIPPED | SKIPPED | SKIPPED | SKIPPED | +-------------------------------+--------------------+------------------+-------------------+-------------------------+----------------------+ | Red Hat Enterprise Linux 9.5 | FAIL | SKIPPED | SKIPPED | SKIPPED | SKIPPED | +-------------------------------+--------------------+------------------+-------------------+-------------------------+----------------------+ | Ubuntu 22.04 | FAIL | SKIPPED | SKIPPED | SKIPPED | SKIPPED | +-------------------------------+--------------------+------------------+-------------------+-------------------------+----------------------+ | Ubuntu 24.04 | PASS | WARN | SKIPPED | SKIPPED | SKIPPED | +-------------------------------+--------------------+------------------+-------------------+-------------------------+----------------------+ | Alpine Linux 3.22.0 | PASS | SKIPPED | SKIPPED | SKIPPED | SKIPPED | +-------------------------------+--------------------+------------------+-------------------+-------------------------+----------------------+ | Windows Server 2022 | SKIPPED | SKIPPED | PASS | PASS | PASS | +-------------------------------+--------------------+------------------+-------------------+-------------------------+----------------------+ ==== 20 line log output for Ubuntu 24.04 (dpdk_compile_ovs): ==== --- Failed to get log output --- ==== End log output ==== Ubuntu 20.04 Kernel: 4.19 Compiler: gcc gcc (Ubuntu 9.4.0-1ubuntu1~20.04.2) 9.4.0 FreeBSD 14.2 Kernel: 14.2-RELEASE Compiler: clang 18.1.6 CentOS Stream 9 Kernel: 5.15 Compiler: gcc gcc (GCC) 11.5.0 20240719 (Red Hat 11.5.0-11) CentOS Stream 10 Kernel: 5.15 Compiler: gcc gcc (GCC) 14.2.1 20250110 (Red Hat 14.2.1-8) Debian GNU/Linux 12 Kernel: 5.15 Compiler: gcc gcc (Debian 12.2.0-14+deb12u1) 12.2.0 Fedora Linux 42 Kernel: 5.15 Compiler: clang gcc (GCC) 15.2.1 20250808 (Red Hat 15.2.1-1) openSUSE Leap 15.6 Kernel: 5.15 Compiler: gcc gcc (SUSE Linux) 7.5.0 Red Hat Enterprise Linux 8.10 Kernel: 5.15 Compiler: gcc gcc (GCC) 8.5.0 20210514 (Red Hat 8.5.0-22) Red Hat Enterprise Linux 9.5 Kernel: 5.15 Compiler: gcc gcc (GCC) 11.5.0 20240719 (Red Hat 11.5.0-2) Ubuntu 22.04 Kernel: 5.15 Compiler: gcc gcc (Ubuntu 11.4.0-1ubuntu1~22.04) 11.4.0 Ubuntu 24.04 Kernel: 5.15 Compiler: gcc gcc (Ubuntu 13.3.0-6ubuntu2~24.04) 13.3.0 Alpine Linux 3.22.0 Kernel: 5.15 Compiler: gcc gcc (Alpine 14.2.0) 14.2.0 Windows Server 2022 Kernel: 10.0.20348.2031 Compiler: clang 15.0.7, gcc 14.1.0 (MinGW), and MSVC VS 19.39.33521 To view detailed results, visit: https://lab.dpdk.org/results/dashboard/patchsets/34624/ UNH-IOL DPDK Community Lab To manage your email subscriptions, visit: https://lab.dpdk.org/results/dashboard/preferences/subscriptions/