From mboxrd@z Thu Jan 1 00:00:00 1970 Return-Path: Received: from mails.dpdk.org (mails.dpdk.org [217.70.189.124]) by inbox.dpdk.org (Postfix) with ESMTP id 5610D48B36 for ; Mon, 17 Nov 2025 22:20:39 +0100 (CET) Received: from mails.dpdk.org (localhost [127.0.0.1]) by mails.dpdk.org (Postfix) with ESMTP id 320A640281; Mon, 17 Nov 2025 22:20:39 +0100 (CET) Received: from mail-il1-f226.google.com (mail-il1-f226.google.com [209.85.166.226]) by mails.dpdk.org (Postfix) with ESMTP id 5DE2A40281 for ; Mon, 17 Nov 2025 22:20:37 +0100 (CET) Received: by mail-il1-f226.google.com with SMTP id e9e14a558f8ab-43326c74911so26884265ab.2 for ; Mon, 17 Nov 2025 13:20:37 -0800 (PST) DKIM-Signature: v=1; a=rsa-sha256; c=relaxed/relaxed; d=iol.unh.edu; s=unh-iol; t=1763414436; x=1764019236; darn=dpdk.org; h=references:in-reply-to:cc:to:from:subject:message-id:date:from:to :cc:subject:date:message-id:reply-to; bh=RZld2N9TaY6pCjDKYsw2L1R8MQ6XkKywqupI0/3n0xU=; b=AlC4loXBtMkyBBq0MAjqZ3GYKZ+0JtaFlYomX7Pk41/W8B3Kz527RDKxXeTb5VPKCN R0amSt5XQ1dtsFhRrkyb/OXCyFa3fJr7ovva9zazfLVK5YaSL4UF3C+fu4x7js811HmQ 2guI1x4uovP6Nu89x3bPLGn9lZBK+OxKpZFps= X-Google-DKIM-Signature: v=1; a=rsa-sha256; c=relaxed/relaxed; d=1e100.net; s=20230601; t=1763414436; x=1764019236; h=references:in-reply-to:cc:to:from:subject:message-id:date:x-gm-gg :x-gm-message-state:from:to:cc:subject:date:message-id:reply-to; bh=RZld2N9TaY6pCjDKYsw2L1R8MQ6XkKywqupI0/3n0xU=; b=an2gabN5Vy7OKddh6qqeayrt3aJ5py/Fgu8oysR4y7k7X+D9en3GINp7NLJarAt0gj 37t0u63dVeF+owDQA5L5k/ejsEDk6ofIdIir3V6Cv+mp4uWrZq9DdU0it3jmf+ETN9TK CqMn1KoQsIiLe68QwOANVSU1CZAf5HMtW4qstbRbW9RZ04GCWeu9D1YpPcRozzcEv5dw sO7BiSuJoWUfuC7w77LJebg6DZL4E9t2spf3ruGlbZYhTKcpj0bDYeTicmpMs/CmZU3S q8KIH9NWqHnaV9ahjhI2WHZ3cg0GekqzmK/Gbp9qjHix9CzewoPXmv2E/L1GN58R//iC Likg== X-Gm-Message-State: AOJu0YyQ0CV96DZHplH+sGT/tkpq0Vx914ep9bGQ3BTpNES6UG+nooNa TcC34IP6HOJ59y7owzNLCipuWUJQuj8EknfgTkYgThLk3vgXNiFES8/ZU9sXrigYDy5OYEu6c1V HLWWohRV9d+V4cEbZfGiVj6jiEYw3tx5QfFvRzAC1mWjG X-Gm-Gg: ASbGncuafmxZtVJvtjgrFmC+jVO1BAxugdR2U96ki1LjX+EHArIwOcuf8xQkd2TI2RU T/VZjD/Zoih6ZB4TgtIBAL3IQ9OgqQKpswOm4TyXdLd99vfIuQykdz1hiCnT8lBz2rl27xZTGnP wk6VVvml51rI3P+0iVO2AW1l4EDHQr8mQsbfSs/Zdq6WWNtZqmlR7gUYKes1Eet0HFVDBPTki2/ dYkdU4tE5IR6o+8gnMyckwzum0LVAm0CIrME4/8szkvc7rV2AJtC5J9gDZF0/ZQzAj5rnaWWS28 BOdq3kpSsyVCY0SkxVRlkOeLmHP+mI/dpXXMF+nSVd0ymc3ntqDYjvU1PlLLluLvXMKpPfulg4d trKKYtFgGNLmu2O6DNpg82AJwG4Zvu7YIgWjwOF9Jpg== X-Google-Smtp-Source: AGHT+IG0i1ApIgxEZBZxWNr9gJVVq8dm/scetLGGhk/qKh/jIfaTxGlYGZ9e+KBaTNN0zV5ytya+QJC+KKDW X-Received: by 2002:a05:6e02:3302:b0:433:2072:9d2c with SMTP id e9e14a558f8ab-4348c89e9d5mr200267015ab.10.1763414436512; Mon, 17 Nov 2025 13:20:36 -0800 (PST) Received: from postal.iol.unh.edu (postal.iol.unh.edu. [132.177.123.84]) by smtp-relay.gmail.com with ESMTPS id e9e14a558f8ab-43483992526sm12839875ab.16.2025.11.17.13.20.36 (version=TLS1_2 cipher=ECDHE-ECDSA-AES128-GCM-SHA256 bits=128/128); Mon, 17 Nov 2025 13:20:36 -0800 (PST) X-Relaying-Domain: iol.unh.edu Date: Mon, 17 Nov 2025 13:20:36 -0800 (PST) Message-ID: <691b91a4.050a0220.1692da.f66dSMTPIN_ADDED_MISSING@mx.google.com> Received: from [172.21.0.2] (unknown [172.18.0.240]) by postal.iol.unh.edu (Postfix) with ESMTP id 0D3736050A61; Mon, 17 Nov 2025 16:20:36 -0500 (EST) Subject: |FAILURE| pw158854-158855 [PATCH] [2/2] net/mlx5: fix the masked val From: dpdklab@iol.unh.edu To: Test Report Cc: dpdk-test-reports@iol.unh.edu, Stephen Hemminger , Bing Zhao In-Reply-To: <20251117080942.9750-1-bingz@nvidia.com> References: <20251117080942.9750-1-bingz@nvidia.com> Content-Type: text/plain X-BeenThere: test-report@dpdk.org X-Mailman-Version: 2.1.29 Precedence: list List-Id: automatic DPDK test reports List-Unsubscribe: , List-Archive: List-Post: List-Help: List-Subscribe: , Errors-To: test-report-bounces@dpdk.org Test-Label: iol-unit-arm64-testing Test-Status: FAILURE http://dpdk.org/patch/158855 _Testing issues_ Submitter: Bing Zhao Date: Monday, November 17 2025 08:09:42 DPDK git baseline: Repo:dpdk-next-net Branch: master CommitID:18d8a8909b8ed6b0a4bd8f99971da74ebba792e2 158854-158855 --> testing issues Upstream job id: Generic-Unit-Test-DPDK#393853 Test environment and result as below: +------------------------------+----------------+---------------------------+--------------+------------------------------+ | Environment | dpdk_unit_test | cryptodev_sw_zuc_autotest | lpm_autotest | cryptodev_sw_snow3g_autotest | +==============================+================+===========================+==============+==============================+ | Fedora Linux 40 | PEND | SKIPPED | SKIPPED | SKIPPED | +------------------------------+----------------+---------------------------+--------------+------------------------------+ | CentOS Stream 10 | WARN | SKIPPED | SKIPPED | SKIPPED | +------------------------------+----------------+---------------------------+--------------+------------------------------+ | Debian GNU/Linux 12 | PEND | SKIPPED | SKIPPED | SKIPPED | +------------------------------+----------------+---------------------------+--------------+------------------------------+ | CentOS Stream 9 | PEND | SKIPPED | SKIPPED | SKIPPED | +------------------------------+----------------+---------------------------+--------------+------------------------------+ | Fedora Linux 41 | PEND | SKIPPED | SKIPPED | SKIPPED | +------------------------------+----------------+---------------------------+--------------+------------------------------+ | Fedora Linux 42 | PEND | SKIPPED | SKIPPED | SKIPPED | +------------------------------+----------------+---------------------------+--------------+------------------------------+ | Red Hat Enterprise Linux 9.5 | PEND | SKIPPED | SKIPPED | SKIPPED | +------------------------------+----------------+---------------------------+--------------+------------------------------+ | Ubuntu 20.04 | PEND | SKIPPED | PASS | SKIPPED | +------------------------------+----------------+---------------------------+--------------+------------------------------+ | Ubuntu 24.04 | PEND | SKIPPED | SKIPPED | SKIPPED | +------------------------------+----------------+---------------------------+--------------+------------------------------+ | Ubuntu 22.04 | PASS | SKIPPED | SKIPPED | SKIPPED | +------------------------------+----------------+---------------------------+--------------+------------------------------+ | Debian 12 (arm) | SKIPPED | PEND | SKIPPED | PEND | +------------------------------+----------------+---------------------------+--------------+------------------------------+ ==== 20 line log output for CentOS Stream 10 (dpdk_unit_test): ==== [2232/3815] Generating rte_net_netvsc_map with a custom command [2233/3815] Compiling C object drivers/libtmp_rte_net_netvsc.a.p/net_netvsc_hn_vf.c.o [2234/3815] Compiling C object drivers/libtmp_rte_net_netvsc.a.p/net_netvsc_hn_rxtx.c.o [2235/3815] Linking static target drivers/libtmp_rte_net_netvsc.a [2236/3815] Generating rte_net_netvsc.pmd.c with a custom command [2237/3815] Compiling C object drivers/librte_net_netvsc.a.p/meson-generated_.._rte_net_netvsc.pmd.c.o [2238/3815] Linking static target drivers/librte_net_netvsc.a [2239/3815] Compiling C object drivers/libtmp_rte_net_nfp.a.p/net_nfp_flower_nfp_conntrack.c.o [2240/3815] Compiling C object drivers/libtmp_rte_net_mlx5.a.p/net_mlx5_mlx5_flow_hw.c.o FAILED: drivers/libtmp_rte_net_mlx5.a.p/net_mlx5_mlx5_flow_hw.c.o ccache cc -Idrivers/libtmp_rte_net_mlx5.a.p -Idrivers -I../drivers -Idrivers/net/mlx5 -I../drivers/net/mlx5 -Idrivers/net/mlx5/linux -I../drivers/net/mlx5/linux -Idrivers/net/mlx5/hws -I../drivers/net/mlx5/hws -Ilib/ethdev -I../lib/ethdev -Ilib/eal/common -I../lib/eal/common -I. -I.. -Iconfig -I../config -Ilib/eal/include -I../lib/eal/include -Ilib/eal/linux/include -I../lib/eal/linux/include -Ilib/eal/arm/include -I../lib/eal/arm/include -I../kernel/linux -Ilib/eal -I../lib/eal -Ilib/kvargs -I../lib/kvargs -Ilib/log -I../lib/log -Ilib/metrics -I../lib/metrics -Ilib/telemetry -I../lib/telemetry -Ilib/argparse -I../lib/argparse -Ilib/net -I../lib/net -Ilib/mbuf -I../lib/mbuf -Ilib/mempool -I../lib/mempool -Ilib/ring -I../lib/ring -Ilib/meter -I../lib/meter -Idrivers/bus/pci -I../drivers/bus/pci -I../drivers/bus/pci/linux -Ilib/pci -I../lib/pci -Idrivers/bus/vdev -I../drivers/bus/vdev -Ilib/hash -I../lib/hash -Ilib/rcu -I../lib/rcu -Idrivers/common/mlx5 -I../drivers/common/mlx5 -Idrive rs/common/mlx5/linux -I../drivers/common/mlx5/linux -Idrivers/bus/auxiliary -I../drivers/bus/auxiliary -fdiagnostics-color=always -pipe -D_FILE_OFFSET_BITS=64 -Wall -Winvalid-pch -Wextra -Werror -std=c11 -O3 -include rte_config.h -Wvla -Wcast-qual -Wdeprecated -Wformat -Wformat-nonliteral -Wformat-security -Wmissing-declarations -Wmissing-prototypes -Wnested-externs -Wold-style-definition -Wpointer-arith -Wsign-compare -Wstrict-prototypes -Wundef -Wwrite-strings -Wno-packed-not-aligned -Wno-missing-field-initializers -D_GNU_SOURCE -fPIC -march=armv8.1-a+crc+crypto -DALLOW_EXPERIMENTAL_API -DALLOW_INTERNAL_API -Wno-format-truncation -Wno-address-of-packed-member -std=c11 -Wno-strict-prototypes -D_BSD_SOURCE -D_DEFAULT_SOURCE -D_XOPEN_SOURCE=600 -UPEDANTIC -Wno-vla -DRTE_LOG_DEFAULT_LOGTYPE=pmd.net.mlx5 -MD -MQ drivers/libtmp_rte_net_mlx5.a.p/net_mlx5_mlx5_flow_hw.c.o -MF drivers/libtmp_rte_net_mlx5.a.p/net_mlx5_mlx5_flow_hw.c.o.d -o drivers/libtmp_rte_net_mlx5.a.p/net_mlx5_mlx5_flow_ hw.c.o -c ../drivers/net/mlx5/mlx5_flow_hw.c ../drivers/net/mlx5/mlx5_flow_hw.c: In function 'flow_hw_create_flow': ../drivers/net/mlx5/mlx5_flow_hw.c:14159:13: error: unused variable 'len' [-Werror=unused-variable] 14159 | int len; | ^~~ cc1: all warnings being treated as errors [2241/3815] Compiling C object drivers/librte_net_netvsc.so.26.0.p/meson-generated_.._rte_net_netvsc.pmd.c.o [2242/3815] Compiling C object drivers/libtmp_rte_net_nfp.a.p/net_nfp_flower_nfp_flower.c.o [2243/3815] Generating rte_net_netvsc.sym_chk with a custom command (wrapped by meson to capture output) ninja: build stopped: subcommand failed. ==== End log output ==== Fedora Linux 40 Kernel: 5.4 Compiler: gcc gcc (GCC) 14.2.1 20240912 (Red Hat 14.2.1-3) CentOS Stream 10 Kernel: 5.4 Compiler: gcc gcc (GCC) 14.2.1 20250110 (Red Hat 14.2.1-8) Debian GNU/Linux 12 Kernel: 5.4 Compiler: gcc gcc (Debian 12.2.0-14+deb12u1) 12.2.0 CentOS Stream 9 Kernel: 5.4 Compiler: gcc gcc (GCC) 11.5.0 20240719 (Red Hat 11.5.0-11) Fedora Linux 41 Kernel: 5.4 Compiler: clang gcc (GCC) 14.3.1 20250523 (Red Hat 14.3.1-1) Fedora Linux 42 Kernel: 5.4 Compiler: gcc gcc (GCC) 15.2.1 20250808 (Red Hat 15.2.1-1) Red Hat Enterprise Linux 9.5 Kernel: 5.4 Compiler: gcc gcc (GCC) 11.5.0 20240719 (Red Hat 11.5.0-2) Ubuntu 20.04 Kernel: 5.4 Compiler: gcc gcc (Ubuntu 9.4.0-1ubuntu1~20.04.2) 9.4.0 Ubuntu 24.04 Kernel: 5.4 Compiler: gcc gcc (Ubuntu 13.3.0-6ubuntu2~24.04) 13.3.0 Ubuntu 22.04 Kernel: 5.4 Compiler: gcc gcc (Ubuntu 11.4.0-1ubuntu1~22.04) 11.4.0 Debian 12 (arm) Kernel: Depends on container host Compiler: gcc (Debian 12.2.0-14) 12.2.0 To view detailed results, visit: https://lab.dpdk.org/results/dashboard/patchsets/34624/ UNH-IOL DPDK Community Lab To manage your email subscriptions, visit: https://lab.dpdk.org/results/dashboard/preferences/subscriptions/