From mboxrd@z Thu Jan 1 00:00:00 1970 Return-Path: Received: from mails.dpdk.org (mails.dpdk.org [217.70.189.124]) by inbox.dpdk.org (Postfix) with ESMTP id 69F1A48B36 for ; Mon, 17 Nov 2025 23:28:49 +0100 (CET) Received: from mails.dpdk.org (localhost [127.0.0.1]) by mails.dpdk.org (Postfix) with ESMTP id 3EF774027D; Mon, 17 Nov 2025 23:28:49 +0100 (CET) Received: from mail-pj1-f97.google.com (mail-pj1-f97.google.com [209.85.216.97]) by mails.dpdk.org (Postfix) with ESMTP id 332824027D for ; Mon, 17 Nov 2025 23:28:48 +0100 (CET) Received: by mail-pj1-f97.google.com with SMTP id 98e67ed59e1d1-3437af8444cso5052684a91.2 for ; Mon, 17 Nov 2025 14:28:48 -0800 (PST) DKIM-Signature: v=1; a=rsa-sha256; c=relaxed/relaxed; d=iol.unh.edu; s=unh-iol; t=1763418527; x=1764023327; darn=dpdk.org; h=references:in-reply-to:cc:to:from:subject:message-id:date:from:to :cc:subject:date:message-id:reply-to; bh=3DEETmejik+81TXduk0t/QoIPl/xgbkn5yjies/Bp5U=; b=IfG8CVSMJUj4Z1tdlggYk5OkCDezfWee+m8QjnY6gFouFIS4j6ZmkNz9+1FKxcLcQW Nv20V3ugV6nKtlkH44WL83iDDRWrMaAuqKmchbIZqtcFbl5cvYLgH+q8uV5KJLu3nfn4 TQS0uSnnOXMUIiyGTVPIIn5wZ9mbbSCcunhj8= X-Google-DKIM-Signature: v=1; a=rsa-sha256; c=relaxed/relaxed; d=1e100.net; s=20230601; t=1763418527; x=1764023327; h=references:in-reply-to:cc:to:from:subject:message-id:date:x-gm-gg :x-gm-message-state:from:to:cc:subject:date:message-id:reply-to; bh=3DEETmejik+81TXduk0t/QoIPl/xgbkn5yjies/Bp5U=; b=sj0aN6+kmZc1nSmm8/QfJGWQnS1Rz3GpUwdQnntYWSew/d2XHWFXrjyJFYqClqF3gS Zw+jE/XHI752lQ5FKo4FUs6uwerqEnYi0TKRbV7SHCudBmamBCRE0On5WMhHMpYzzpBq cu738HhqwF4VHcHGfKu/QVb+xp2XFYUbHxAEDT6nEG/qTxfiVb14RaVCKhC6aeOPG1/M sGP/HYTiKLtxGSYHzKYCD5TkPBv2RXNcyT5QFPIJPxMPVFPZ6T/xT6mwXGa2M2f8XRZ6 457WSHmbw2tNXom913kx11Z5J/OT//4x+dLoRsvaTvhdFFbWq9FFP30AatCBn6TUP7jN +j5Q== X-Gm-Message-State: AOJu0Yx3oAxUMfcyVApU+j+uPXm79MBcOGufd0uzm79u2yx5Fn+5cddS v8iMas9R8omD1m6VLoAfMnXoVNE5GagDkt+Rsea2qv58erSDgNdQk9oDjWL1zAQtJ1YmtRkbx3w R1lBBoB1uB93zeIRVaNygccWTI3we9+XQRCDCYW1VDw/Pc40C4B4tQilJK2tp X-Gm-Gg: ASbGncsYHF3sdBoaFtvabmJD9PUwfpjmLZpJmv+FVQPM4q5rHTSKWF8cuar2oXiYm2e ldwj8VAbd5N8YeyJkFmuB8BXVrVEAjAobOIrmCt5b4WML7FBd0/rr8JMtBhdPLriDxivGOAeGB7 zCbvSxLC6ifhh/1LU0kUCTfCl1ogZ4FhV6BX5RSZrRJ9zB8V+JF4sbL4+tDSfC5diwaQ1djvTE0 VnA64kVOle5OfzeTyHD87qt24WlG5f863Q/tk5LTU29I9ZWVajmmfWdguqPveB4wpheNWQCl8ra w5TFIhjDh4E3w6ofaCEtNTsytgy6p3bB0O4Oda2tBCDtHqtvKujibAh2QgwDSZWSVpV8SEQMdG2 OAbp8I/cGOEzBsQRWR9E= X-Google-Smtp-Source: AGHT+IF0t+D2YIglsQBhrE5ay+5LryLLabTwAqrsIfrKcMt719y/LeOatc/F+Un0+rKJRCe93hFEw6BzQkpu X-Received: by 2002:a17:90b:2fcf:b0:340:c179:3666 with SMTP id 98e67ed59e1d1-343f9e92a3emr13931808a91.8.1763418527108; Mon, 17 Nov 2025 14:28:47 -0800 (PST) Received: from postal.iol.unh.edu (postal.iol.unh.edu. [2606:4100:3880:1234::84]) by smtp-relay.gmail.com with ESMTPS id 41be03b00d2f7-bc374cabda5sm837560a12.11.2025.11.17.14.28.46 (version=TLS1_2 cipher=ECDHE-ECDSA-AES128-GCM-SHA256 bits=128/128); Mon, 17 Nov 2025 14:28:47 -0800 (PST) X-Relaying-Domain: iol.unh.edu Date: Mon, 17 Nov 2025 14:28:47 -0800 (PST) Message-ID: <691ba19f.050a0220.38f603.950eSMTPIN_ADDED_MISSING@mx.google.com> Received: from [172.21.0.2] (unknown [172.18.0.240]) by postal.iol.unh.edu (Postfix) with ESMTP id 5E8756050A61; Mon, 17 Nov 2025 17:28:46 -0500 (EST) Subject: |WARNING| pw158854-158855 [PATCH] [2/2] net/mlx5: fix the masked val From: dpdklab@iol.unh.edu To: Test Report Cc: dpdk-test-reports@iol.unh.edu, Stephen Hemminger In-Reply-To: <20251117080942.9750-1-bingz@nvidia.com> References: <20251117080942.9750-1-bingz@nvidia.com> Content-Type: text/plain X-BeenThere: test-report@dpdk.org X-Mailman-Version: 2.1.29 Precedence: list List-Id: automatic DPDK test reports List-Unsubscribe: , List-Archive: List-Post: List-Help: List-Subscribe: , Errors-To: test-report-bounces@dpdk.org Test-Label: iol-unit-arm64-testing Test-Status: WARNING http://dpdk.org/patch/158855 _Testing issues_ Submitter: Bing Zhao Date: Monday, November 17 2025 08:09:42 DPDK git baseline: Repo:dpdk-next-net Branch: master CommitID:18d8a8909b8ed6b0a4bd8f99971da74ebba792e2 158854-158855 --> testing issues Upstream job id: Generic-Unit-Test-DPDK#393877 Test environment and result as below: +------------------------------+----------------+---------------------------+--------------+------------------------------+ | Environment | dpdk_unit_test | cryptodev_sw_zuc_autotest | lpm_autotest | cryptodev_sw_snow3g_autotest | +==============================+================+===========================+==============+==============================+ | Fedora Linux 40 | WARN | SKIPPED | SKIPPED | SKIPPED | +------------------------------+----------------+---------------------------+--------------+------------------------------+ | CentOS Stream 10 | WARN | SKIPPED | SKIPPED | SKIPPED | +------------------------------+----------------+---------------------------+--------------+------------------------------+ | Debian GNU/Linux 12 | WARN | SKIPPED | SKIPPED | SKIPPED | +------------------------------+----------------+---------------------------+--------------+------------------------------+ | CentOS Stream 9 | WARN | SKIPPED | SKIPPED | SKIPPED | +------------------------------+----------------+---------------------------+--------------+------------------------------+ | Fedora Linux 41 | WARN | SKIPPED | SKIPPED | SKIPPED | +------------------------------+----------------+---------------------------+--------------+------------------------------+ | Fedora Linux 42 | WARN | SKIPPED | SKIPPED | SKIPPED | +------------------------------+----------------+---------------------------+--------------+------------------------------+ | Red Hat Enterprise Linux 9.5 | WARN | SKIPPED | SKIPPED | SKIPPED | +------------------------------+----------------+---------------------------+--------------+------------------------------+ | Ubuntu 20.04 | WARN | SKIPPED | PASS | SKIPPED | +------------------------------+----------------+---------------------------+--------------+------------------------------+ | Ubuntu 24.04 | WARN | SKIPPED | SKIPPED | SKIPPED | +------------------------------+----------------+---------------------------+--------------+------------------------------+ | Ubuntu 22.04 | PASS | SKIPPED | SKIPPED | SKIPPED | +------------------------------+----------------+---------------------------+--------------+------------------------------+ | Debian 12 (arm) | SKIPPED | WARN | SKIPPED | WARN | +------------------------------+----------------+---------------------------+--------------+------------------------------+ ==== 20 line log output for Debian 12 (arm) (cryptodev_sw_snow3g_autotest): ==== [2214/3829] Compiling C object drivers/libtmp_rte_net_nbl.a.p/net_nbl_nbl_dev_nbl_dev.c.o [2215/3829] Compiling C object drivers/libtmp_rte_net_nbl.a.p/net_nbl_nbl_hw_nbl_channel.c.o [2216/3829] Compiling C object drivers/libtmp_rte_net_nbl.a.p/net_nbl_nbl_hw_nbl_resource.c.o [2217/3829] Compiling C object drivers/libtmp_rte_net_nbl.a.p/net_nbl_nbl_hw_nbl_hw_leonis_nbl_hw_leonis_snic.c.o [2218/3829] Generating rte_net_nbl_map with a custom command [2219/3829] Compiling C object drivers/libtmp_rte_net_nbl.a.p/net_nbl_nbl_hw_nbl_hw_leonis_nbl_res_leonis.c.o [2220/3829] Compiling C object drivers/libtmp_rte_net_netvsc.a.p/net_netvsc_hn_ethdev.c.o [2221/3829] Compiling C object drivers/libtmp_rte_net_netvsc.a.p/net_netvsc_hn_nvs.c.o [2222/3829] Compiling C object drivers/libtmp_rte_net_mlx5.a.p/net_mlx5_mlx5_flow_hw.c.o FAILED: drivers/libtmp_rte_net_mlx5.a.p/net_mlx5_mlx5_flow_hw.c.o ccache cc -Idrivers/libtmp_rte_net_mlx5.a.p -Idrivers -I../drivers -Idrivers/net/mlx5 -I../drivers/net/mlx5 -Idrivers/net/mlx5/linux -I../drivers/net/mlx5/linux -Idrivers/net/mlx5/hws -I../drivers/net/mlx5/hws -Ilib/ethdev -I../lib/ethdev -Ilib/eal/common -I../lib/eal/common -I. -I.. -Iconfig -I../config -Ilib/eal/include -I../lib/eal/include -Ilib/eal/linux/include -I../lib/eal/linux/include -Ilib/eal/arm/include -I../lib/eal/arm/include -I../kernel/linux -Ilib/eal -I../lib/eal -Ilib/kvargs -I../lib/kvargs -Ilib/log -I../lib/log -Ilib/metrics -I../lib/metrics -Ilib/telemetry -I../lib/telemetry -Ilib/argparse -I../lib/argparse -Ilib/net -I../lib/net -Ilib/mbuf -I../lib/mbuf -Ilib/mempool -I../lib/mempool -Ilib/ring -I../lib/ring -Ilib/meter -I../lib/meter -Idrivers/bus/pci -I../drivers/bus/pci -I../drivers/bus/pci/linux -Ilib/pci -I../lib/pci -Idrivers/bus/vdev -I../drivers/bus/vdev -Ilib/hash -I../lib/hash -Ilib/rcu -I../lib/rcu -Idrivers/common/mlx5 -I../drivers/common/mlx5 -Idrive rs/common/mlx5/linux -I../drivers/common/mlx5/linux -Idrivers/bus/auxiliary -I../drivers/bus/auxiliary -I/usr/include/libnl3 -fdiagnostics-color=always -pipe -D_FILE_OFFSET_BITS=64 -Wall -Winvalid-pch -Wextra -Werror -std=c11 -O3 -include rte_config.h -Wvla -Wcast-qual -Wdeprecated -Wformat -Wformat-nonliteral -Wformat-security -Wmissing-declarations -Wmissing-prototypes -Wnested-externs -Wold-style-definition -Wpointer-arith -Wsign-compare -Wstrict-prototypes -Wundef -Wwrite-strings -Wno-packed-not-aligned -Wno-missing-field-initializers -D_GNU_SOURCE -march=armv8-a+crc+crypto -fPIC -march=armv8-a+crc -moutline-atomics -DALLOW_EXPERIMENTAL_API -DALLOW_INTERNAL_API -Wno-format-truncation -Wno-address-of-packed-member -std=c11 -Wno-strict-prototypes -D_BSD_SOURCE -D_DEFAULT_SOURCE -D_XOPEN_SOURCE=600 -UPEDANTIC -Wno-vla -DRTE_LOG_DEFAULT_LOGTYPE=pmd.net.mlx5 -MD -MQ drivers/libtmp_rte_net_mlx5.a.p/net_mlx5_mlx5_flow_hw.c.o -MF drivers/libtmp_rte_net_mlx5.a.p/net_mlx5_mlx5_flow_hw.c.o .d -o drivers/libtmp_rte_net_mlx5.a.p/net_mlx5_mlx5_flow_hw.c.o -c ../drivers/net/mlx5/mlx5_flow_hw.c ../drivers/net/mlx5/mlx5_flow_hw.c: In function 'flow_hw_create_flow': ../drivers/net/mlx5/mlx5_flow_hw.c:14159:13: error: unused variable 'len' [-Werror=unused-variable] 14159 | int len; | ^~~ cc1: all warnings being treated as errors [2223/3829] Compiling C object drivers/libtmp_rte_net_nbl.a.p/net_nbl_nbl_hw_nbl_txrx.c.o [2224/3829] Compiling C object drivers/libtmp_rte_net_netvsc.a.p/net_netvsc_hn_rndis.c.o [2225/3829] Compiling C object drivers/libtmp_rte_net_netvsc.a.p/net_netvsc_hn_rxtx.c.o ninja: build stopped: subcommand failed. ==== End log output ==== Fedora Linux 40 Kernel: 5.4 Compiler: gcc gcc (GCC) 14.2.1 20240912 (Red Hat 14.2.1-3) CentOS Stream 10 Kernel: 5.4 Compiler: gcc gcc (GCC) 14.2.1 20250110 (Red Hat 14.2.1-8) Debian GNU/Linux 12 Kernel: 5.4 Compiler: gcc gcc (Debian 12.2.0-14+deb12u1) 12.2.0 CentOS Stream 9 Kernel: 5.4 Compiler: gcc gcc (GCC) 11.5.0 20240719 (Red Hat 11.5.0-11) Fedora Linux 41 Kernel: 5.4 Compiler: clang gcc (GCC) 14.3.1 20250523 (Red Hat 14.3.1-1) Fedora Linux 42 Kernel: 5.4 Compiler: gcc gcc (GCC) 15.2.1 20250808 (Red Hat 15.2.1-1) Red Hat Enterprise Linux 9.5 Kernel: 5.4 Compiler: gcc gcc (GCC) 11.5.0 20240719 (Red Hat 11.5.0-2) Ubuntu 20.04 Kernel: 5.4 Compiler: gcc gcc (Ubuntu 9.4.0-1ubuntu1~20.04.2) 9.4.0 Ubuntu 24.04 Kernel: 5.4 Compiler: gcc gcc (Ubuntu 13.3.0-6ubuntu2~24.04) 13.3.0 Ubuntu 22.04 Kernel: 5.4 Compiler: gcc gcc (Ubuntu 11.4.0-1ubuntu1~22.04) 11.4.0 Debian 12 (arm) Kernel: Depends on container host Compiler: gcc (Debian 12.2.0-14) 12.2.0 To view detailed results, visit: https://lab.dpdk.org/results/dashboard/patchsets/34624/ UNH-IOL DPDK Community Lab To manage your email subscriptions, visit: https://lab.dpdk.org/results/dashboard/preferences/subscriptions/