From mboxrd@z Thu Jan 1 00:00:00 1970 Return-Path: Received: from mails.dpdk.org (mails.dpdk.org [217.70.189.124]) by inbox.dpdk.org (Postfix) with ESMTP id 8ECA948B3F for ; Tue, 18 Nov 2025 12:21:57 +0100 (CET) Received: from mails.dpdk.org (localhost [127.0.0.1]) by mails.dpdk.org (Postfix) with ESMTP id 75B2440150; Tue, 18 Nov 2025 12:21:57 +0100 (CET) Received: from mail-pl1-f226.google.com (mail-pl1-f226.google.com [209.85.214.226]) by mails.dpdk.org (Postfix) with ESMTP id B2F0A40150 for ; Tue, 18 Nov 2025 12:21:56 +0100 (CET) Received: by mail-pl1-f226.google.com with SMTP id d9443c01a7336-298144fb9bcso57094955ad.0 for ; Tue, 18 Nov 2025 03:21:56 -0800 (PST) DKIM-Signature: v=1; a=rsa-sha256; c=relaxed/relaxed; d=iol.unh.edu; s=unh-iol; t=1763464916; x=1764069716; darn=dpdk.org; h=references:in-reply-to:cc:to:from:subject:message-id:date:from:to :cc:subject:date:message-id:reply-to; bh=hkIHEPhMrDhBEEPU3RZ44z1m3A4+GFp4yvNQAO/H5BM=; b=Z2blChzxczFs0OgmOgbkxprybrDth5uH+N3yPTXPmKvuuLIKRzKh1Afyz03yIlmCQV CjBGbl08V3pOO8VxgN04Vu+aArvex0zrNFObMsT5U9w09zrk7hMqCgvFJr7PBpYchdR2 qyuDlV4jMLkJ1ZZ9uP72jZGgnpxJRTWK+JJp4= X-Google-DKIM-Signature: v=1; a=rsa-sha256; c=relaxed/relaxed; d=1e100.net; s=20230601; t=1763464916; x=1764069716; h=references:in-reply-to:cc:to:from:subject:message-id:date:x-gm-gg :x-gm-message-state:from:to:cc:subject:date:message-id:reply-to; bh=hkIHEPhMrDhBEEPU3RZ44z1m3A4+GFp4yvNQAO/H5BM=; b=Jk21qvFIDaE0FF5OlZ5JVpkgYVg/C/xBLGwz6qvZFOBR9gvYZG1yjajxWAxmbK417p zqhLExhD7QM7lm6RZuli0jWTmRNBPi/9b95c54kdpKFFYanlykrwNttWDvn60q4FZ0rz aUeImrWgNl93yK0sLygrF1SCQ+gAnqyhKfvHfh002XCHw+F4mhdfINxdpwDZQyXkaXt0 8bQZi+EmieTRkJJICvVL+VpyKcLmLAZBiu+9GHH3hlIOWxUsHXkFYgnqM15D0+ZPFkhb CTBFBR0B2afp47ssFQfK2rUgZdqGSF13WApZ3nREuNhUAlMZWY+fV7efO+PCqwZj5u1l lTog== X-Gm-Message-State: AOJu0YyExZCV1JIefw8neg5Y/glWMUO+on49DJnfpTpSPuKuKF4MRTxq /FrLqXMmYwYZk6rML7d8wAuDqTutDz82ckOarBULkrXSJZLDQkxLBRobzygY2l8N4iroiLNMtih dbvRlxr9aqnXu54QVV1W12cSjTqsDfAjjhUs0lk7VjOeVUgQcdw1n0fYVn8SU X-Gm-Gg: ASbGncufWQzv9BqfJs7E+XAykxBEdVHq2sHn9jaG3AUPLMT7MHn2h7mPLvqUebgrKcy cGTCKoCtyj0+VO4dfVKdoRKZwCz29zRkLTpamz7sHmHP4/xwvKNOiXhhyxvsw4aL3/VfujMBCfv jvMhh3EaOq8Ibi80TJu7cWOJic626ZTs4ix5H3i468zzV9bnasGBT7Oj6E1vt9bq21plPO8wLIg Hwrvn49oC0kZkni7sou/AvYq9J6qbyqqt8pnVlZcHpnx53c/oMJtDwzNQpqBGaAakWkTKndVJj9 IupPlACKkd9cqdPnHQH4xNxIxZQIcH3xHdJpf7FsSp+i+FLvkgt41CIPBA9FE7i75yZRxWPxC+0 H/xFqZPV1py6lQQNYNOE= X-Google-Smtp-Source: AGHT+IE5F6/CTUpeuJIQa0+ZLFe5EVtYDLEK+4A8rXRiVn/tCowEDfZik/6XttarKH49naiByIf2FV6QrIG1 X-Received: by 2002:a17:902:f706:b0:297:e575:cc5d with SMTP id d9443c01a7336-2986a733046mr184478045ad.35.1763464915797; Tue, 18 Nov 2025 03:21:55 -0800 (PST) Received: from postal.iol.unh.edu (postal.iol.unh.edu. [2606:4100:3880:1234::84]) by smtp-relay.gmail.com with ESMTPS id d9443c01a7336-299bda6e0acsm12064415ad.32.2025.11.18.03.21.55 (version=TLS1_2 cipher=ECDHE-ECDSA-AES128-GCM-SHA256 bits=128/128); Tue, 18 Nov 2025 03:21:55 -0800 (PST) X-Relaying-Domain: iol.unh.edu Date: Tue, 18 Nov 2025 03:21:55 -0800 (PST) Message-ID: <691c56d3.170a0220.1d9f06.d216SMTPIN_ADDED_MISSING@mx.google.com> Received: from [172.21.0.4] (unknown [172.18.0.240]) by postal.iol.unh.edu (Postfix) with ESMTP id 0ED2D6051830; Tue, 18 Nov 2025 06:21:55 -0500 (EST) Subject: |FAILURE| pw158861-158866 [PATCH] [v3,6/6] test: re-enable format-tr From: dpdklab@iol.unh.edu To: Test Report Cc: dpdk-test-reports@iol.unh.edu, Stephen Hemminger In-Reply-To: <20251117175332.14014-7-stephen@networkplumber.org> References: <20251117175332.14014-7-stephen@networkplumber.org> Content-Type: text/plain X-BeenThere: test-report@dpdk.org X-Mailman-Version: 2.1.29 Precedence: list List-Id: automatic DPDK test reports List-Unsubscribe: , List-Archive: List-Post: List-Help: List-Subscribe: , Errors-To: test-report-bounces@dpdk.org Test-Label: iol-unit-amd64-testing Test-Status: FAILURE http://dpdk.org/patch/158866 _Testing issues_ Submitter: Stephen Hemminger Date: Monday, November 17 2025 17:52:13 DPDK git baseline: Repo:dpdk Branch: master CommitID:2c5b18a3ba6676d3d7e6fd2985d12b023350be19 158861-158866 --> testing issues Upstream job id: Generic-Unit-Test-DPDK#394111 Test environment and result as below: +-------------------------------+----------------+ | Environment | dpdk_unit_test | +===============================+================+ | Red Hat Enterprise Linux 9.5 | PEND | +-------------------------------+----------------+ | Fedora Linux 41 | PEND | +-------------------------------+----------------+ | CentOS Stream 9 | PASS | +-------------------------------+----------------+ | CentOS Stream 10 | PEND | +-------------------------------+----------------+ | Fedora Linux 42 | PEND | +-------------------------------+----------------+ | Red Hat Enterprise Linux 8.10 | PEND | +-------------------------------+----------------+ | Ubuntu 20.04 | FAIL | +-------------------------------+----------------+ | Ubuntu 22.04 | PEND | +-------------------------------+----------------+ | Fedora Linux 40 | PEND | +-------------------------------+----------------+ | Debian GNU/Linux 12 | PEND | +-------------------------------+----------------+ | Ubuntu 24.04 | PEND | +-------------------------------+----------------+ | Windows Server 2022 | FAIL | +-------------------------------+----------------+ ==== Unit test summary for Windows Server 2022 (dpdk_unit_test): ==== Failed to get the unit test results. Displaying the unit test results is not supported for some environments, such as our aarch32 testing, where meson is not used to run the tests. Download the logs available on our CI site. ==== End log output ==== Red Hat Enterprise Linux 9.5 Kernel: 5.15 Compiler: gcc gcc (GCC) 11.5.0 20240719 (Red Hat 11.5.0-2) Fedora Linux 41 Kernel: 5.15 Compiler: gcc gcc (GCC) 14.3.1 20250523 (Red Hat 14.3.1-1) CentOS Stream 9 Kernel: 5.15 Compiler: gcc gcc (GCC) 11.5.0 20240719 (Red Hat 11.5.0-11) CentOS Stream 10 Kernel: 5.15 Compiler: gcc gcc (GCC) 14.2.1 20250110 (Red Hat 14.2.1-8) Fedora Linux 42 Kernel: 5.15 Compiler: gcc gcc (GCC) 15.2.1 20250808 (Red Hat 15.2.1-1) Red Hat Enterprise Linux 8.10 Kernel: 5.15 Compiler: gcc gcc (GCC) 8.5.0 20210514 (Red Hat 8.5.0-22) Ubuntu 20.04 Kernel: 5.15 Compiler: gcc gcc (Ubuntu 9.4.0-1ubuntu1~20.04.2) 9.4.0 Ubuntu 22.04 Kernel: 5.15 Compiler: gcc gcc (Ubuntu 11.4.0-1ubuntu1~22.04) 11.4.0 Fedora Linux 40 Kernel: 5.15 Compiler: clang gcc (GCC) 14.2.1 20240912 (Red Hat 14.2.1-3) Debian GNU/Linux 12 Kernel: 5.15 Compiler: gcc gcc (Debian 12.2.0-14+deb12u1) 12.2.0 Ubuntu 24.04 Kernel: 5.15 Compiler: gcc gcc (Ubuntu 13.3.0-6ubuntu2~24.04) 13.3.0 Windows Server 2022 Kernel: 10.0.20348.2031 Compiler: clang 15.0.7, gcc 14.1.0 (MinGW), and MSVC VS 19.39.33521 To view detailed results, visit: https://lab.dpdk.org/results/dashboard/patchsets/34629/ UNH-IOL DPDK Community Lab To manage your email subscriptions, visit: https://lab.dpdk.org/results/dashboard/preferences/subscriptions/