automatic DPDK test reports
 help / color / mirror / Atom feed
From: dpdklab@iol.unh.edu
To: Test Report <test-report@dpdk.org>
Cc: dpdk-test-reports@iol.unh.edu,
	Stephen Hemminger <stephen@networkplumber.org>
Subject: |FAILURE| pw158861-158866 [PATCH] [v3,6/6] test: re-enable format-tr
Date: Tue, 18 Nov 2025 03:33:34 -0800 (PST)	[thread overview]
Message-ID: <691c598e.050a0220.26000d.efb3SMTPIN_ADDED_MISSING@mx.google.com> (raw)
In-Reply-To: <20251117175332.14014-7-stephen@networkplumber.org>

Test-Label: iol-compile-amd64-testing
Test-Status: FAILURE
http://dpdk.org/patch/158866

_Testing issues_

Submitter: Stephen Hemminger <stephen@networkplumber.org>
Date: Monday, November 17 2025 17:52:13 
DPDK git baseline: Repo:dpdk
  Branch: master
  CommitID:2c5b18a3ba6676d3d7e6fd2985d12b023350be19

158861-158866 --> testing issues

Upstream job id: Generic-DPDK-Compile-Meson#445785

Test environment and result as below:

+-------------------------------+--------------------+-------------------------+-------------------+------------------+----------------------+
|          Environment          | dpdk_meson_compile | dpdk_llvm_clang_compile | dpdk_msvc_compile | dpdk_compile_ovs | dpdk_mingw64_compile |
+===============================+====================+=========================+===================+==================+======================+
| Red Hat Enterprise Linux 8.10 | PEND               | SKIPPED                 | SKIPPED           | SKIPPED          | SKIPPED              |
+-------------------------------+--------------------+-------------------------+-------------------+------------------+----------------------+
| Ubuntu 20.04                  | FAIL               | SKIPPED                 | SKIPPED           | SKIPPED          | SKIPPED              |
+-------------------------------+--------------------+-------------------------+-------------------+------------------+----------------------+
| CentOS Stream 10              | PEND               | SKIPPED                 | SKIPPED           | SKIPPED          | SKIPPED              |
+-------------------------------+--------------------+-------------------------+-------------------+------------------+----------------------+
| Ubuntu 22.04                  | PEND               | SKIPPED                 | SKIPPED           | SKIPPED          | SKIPPED              |
+-------------------------------+--------------------+-------------------------+-------------------+------------------+----------------------+
| Fedora Linux 42               | PEND               | SKIPPED                 | SKIPPED           | PEND             | SKIPPED              |
+-------------------------------+--------------------+-------------------------+-------------------+------------------+----------------------+
| FreeBSD 14.2                  | PASS               | SKIPPED                 | SKIPPED           | SKIPPED          | SKIPPED              |
+-------------------------------+--------------------+-------------------------+-------------------+------------------+----------------------+
| Debian GNU/Linux 12           | PEND               | SKIPPED                 | SKIPPED           | SKIPPED          | SKIPPED              |
+-------------------------------+--------------------+-------------------------+-------------------+------------------+----------------------+
| openSUSE Leap 15.6            | PEND               | SKIPPED                 | SKIPPED           | SKIPPED          | SKIPPED              |
+-------------------------------+--------------------+-------------------------+-------------------+------------------+----------------------+
| CentOS Stream 9               | PEND               | SKIPPED                 | SKIPPED           | SKIPPED          | SKIPPED              |
+-------------------------------+--------------------+-------------------------+-------------------+------------------+----------------------+
| Ubuntu 24.04                  | PEND               | SKIPPED                 | SKIPPED           | PEND             | SKIPPED              |
+-------------------------------+--------------------+-------------------------+-------------------+------------------+----------------------+
| Alpine Linux 3.22.0           | PEND               | SKIPPED                 | SKIPPED           | SKIPPED          | SKIPPED              |
+-------------------------------+--------------------+-------------------------+-------------------+------------------+----------------------+
| Red Hat Enterprise Linux 9.5  | PEND               | SKIPPED                 | SKIPPED           | SKIPPED          | SKIPPED              |
+-------------------------------+--------------------+-------------------------+-------------------+------------------+----------------------+
| Windows Server 2022           | SKIPPED            | FAIL                    | PEND              | SKIPPED          | PEND                 |
+-------------------------------+--------------------+-------------------------+-------------------+------------------+----------------------+

==== 20 line log output for Windows Server 2022 (dpdk_llvm_clang_compile): ====
[753/825] Compiling C object app/dpdk-test.exe.p/test_test_barrier.c.obj
[754/825] Compiling C object app/dpdk-test.exe.p/test_test_byteorder.c.obj
[755/825] Compiling C object app/dpdk-test.exe.p/test_test_bitcount.c.obj
[756/825] Compiling C object app/dpdk-test.exe.p/test_test_cfgfile.c.obj
FAILED: app/dpdk-test.exe.p/test_test_cfgfile.c.obj
"clang" "-Iapp\dpdk-test.exe.p" "-Iapp" "-I..\app" "-Ilib\cmdline" "-I..\lib\cmdline" "-Ilib\eal\common" "-I..\lib\eal\common" "-I." "-I.." "-Iconfig" "-I..\config" "-Ilib\eal\include" "-I..\lib\eal\include" "-Ilib\eal\windows\include" "-I..\lib\eal\windows\include" "-Ilib\eal\x86\include" "-I..\lib\eal\x86\include" "-Ilib\eal" "-I..\lib\eal" "-Ilib\argparse" "-I..\lib\argparse" "-Ilib\log" "-I..\lib\log" "-Ilib\kvargs" "-I..\lib\kvargs" "-Ilib\net" "-I..\lib\net" "-Ilib\mbuf" "-I..\lib\mbuf" "-Ilib\mempool" "-I..\lib\mempool" "-Ilib\ring" "-I..\lib\ring" "-Ilib\metrics" "-I..\lib\metrics" "-Ilib\telemetry" "-I..\lib\telemetry" "-Idrivers\net\ring" "-I..\drivers\net\ring" "-Ilib\ethdev" "-I..\lib\ethdev" "-Ilib\meter" "-I..\lib\meter" "-Idrivers\bus\pci" "-I..\drivers\bus\pci" "-I..\drivers\bus\pci\windows" "-Ilib\pci" "-I..\lib\pci" "-Idrivers\bus\vdev" "-I..\drivers\bus\vdev" "-Ilib\hash" "-I..\lib\hash" "-Ilib\rcu" "-I..\lib\rcu" "-Ilib\bitratestats" "-I..\lib\bitratestats" "-Ilib
 \cfgfile" "-I..\lib\cfgfile" "-Ilib\cryptodev" "-I..\lib\cryptodev" "-Ilib\security" "-I..\lib\security" "-Ilib\dmadev" "-I..\lib\dmadev" "-Ilib\fib" "-I..\lib\fib" "-Ilib\rib" "-I..\lib\rib" "-Ilib\lpm" "-I..\lib\lpm" "-Ilib\ip_frag" "-I..\lib\ip_frag" "-Ilib\latencystats" "-I..\lib\latencystats" "-Ilib\pcapng" "-I..\lib\pcapng" "-Ilib\ptr_compress" "-I..\lib\ptr_compress" "-Ilib\reorder" "-I..\lib\reorder" "-Ilib\stack" "-I..\lib\stack" "-Ilib\timer" "-I..\lib\timer" "-Iapp\test\test_cfgfiles" "-IC:\Program Files\Mellanox\MLNX_WinOF2_DevX_SDK\inc" "-fdiagnostics-color=always" "-D_FILE_OFFSET_BITS=64" "-Wall" "-Winvalid-pch" "-Wextra" "-Werror" "-std=c11" "-O3" "-include" "rte_config.h" "-Wvla" "-Wcast-qual" "-Wcomma" "-Wdeprecated" "-Wformat" "-Wformat-nonliteral" "-Wformat-security" "-Wmissing-declarations" "-Wmissing-prototypes" "-Wnested-externs" "-Wold-style-definition" "-Wpointer-arith" "-Wsign-compare" "-Wstrict-prototypes" "-Wundef" "-Wwrite-strings" "-Wno-missing-field-ini
 tializers" "-D_GNU_SOURCE" "-D_WIN32_WINNT=0x0A00" "-D_CRT_SECURE_NO_WARNINGS" "-march=native" "-mrtm" "-DALLOW_EXPERIMENTAL_API" "-fno-strict-aliasing" "-DALLOW_INTERNAL_API" -MD -MQ app/dpdk-test.exe.p/test_test_cfgfile.c.obj -MF "app\dpdk-test.exe.p\test_test_cfgfile.c.obj.d" -o app/dpdk-test.exe.p/test_test_cfgfile.c.obj "-c" ../app/test/test_cfgfile.c
../app/test/test_cfgfile.c:151:27: error: use of undeclared identifier 'NAME_MAX'
char filename[PATH_MAX + NAME_MAX];
^
1 error generated.
[757/825] Compiling C object app/dpdk-test.exe.p/test_virtual_pmd.c.obj
[758/825] Compiling C object app/dpdk-test.exe.p/test_commands.c.obj
[759/825] Compiling C object app/dpdk-test.exe.p/test_packet_burst_generator.c.obj
[760/825] Compiling C object app/dpdk-test.exe.p/test_test_cksum.c.obj
[761/825] Compiling C object app/dpdk-test.exe.p/test_test_cksum_perf.c.obj
[762/825] Compiling C object app/dpdk-test.exe.p/test_test_bitmap.c.obj
[763/825] Compiling C object app/dpdk-test.exe.p/test_test_bitratestats.c.obj
[764/825] Compiling C object app/dpdk-test.exe.p/test_test_ring_perf.c.obj
[765/825] Compiling C object app/dpdk-test.exe.p/test_test_ring.c.obj
ninja: build stopped: subcommand failed.
==== End log output ====

Red Hat Enterprise Linux 8.10
	Kernel: 5.15
	Compiler: gcc gcc (GCC) 8.5.0 20210514 (Red Hat 8.5.0-22)

Ubuntu 20.04
	Kernel: 4.19
	Compiler: gcc gcc (Ubuntu 9.4.0-1ubuntu1~20.04.2) 9.4.0

CentOS Stream 10
	Kernel: 5.15
	Compiler: gcc gcc (GCC) 14.2.1 20250110 (Red Hat 14.2.1-8)

Ubuntu 22.04
	Kernel: 5.15
	Compiler: gcc gcc (Ubuntu 11.4.0-1ubuntu1~22.04) 11.4.0

Fedora Linux 42
	Kernel: 5.15
	Compiler: gcc gcc (GCC) 15.2.1 20250808 (Red Hat 15.2.1-1)

FreeBSD 14.2
	Kernel: 14.2-RELEASE
	Compiler: clang 18.1.6

Debian GNU/Linux 12
	Kernel: 5.15
	Compiler: gcc gcc (Debian 12.2.0-14+deb12u1) 12.2.0

openSUSE Leap 15.6
	Kernel: 5.15
	Compiler: gcc gcc (SUSE Linux) 7.5.0

CentOS Stream 9
	Kernel: 5.15
	Compiler: gcc gcc (GCC) 11.5.0 20240719 (Red Hat 11.5.0-11)

Ubuntu 24.04
	Kernel: 5.15
	Compiler: gcc gcc (Ubuntu 13.3.0-6ubuntu2~24.04) 13.3.0

Alpine Linux 3.22.0
	Kernel: 5.15
	Compiler: gcc gcc (Alpine 14.2.0) 14.2.0

Red Hat Enterprise Linux 9.5
	Kernel: 5.15
	Compiler: gcc gcc (GCC) 11.5.0 20240719 (Red Hat 11.5.0-2)

Windows Server 2022
	Kernel: 10.0.20348.2031
	Compiler: clang 15.0.7, gcc 14.1.0 (MinGW), and MSVC VS 19.39.33521

To view detailed results, visit:
https://lab.dpdk.org/results/dashboard/patchsets/34629/

UNH-IOL DPDK Community Lab

To manage your email subscriptions, visit: 
https://lab.dpdk.org/results/dashboard/preferences/subscriptions/

  parent reply	other threads:[~2025-11-18 11:33 UTC|newest]

Thread overview: 25+ messages / expand[flat|nested]  mbox.gz  Atom feed  top
     [not found] <20251117175332.14014-7-stephen@networkplumber.org>
2025-11-17 17:19 ` |SUCCESS| pw158861-158866 [PATCH v3 6/6] test: re-enable format-truncation warnings qemudev
2025-11-17 17:24 ` qemudev
2025-11-17 17:53 ` |SUCCESS| pw158866 " checkpatch
2025-11-17 18:54 ` |FAILURE| " 0-day Robot
2025-11-18 11:13 ` |FAILURE| pw158861-158866 [PATCH] [v3,6/6] test: re-enable format-tr dpdklab
2025-11-18 11:14 ` |PENDING| " dpdklab
2025-11-18 11:14 ` |SUCCESS| " dpdklab
2025-11-18 11:16 ` |FAILURE| " dpdklab
2025-11-18 11:20 ` |SUCCESS| " dpdklab
2025-11-18 11:21 ` |FAILURE| " dpdklab
2025-11-18 11:23 ` dpdklab
2025-11-18 11:31 ` |SUCCESS| " dpdklab
2025-11-18 11:31 ` |PENDING| " dpdklab
2025-11-18 11:33 ` |WARNING| " dpdklab
2025-11-18 11:33 ` |FAILURE| " dpdklab
2025-11-18 11:33 ` dpdklab [this message]
2025-11-18 11:34 ` |SUCCESS| " dpdklab
2025-11-18 11:37 ` dpdklab
2025-11-18 11:37 ` dpdklab
2025-11-18 11:37 ` dpdklab
2025-11-18 11:45 ` |WARNING| " dpdklab
2025-11-18 11:55 ` |SUCCESS| " dpdklab
2025-11-18 12:00 ` |WARNING| " dpdklab
2025-11-18 12:04 ` |FAILURE| " dpdklab
2025-11-18 12:08 ` dpdklab

Reply instructions:

You may reply publicly to this message via plain-text email
using any one of the following methods:

* Save the following mbox file, import it into your mail client,
  and reply-to-all from there: mbox

  Avoid top-posting and favor interleaved quoting:
  https://en.wikipedia.org/wiki/Posting_style#Interleaved_style

* Reply using the --to, --cc, and --in-reply-to
  switches of git-send-email(1):

  git send-email \
    --in-reply-to=691c598e.050a0220.26000d.efb3SMTPIN_ADDED_MISSING@mx.google.com \
    --to=dpdklab@iol.unh.edu \
    --cc=dpdk-test-reports@iol.unh.edu \
    --cc=stephen@networkplumber.org \
    --cc=test-report@dpdk.org \
    /path/to/YOUR_REPLY

  https://kernel.org/pub/software/scm/git/docs/git-send-email.html

* If your mail client supports setting the In-Reply-To header
  via mailto: links, try the mailto: link
Be sure your reply has a Subject: header at the top and a blank line before the message body.
This is a public inbox, see mirroring instructions
for how to clone and mirror all data and code used for this inbox;
as well as URLs for NNTP newsgroup(s).