automatic DPDK test reports
 help / color / mirror / Atom feed
From: dpdklab@iol.unh.edu
To: Test Report <test-report@dpdk.org>
Cc: dpdk-test-reports@iol.unh.edu
Subject: |WARNING| pw158861-158866 [PATCH] [v3,6/6] test: re-enable format-tr
Date: Tue, 18 Nov 2025 03:45:31 -0800 (PST)	[thread overview]
Message-ID: <691c5c5b.170a0220.260962.1048SMTPIN_ADDED_MISSING@mx.google.com> (raw)
In-Reply-To: <20251117175332.14014-7-stephen@networkplumber.org>

Test-Label: iol-sample-apps-testing
Test-Status: WARNING
http://dpdk.org/patch/158866

_Testing issues_

Submitter: Stephen Hemminger <stephen@networkplumber.org>
Date: Monday, November 17 2025 17:52:13 
DPDK git baseline: Repo:dpdk
  Branch: master
  CommitID:2c5b18a3ba6676d3d7e6fd2985d12b023350be19

158861-158866 --> testing issues

Upstream job id: Template-DTS-Pipeline#255567

Test environment and result as below:

+--------------+----------------------+----------------------+
| Environment  | dpdk_fips_validation | compressdev_zlib_pmd |
+==============+======================+======================+
| Ubuntu 20.04 | WARN                 | SKIPPED              |
+--------------+----------------------+----------------------+
| Ubuntu 22.04 | SKIPPED              | PASS                 |
+--------------+----------------------+----------------------+

==== 20 line log output for Ubuntu 20.04 (dpdk_fips_validation): ====
67 |   return __builtin___snprintf_chk (__s, __n, __USE_FORTIFY_LEVEL - 1,
|          ^~~~~~~~~~~~~~~~~~~~~~~~~~~~~~~~~~~~~~~~~~~~~~~~~~~~~~~~~~~~
68 |        __bos (__s), __fmt, __va_arg_pack ());
|        ~~~~~~~~~~~~~~~~~~~~~~~~~~~~~~~~~~~~~
../app/test/test_cryptodev.c:17731:45: error: ',socket_id=' directive output may be truncated writing 11 bytes into a region of size between 1 and 100 [-Werror=format-truncation=]
17731 |   snprintf(vdev_args, sizeof(vdev_args), "%s,socket_id=%d",
|                                             ^~~~~~~~~~~
../app/test/test_cryptodev.c:17731:42: note: directive argument in the range [0, 65535]
17731 |   snprintf(vdev_args, sizeof(vdev_args), "%s,socket_id=%d",
|                                          ^~~~~~~~~~~~~~~~~
In file included from /usr/include/stdio.h:867,
from ../lib/eal/include/rte_hexdump.h:13,
from ../app/test/test_cryptodev.c:10:
/usr/include/x86_64-linux-gnu/bits/stdio2.h:67:10: note: '__builtin___snprintf_chk' output between 13 and 116 bytes into a destination of size 100
67 |   return __builtin___snprintf_chk (__s, __n, __USE_FORTIFY_LEVEL - 1,
|          ^~~~~~~~~~~~~~~~~~~~~~~~~~~~~~~~~~~~~~~~~~~~~~~~~~~~~~~~~~~~
68 |        __bos (__s), __fmt, __va_arg_pack ());
|        ~~~~~~~~~~~~~~~~~~~~~~~~~~~~~~~~~~~~~
cc1: all warnings being treated as errors
ninja: build stopped: subcommand failed.
==== End log output ====

Ubuntu 20.04
	Kernel: 5.15
	Compiler: gcc gcc (Ubuntu 9.4.0-1ubuntu1~20.04.2) 9.4.0

Ubuntu 22.04
	Kernel: 5.15
	Compiler: gcc gcc (Ubuntu 11.4.0-1ubuntu1~22.04.2) 11.4.0

To view detailed results, visit:
https://lab.dpdk.org/results/dashboard/patchsets/34629/

UNH-IOL DPDK Community Lab

To manage your email subscriptions, visit: 
https://lab.dpdk.org/results/dashboard/preferences/subscriptions/

  parent reply	other threads:[~2025-11-18 11:45 UTC|newest]

Thread overview: 25+ messages / expand[flat|nested]  mbox.gz  Atom feed  top
     [not found] <20251117175332.14014-7-stephen@networkplumber.org>
2025-11-17 17:19 ` |SUCCESS| pw158861-158866 [PATCH v3 6/6] test: re-enable format-truncation warnings qemudev
2025-11-17 17:24 ` qemudev
2025-11-17 17:53 ` |SUCCESS| pw158866 " checkpatch
2025-11-17 18:54 ` |FAILURE| " 0-day Robot
2025-11-18 11:13 ` |FAILURE| pw158861-158866 [PATCH] [v3,6/6] test: re-enable format-tr dpdklab
2025-11-18 11:14 ` |PENDING| " dpdklab
2025-11-18 11:14 ` |SUCCESS| " dpdklab
2025-11-18 11:16 ` |FAILURE| " dpdklab
2025-11-18 11:20 ` |SUCCESS| " dpdklab
2025-11-18 11:21 ` |FAILURE| " dpdklab
2025-11-18 11:23 ` dpdklab
2025-11-18 11:31 ` |SUCCESS| " dpdklab
2025-11-18 11:31 ` |PENDING| " dpdklab
2025-11-18 11:33 ` |WARNING| " dpdklab
2025-11-18 11:33 ` |FAILURE| " dpdklab
2025-11-18 11:33 ` dpdklab
2025-11-18 11:34 ` |SUCCESS| " dpdklab
2025-11-18 11:37 ` dpdklab
2025-11-18 11:37 ` dpdklab
2025-11-18 11:37 ` dpdklab
2025-11-18 11:45 ` dpdklab [this message]
2025-11-18 11:55 ` dpdklab
2025-11-18 12:00 ` |WARNING| " dpdklab
2025-11-18 12:04 ` |FAILURE| " dpdklab
2025-11-18 12:08 ` dpdklab

Reply instructions:

You may reply publicly to this message via plain-text email
using any one of the following methods:

* Save the following mbox file, import it into your mail client,
  and reply-to-all from there: mbox

  Avoid top-posting and favor interleaved quoting:
  https://en.wikipedia.org/wiki/Posting_style#Interleaved_style

* Reply using the --to, --cc, and --in-reply-to
  switches of git-send-email(1):

  git send-email \
    --in-reply-to=691c5c5b.170a0220.260962.1048SMTPIN_ADDED_MISSING@mx.google.com \
    --to=dpdklab@iol.unh.edu \
    --cc=dpdk-test-reports@iol.unh.edu \
    --cc=test-report@dpdk.org \
    /path/to/YOUR_REPLY

  https://kernel.org/pub/software/scm/git/docs/git-send-email.html

* If your mail client supports setting the In-Reply-To header
  via mailto: links, try the mailto: link
Be sure your reply has a Subject: header at the top and a blank line before the message body.
This is a public inbox, see mirroring instructions
for how to clone and mirror all data and code used for this inbox;
as well as URLs for NNTP newsgroup(s).