From mboxrd@z Thu Jan 1 00:00:00 1970 Return-Path: Received: from mails.dpdk.org (mails.dpdk.org [217.70.189.124]) by inbox.dpdk.org (Postfix) with ESMTP id 165AD48B3F for ; Tue, 18 Nov 2025 13:04:31 +0100 (CET) Received: from mails.dpdk.org (localhost [127.0.0.1]) by mails.dpdk.org (Postfix) with ESMTP id E3FD640150; Tue, 18 Nov 2025 13:04:30 +0100 (CET) Received: from mail-pf1-f225.google.com (mail-pf1-f225.google.com [209.85.210.225]) by mails.dpdk.org (Postfix) with ESMTP id 231EB40150 for ; Tue, 18 Nov 2025 13:04:30 +0100 (CET) Received: by mail-pf1-f225.google.com with SMTP id d2e1a72fcca58-7bc0cd6a13aso3408980b3a.0 for ; Tue, 18 Nov 2025 04:04:30 -0800 (PST) DKIM-Signature: v=1; a=rsa-sha256; c=relaxed/relaxed; d=iol.unh.edu; s=unh-iol; t=1763467469; x=1764072269; darn=dpdk.org; h=references:in-reply-to:cc:to:from:subject:message-id:date:from:to :cc:subject:date:message-id:reply-to; bh=9zHv6eSXEMoc+fvq6bso4hPCd7MlSZKvAlud4BnqFCs=; b=iAmqC2W3lv3iiZBOG6ABmVnRxG3dm+2DtuC/KXklw4d42hXcl3N3RHfLK5baDAwZF4 PyQJtLeq8fL/jD/CrxzR38UhZmkPFSy3zk3lDSryiY1VBlLIn1MdGa6q7+UTL/6YS/qc jzOxT2mxMvEw+O8D8qiEBp2G0WnU+MXRzY5Js= X-Google-DKIM-Signature: v=1; a=rsa-sha256; c=relaxed/relaxed; d=1e100.net; s=20230601; t=1763467469; x=1764072269; h=references:in-reply-to:cc:to:from:subject:message-id:date:x-gm-gg :x-gm-message-state:from:to:cc:subject:date:message-id:reply-to; bh=9zHv6eSXEMoc+fvq6bso4hPCd7MlSZKvAlud4BnqFCs=; b=JqBd78tC74ooFeA2B7HFn+hwJbtO7GHPWCa5UAGtLHXfYkHoBvB7pPiirYH35KhWvZ orLoRFbELgKm0Glw2QH5ob2E1wp3t8zww/3KQnHil0Hvu0HvMHLMaCGM9iHTRGrP9wHG cKq7dgNP2ivkXWf3m0yUi9/bPtVmGQt5VHJurqMEJZJGv79rWv2NC/7J830kgT57DNUD MWMny4iZxY7t0LvpERaCv9QkIMrThwiJZRSZ92UFgp8qir9B75fk03bOipR0Su536dxg LjTVU28XK1EKxS4WGciU4eVho3W0AAaS0nlGdqycYB6pzQX6mP57G25UujqsAyouIA1d ZaCQ== X-Gm-Message-State: AOJu0YwJEZCY0uw6Cdomfwpo+g1zrmsWwEqhEc6BD67K4+3Wk4b9bpX9 EfyLC1n/GI5Zsptw1ksjd+U1Vk00+Oo1vndcRdoHsVKy/tO4BGPN0VU79sGlzCXVaxKbFG4GRXe k5Jmo9PVzZLgG0ZyJjuNMdPBdZZJwjdfYHvKDsWY+BEb5bly/MR3JYziyTBoH X-Gm-Gg: ASbGncvOx/KvSMqf20WwQxn2k3tln0C2QQGHehW5euxx+JQBFE1duu4MJeaqvCEzdwa xAckqXUTKdC6LUPIzFUcqoAY5dj9htqMtDphJmK23glovd3eB3pcglDa5u8Ft2KbjQkvWe3+WNq sExj40Yu1akemg52k430vAM0gjFxJS3NocbpzlPmPg7HcN7pv5fCQrzLI5L0Qb1rJqdwUfF7bfq V/nvR6cXQxOwTaWf8kRnJYL95XjyV5yVth9CBVoQ6wXjhE1EVJZ2I/T2MkNXD0TOhTqEzDaBN9+ 7KbBIFHfGlkRtQeiHTmAPHuDn+mdHeZljthWm4N3hHtPakELmR1gwSqHyV/P8X6ysk4O7gD6pmq hgUAEdrdZhetUPGanAmU= X-Google-Smtp-Source: AGHT+IFrQuGjHxB1wkMBkcLrfID5zO9qLl1fFYCdjLEy9OS1v1ScAGO54KfGcclNP/aD2vSyUT2zZwhagszz X-Received: by 2002:a05:6a20:6a22:b0:34f:66ca:60aa with SMTP id adf61e73a8af0-36117034026mr3966963637.6.1763467468504; Tue, 18 Nov 2025 04:04:28 -0800 (PST) Received: from postal.iol.unh.edu (postal.iol.unh.edu. [2606:4100:3880:1234::84]) by smtp-relay.gmail.com with ESMTPS id 41be03b00d2f7-bc36de0a080sm943534a12.3.2025.11.18.04.04.28 (version=TLS1_2 cipher=ECDHE-ECDSA-AES128-GCM-SHA256 bits=128/128); Tue, 18 Nov 2025 04:04:28 -0800 (PST) X-Relaying-Domain: iol.unh.edu Date: Tue, 18 Nov 2025 04:04:28 -0800 (PST) Message-ID: <691c60cc.050a0220.17018.0b47SMTPIN_ADDED_MISSING@mx.google.com> Received: from [172.21.0.3] (unknown [172.18.0.240]) by postal.iol.unh.edu (Postfix) with ESMTP id B663F6051830; Tue, 18 Nov 2025 07:04:27 -0500 (EST) Subject: |FAILURE| pw158861-158866 [PATCH] [v3,6/6] test: re-enable format-tr From: dpdklab@iol.unh.edu To: Test Report Cc: dpdk-test-reports@iol.unh.edu, Stephen Hemminger In-Reply-To: <20251117175332.14014-7-stephen@networkplumber.org> References: <20251117175332.14014-7-stephen@networkplumber.org> Content-Type: text/plain X-BeenThere: test-report@dpdk.org X-Mailman-Version: 2.1.29 Precedence: list List-Id: automatic DPDK test reports List-Unsubscribe: , List-Archive: List-Post: List-Help: List-Subscribe: , Errors-To: test-report-bounces@dpdk.org Test-Label: iol-compile-amd64-testing Test-Status: FAILURE http://dpdk.org/patch/158866 _Testing issues_ Submitter: Stephen Hemminger Date: Monday, November 17 2025 17:52:13 DPDK git baseline: Repo:dpdk Branch: master CommitID:2c5b18a3ba6676d3d7e6fd2985d12b023350be19 158861-158866 --> testing issues Upstream job id: Generic-DPDK-Compile-Meson#445779 Test environment and result as below: +-------------------------------+--------------------+-------------------------+-------------------+------------------+----------------------+ | Environment | dpdk_meson_compile | dpdk_llvm_clang_compile | dpdk_msvc_compile | dpdk_compile_ovs | dpdk_mingw64_compile | +===============================+====================+=========================+===================+==================+======================+ | Red Hat Enterprise Linux 8.10 | FAIL | SKIPPED | SKIPPED | SKIPPED | SKIPPED | +-------------------------------+--------------------+-------------------------+-------------------+------------------+----------------------+ | Ubuntu 20.04 | FAIL | SKIPPED | SKIPPED | SKIPPED | SKIPPED | +-------------------------------+--------------------+-------------------------+-------------------+------------------+----------------------+ | CentOS Stream 10 | PASS | SKIPPED | SKIPPED | SKIPPED | SKIPPED | +-------------------------------+--------------------+-------------------------+-------------------+------------------+----------------------+ | Ubuntu 22.04 | PASS | SKIPPED | SKIPPED | SKIPPED | SKIPPED | +-------------------------------+--------------------+-------------------------+-------------------+------------------+----------------------+ | Fedora Linux 42 | PASS | SKIPPED | SKIPPED | PASS | SKIPPED | +-------------------------------+--------------------+-------------------------+-------------------+------------------+----------------------+ | FreeBSD 14.2 | PASS | SKIPPED | SKIPPED | SKIPPED | SKIPPED | +-------------------------------+--------------------+-------------------------+-------------------+------------------+----------------------+ | Debian GNU/Linux 12 | PASS | SKIPPED | SKIPPED | SKIPPED | SKIPPED | +-------------------------------+--------------------+-------------------------+-------------------+------------------+----------------------+ | openSUSE Leap 15.6 | PASS | SKIPPED | SKIPPED | SKIPPED | SKIPPED | +-------------------------------+--------------------+-------------------------+-------------------+------------------+----------------------+ | CentOS Stream 9 | PASS | SKIPPED | SKIPPED | SKIPPED | SKIPPED | +-------------------------------+--------------------+-------------------------+-------------------+------------------+----------------------+ | Ubuntu 24.04 | PASS | SKIPPED | SKIPPED | PASS | SKIPPED | +-------------------------------+--------------------+-------------------------+-------------------+------------------+----------------------+ | Alpine Linux 3.22.0 | PASS | SKIPPED | SKIPPED | SKIPPED | SKIPPED | +-------------------------------+--------------------+-------------------------+-------------------+------------------+----------------------+ | Red Hat Enterprise Linux 9.5 | PASS | SKIPPED | SKIPPED | SKIPPED | SKIPPED | +-------------------------------+--------------------+-------------------------+-------------------+------------------+----------------------+ | Windows Server 2022 | SKIPPED | FAIL | FAIL | SKIPPED | FAIL | +-------------------------------+--------------------+-------------------------+-------------------+------------------+----------------------+ ==== 20 line log output for Windows Server 2022 (dpdk_mingw64_compile): ==== "ccache" "gcc" "-Iapp\dpdk-test.exe.p" "-Iapp" "-I..\app" "-Ilib\cmdline" "-I..\lib\cmdline" "-Ilib\eal\common" "-I..\lib\eal\common" "-I." "-I.." "-Iconfig" "-I..\config" "-Ilib\eal\include" "-I..\lib\eal\include" "-Ilib\eal\windows\include" "-I..\lib\eal\windows\include" "-Ilib\eal\x86\include" "-I..\lib\eal\x86\include" "-Ilib\eal" "-I..\lib\eal" "-Ilib\argparse" "-I..\lib\argparse" "-Ilib\log" "-I..\lib\log" "-Ilib\kvargs" "-I..\lib\kvargs" "-Ilib\net" "-I..\lib\net" "-Ilib\mbuf" "-I..\lib\mbuf" "-Ilib\mempool" "-I..\lib\mempool" "-Ilib\ring" "-I..\lib\ring" "-Ilib\metrics" "-I..\lib\metrics" "-Ilib\telemetry" "-I..\lib\telemetry" "-Idrivers\net\ring" "-I..\drivers\net\ring" "-Ilib\ethdev" "-I..\lib\ethdev" "-Ilib\meter" "-I..\lib\meter" "-Idrivers\bus\pci" "-I..\drivers\bus\pci" "-I..\drivers\bus\pci\windows" "-Ilib\pci" "-I..\lib\pci" "-Idrivers\bus\vdev" "-I..\drivers\bus\vdev" "-Ilib\hash" "-I..\lib\hash" "-Ilib\rcu" "-I..\lib\rcu" "-Ilib\bitratestats" "-I..\lib\bitratestats" "-Ilib\cfgfile" "-I..\lib\cfgfile" "-Ilib\cryptodev" "-I..\lib\cryptodev" "-Ilib\security" "-I..\lib\security" "-Ilib\dmadev" "-I..\lib\dmadev" "-Ilib\fib" "-I..\lib\fib" "-Ilib\rib" "-I..\lib\rib" "-Ilib\lpm" "-I..\lib\lpm" "-Ilib\ip_frag" "-I..\lib\ip_frag" "-Ilib\latencystats" "-I..\lib\latencystats" "-Ilib\pcapng" "-I..\lib\pcapng" "-Ilib\ptr_compress" "-I..\lib\ptr_compress" "-Ilib\reorder" "-I..\lib\reorder" "-Ilib\stack" "-I..\lib\stack" "-Ilib\timer" "-I..\lib\timer" "-Iapp\test\test_cfgfiles" "-IC:\Program Files\Mellanox\MLNX_WinOF2_DevX_SDK\inc" "-fdiagnostics-color=always" "-D_FILE_OFFSET_BITS=64" "-Wall" "-Winvalid-pch" "-Wextra" "-Werror" "-std=c11" "-O3" "-include" "rte_config.h" "-Wvla" "-Wcast-qual" "-Wdeprecated" "-Wformat" "-Wformat-nonliteral" "-Wformat-security" "-Wmissing-declarations" "-Wmissing-prototypes" "-Wnested-externs" "-Wold-style-definition" "-Wpointer-arith" "-Wsign-compare" "-Wstrict-prototypes" "-Wundef" "-Wwrite-strings" "-Wno-packed-not-aligned" "-Wno-missing-field-initializers" "-D_GNU_SOURCE" "-D_WIN32_WINNT=0x0A00" "-D__USE_MINGW_ANSI_STDIO" "-march=native" "-mrtm" "-DALLOW_EXPERIMENTAL_API" "-fno-strict-aliasing" "-DALLOW_INTERNAL_API" -MD -MQ app/dpdk-test.exe.p/test_test_cfgfile.c.obj -MF "app\dpdk-test.exe.p\test_test_cfgfile.c.obj.d" -o app/dpdk-test.exe.p/test_test_cfgfile.c.obj "-c" ../app/test/test_cfgfile.c ../app/test/test_cfgfile.c: In function 'test_cfgfile_realloc_sections': ../app/test/test_cfgfile.c:151:34: error: 'NAME_MAX' undeclared (first use in this function) 151 | char filename[PATH_MAX + NAME_MAX]; | ^~~~~~~~ ../app/test/test_cfgfile.c:151:34: note: each undeclared identifier is reported only once for each function it appears in ../app/test/test_cfgfile.c:151:14: error: unused variable 'filename' [-Werror=unused-variable] 151 | char filename[PATH_MAX + NAME_MAX]; | ^~~~~~~~ cc1.exe: all warnings being treated as errors [716/825] Compiling C object app/dpdk-test.exe.p/test_test_pmd_ring.c.obj [717/825] Compiling C object app/dpdk-test.exe.p/test_test_pmd_perf.c.obj [718/825] Compiling C object app/dpdk-test.exe.p/test_test_pflock.c.obj [719/825] Compiling C object app/dpdk-test.exe.p/test_test_pmd_ring_perf.c.obj [720/825] Compiling C object app/dpdk-test.exe.p/test_test_eal_flags.c.obj [721/825] Compiling C object app/dpdk-test.exe.p/test_test_devargs.c.obj [722/825] Compiling C object app/dpdk-testpmd.exe.p/.._drivers_net_intel_iavf_iavf_testpmd.c.obj [723/825] Compiling C object app/dpdk-test.exe.p/test_virtual_pmd.c.obj [724/825] Compiling C object app/dpdk-test.exe.p/test_test_cryptodev.c.obj ninja: build stopped: subcommand failed. ==== End log output ==== Red Hat Enterprise Linux 8.10 Kernel: 5.15 Compiler: gcc gcc (GCC) 8.5.0 20210514 (Red Hat 8.5.0-22) Ubuntu 20.04 Kernel: 4.19 Compiler: gcc gcc (Ubuntu 9.4.0-1ubuntu1~20.04.2) 9.4.0 CentOS Stream 10 Kernel: 5.15 Compiler: gcc gcc (GCC) 14.2.1 20250110 (Red Hat 14.2.1-8) Ubuntu 22.04 Kernel: 5.15 Compiler: gcc gcc (Ubuntu 11.4.0-1ubuntu1~22.04) 11.4.0 Fedora Linux 42 Kernel: 5.15 Compiler: gcc gcc (GCC) 15.2.1 20250808 (Red Hat 15.2.1-1) FreeBSD 14.2 Kernel: 14.2-RELEASE Compiler: clang 18.1.6 Debian GNU/Linux 12 Kernel: 5.15 Compiler: gcc gcc (Debian 12.2.0-14+deb12u1) 12.2.0 openSUSE Leap 15.6 Kernel: 5.15 Compiler: gcc gcc (SUSE Linux) 7.5.0 CentOS Stream 9 Kernel: 5.15 Compiler: gcc gcc (GCC) 11.5.0 20240719 (Red Hat 11.5.0-11) Ubuntu 24.04 Kernel: 5.15 Compiler: gcc gcc (Ubuntu 13.3.0-6ubuntu2~24.04) 13.3.0 Alpine Linux 3.22.0 Kernel: 5.15 Compiler: gcc gcc (Alpine 14.2.0) 14.2.0 Red Hat Enterprise Linux 9.5 Kernel: 5.15 Compiler: gcc gcc (GCC) 11.5.0 20240719 (Red Hat 11.5.0-2) Windows Server 2022 Kernel: 10.0.20348.2031 Compiler: clang 15.0.7, gcc 14.1.0 (MinGW), and MSVC VS 19.39.33521 To view detailed results, visit: https://lab.dpdk.org/results/dashboard/patchsets/34629/ UNH-IOL DPDK Community Lab To manage your email subscriptions, visit: https://lab.dpdk.org/results/dashboard/preferences/subscriptions/