From: dpdklab@iol.unh.edu
To: Test Report <test-report@dpdk.org>
Cc: dpdk-test-reports@iol.unh.edu,
Stephen Hemminger <stephen@networkplumber.org>
Subject: |FAILURE| pw158861-158866 [PATCH] [v3,6/6] test: re-enable format-tr
Date: Tue, 18 Nov 2025 04:08:08 -0800 (PST) [thread overview]
Message-ID: <691c61a8.050a0220.203880.2823SMTPIN_ADDED_MISSING@mx.google.com> (raw)
In-Reply-To: <20251117175332.14014-7-stephen@networkplumber.org>
Test-Label: iol-unit-amd64-testing
Test-Status: FAILURE
http://dpdk.org/patch/158866
_Testing issues_
Submitter: Stephen Hemminger <stephen@networkplumber.org>
Date: Monday, November 17 2025 17:52:13
DPDK git baseline: Repo:dpdk
Branch: master
CommitID:2c5b18a3ba6676d3d7e6fd2985d12b023350be19
158861-158866 --> testing issues
Upstream job id: Generic-Unit-Test-DPDK#394116
Test environment and result as below:
+-------------------------------+----------------+
| Environment | dpdk_unit_test |
+===============================+================+
| Red Hat Enterprise Linux 9.5 | PASS |
+-------------------------------+----------------+
| Fedora Linux 41 | PASS |
+-------------------------------+----------------+
| CentOS Stream 9 | PASS |
+-------------------------------+----------------+
| CentOS Stream 10 | PASS |
+-------------------------------+----------------+
| Fedora Linux 42 | PASS |
+-------------------------------+----------------+
| Red Hat Enterprise Linux 8.10 | WARN |
+-------------------------------+----------------+
| Ubuntu 20.04 | FAIL |
+-------------------------------+----------------+
| Ubuntu 22.04 | PASS |
+-------------------------------+----------------+
| Fedora Linux 40 | PASS |
+-------------------------------+----------------+
| Debian GNU/Linux 12 | PASS |
+-------------------------------+----------------+
| Ubuntu 24.04 | PASS |
+-------------------------------+----------------+
| Windows Server 2022 | FAIL |
+-------------------------------+----------------+
==== Unit test summary for Windows Server 2022 (dpdk_unit_test): ====
Failed to get the unit test results.
Displaying the unit test results is not supported for some environments,
such as our aarch32 testing, where meson is not used to run the tests.
Download the logs available on our CI site.
==== End log output ====
Red Hat Enterprise Linux 9.5
Kernel: 5.15
Compiler: gcc gcc (GCC) 11.5.0 20240719 (Red Hat 11.5.0-2)
Fedora Linux 41
Kernel: 5.15
Compiler: gcc gcc (GCC) 14.3.1 20250523 (Red Hat 14.3.1-1)
CentOS Stream 9
Kernel: 5.15
Compiler: gcc gcc (GCC) 11.5.0 20240719 (Red Hat 11.5.0-11)
CentOS Stream 10
Kernel: 5.15
Compiler: gcc gcc (GCC) 14.2.1 20250110 (Red Hat 14.2.1-8)
Fedora Linux 42
Kernel: 5.15
Compiler: gcc gcc (GCC) 15.2.1 20250808 (Red Hat 15.2.1-1)
Red Hat Enterprise Linux 8.10
Kernel: 5.15
Compiler: gcc gcc (GCC) 8.5.0 20210514 (Red Hat 8.5.0-22)
Ubuntu 20.04
Kernel: 5.15
Compiler: gcc gcc (Ubuntu 9.4.0-1ubuntu1~20.04.2) 9.4.0
Ubuntu 22.04
Kernel: 5.15
Compiler: gcc gcc (Ubuntu 11.4.0-1ubuntu1~22.04) 11.4.0
Fedora Linux 40
Kernel: 5.15
Compiler: clang gcc (GCC) 14.2.1 20240912 (Red Hat 14.2.1-3)
Debian GNU/Linux 12
Kernel: 5.15
Compiler: gcc gcc (Debian 12.2.0-14+deb12u1) 12.2.0
Ubuntu 24.04
Kernel: 5.15
Compiler: gcc gcc (Ubuntu 13.3.0-6ubuntu2~24.04) 13.3.0
Windows Server 2022
Kernel: 10.0.20348.2031
Compiler: clang 15.0.7, gcc 14.1.0 (MinGW), and MSVC VS 19.39.33521
To view detailed results, visit:
https://lab.dpdk.org/results/dashboard/patchsets/34629/
UNH-IOL DPDK Community Lab
To manage your email subscriptions, visit:
https://lab.dpdk.org/results/dashboard/preferences/subscriptions/
prev parent reply other threads:[~2025-11-18 12:08 UTC|newest]
Thread overview: 25+ messages / expand[flat|nested] mbox.gz Atom feed top
[not found] <20251117175332.14014-7-stephen@networkplumber.org>
2025-11-17 17:19 ` |SUCCESS| pw158861-158866 [PATCH v3 6/6] test: re-enable format-truncation warnings qemudev
2025-11-17 17:24 ` qemudev
2025-11-17 17:53 ` |SUCCESS| pw158866 " checkpatch
2025-11-17 18:54 ` |FAILURE| " 0-day Robot
2025-11-18 11:13 ` |FAILURE| pw158861-158866 [PATCH] [v3,6/6] test: re-enable format-tr dpdklab
2025-11-18 11:14 ` |PENDING| " dpdklab
2025-11-18 11:14 ` |SUCCESS| " dpdklab
2025-11-18 11:16 ` |FAILURE| " dpdklab
2025-11-18 11:20 ` |SUCCESS| " dpdklab
2025-11-18 11:21 ` |FAILURE| " dpdklab
2025-11-18 11:23 ` dpdklab
2025-11-18 11:31 ` |SUCCESS| " dpdklab
2025-11-18 11:31 ` |PENDING| " dpdklab
2025-11-18 11:33 ` |WARNING| " dpdklab
2025-11-18 11:33 ` |FAILURE| " dpdklab
2025-11-18 11:33 ` dpdklab
2025-11-18 11:34 ` |SUCCESS| " dpdklab
2025-11-18 11:37 ` dpdklab
2025-11-18 11:37 ` dpdklab
2025-11-18 11:37 ` dpdklab
2025-11-18 11:45 ` |WARNING| " dpdklab
2025-11-18 11:55 ` |SUCCESS| " dpdklab
2025-11-18 12:00 ` |WARNING| " dpdklab
2025-11-18 12:04 ` |FAILURE| " dpdklab
2025-11-18 12:08 ` dpdklab [this message]
Reply instructions:
You may reply publicly to this message via plain-text email
using any one of the following methods:
* Save the following mbox file, import it into your mail client,
and reply-to-all from there: mbox
Avoid top-posting and favor interleaved quoting:
https://en.wikipedia.org/wiki/Posting_style#Interleaved_style
* Reply using the --to, --cc, and --in-reply-to
switches of git-send-email(1):
git send-email \
--in-reply-to=691c61a8.050a0220.203880.2823SMTPIN_ADDED_MISSING@mx.google.com \
--to=dpdklab@iol.unh.edu \
--cc=dpdk-test-reports@iol.unh.edu \
--cc=stephen@networkplumber.org \
--cc=test-report@dpdk.org \
/path/to/YOUR_REPLY
https://kernel.org/pub/software/scm/git/docs/git-send-email.html
* If your mail client supports setting the In-Reply-To header
via mailto: links, try the mailto: link
Be sure your reply has a Subject: header at the top and a blank line
before the message body.
This is a public inbox, see mirroring instructions
for how to clone and mirror all data and code used for this inbox;
as well as URLs for NNTP newsgroup(s).