From mboxrd@z Thu Jan 1 00:00:00 1970 Return-Path: Received: from mails.dpdk.org (mails.dpdk.org [217.70.189.124]) by inbox.dpdk.org (Postfix) with ESMTP id 5BC3F48B3F for ; Tue, 18 Nov 2025 13:08:10 +0100 (CET) Received: from mails.dpdk.org (localhost [127.0.0.1]) by mails.dpdk.org (Postfix) with ESMTP id 3CF6340150; Tue, 18 Nov 2025 13:08:10 +0100 (CET) Received: from mail-io1-f97.google.com (mail-io1-f97.google.com [209.85.166.97]) by mails.dpdk.org (Postfix) with ESMTP id 73C4440150 for ; Tue, 18 Nov 2025 13:08:09 +0100 (CET) Received: by mail-io1-f97.google.com with SMTP id ca18e2360f4ac-94900d3ef9bso110354939f.1 for ; Tue, 18 Nov 2025 04:08:09 -0800 (PST) DKIM-Signature: v=1; a=rsa-sha256; c=relaxed/relaxed; d=iol.unh.edu; s=unh-iol; t=1763467688; x=1764072488; darn=dpdk.org; h=references:in-reply-to:cc:to:from:subject:message-id:date:from:to :cc:subject:date:message-id:reply-to; bh=bu2Qlus5YdCugk0D8/dkaEfzN0sCxX4JvgqaFU+MUDA=; b=XJS9RDJMJd1kmrYmZCO0PuIt19xMgExDIucQiCYocmVoJBtQUvKblCNpL9WV9+f/+U jwTVFKhaEfmixFXJX11jQWOpSg94NIknrAGeCiTPUmkNZ+Aoi6bLaQse2nWpf4JGUL7J 3EB179o0UhtHNv9GGYWA1s6dh04PSDTXn0CLQ= X-Google-DKIM-Signature: v=1; a=rsa-sha256; c=relaxed/relaxed; d=1e100.net; s=20230601; t=1763467688; x=1764072488; h=references:in-reply-to:cc:to:from:subject:message-id:date:x-gm-gg :x-gm-message-state:from:to:cc:subject:date:message-id:reply-to; bh=bu2Qlus5YdCugk0D8/dkaEfzN0sCxX4JvgqaFU+MUDA=; b=nT3C2qkewD6cfmbpA19a3RaBMY6BxITyM38FT0RT3Uy6YnDwF4dHgZjWoE0qkrgAVJ cyjYSpqSlP4WDMEQ8XtmqMIGl+60N3QUiUrGyW4zeQVemJeGrc4EmDtNFXvdOy6hfnFs x9OO+0A3/d0Fnxt2PuIJBDi7edbLXdUoOE9D5mg7y1IkGmpzi3HHNSB91Tcxxyw5Iclj FoIfU6YHaHUFfjXB8fkPLyx7eA2q/R5EI1t9hYt29dEfWN21kHNYPWn2fJ7hCiTYaRuq 5XZGt5sLitMYP48rqasYz1VsFFoU5HpYlSs00dgAs+b06NOEu1i+M39t1AzCHTiVDgxt Ljvw== X-Gm-Message-State: AOJu0YywQcPzlGIKbA4QYMdsUzY6sRQXHPa3eVDj2Ot4Tvo7cO8OCQYG fUSs2Cs3rT9L9cGgzvLLqe3G8ZkRrH1nl7bzsGHECYfupjFYmbGXKSYu4VrSB66xwun+zty33Du vNxzmY/NGES/cIjE3BB2mwnJE0U5k65IWFlrnr0Xd+cXCNc1Vno46ckX9F4vo X-Gm-Gg: ASbGncviIOTR3ksSv+Inw5BTboVdRLKpFnwX0AqPWaCD9f29PUS8wqXffBAK7+vXe2c pFy18dv7CC8M/qRaXm8GwbSOwjMjVAZLOQrfcrkFwCKSgMQ3tqDbw+9Kg+PC6zdCMN5J15IIkWe HDUtobr/gVBhYw5iiFUVf11eosG4o1j6nb/VuHoQ618a8LT8d9IkkXY+OVLhCta1cIsJOYhnu1h 1B0EFeA1jd86rbYih0eBY/MWUq/E9pXNmSD5vlzF9wrrApEB+RjWU5zqkBLXm53Vrf6uwPEJxWP 2Oa/1L8I35bwyX0a9WIOLpzgvgqw4N2J3Z0FVMrln2j8VxS1s5oJbikPWKunrayPdQ0GnWVdEqn UbeGXflV1VTf8kd19eI8= X-Google-Smtp-Source: AGHT+IEQFN7fIokWBDLqUTrb0LyRsnRzhH3Rj5o5EFPgcB3qgAoajT6oBtV0KtdTIj4M4hlGxtSmYC+L4tMd X-Received: by 2002:a92:ca48:0:b0:433:27c1:75c4 with SMTP id e9e14a558f8ab-4348c949db9mr230015765ab.31.1763467688637; Tue, 18 Nov 2025 04:08:08 -0800 (PST) Received: from postal.iol.unh.edu (postal.iol.unh.edu. [2606:4100:3880:1234::84]) by smtp-relay.gmail.com with ESMTPS id e9e14a558f8ab-434833c607bsm13438675ab.2.2025.11.18.04.08.08 (version=TLS1_2 cipher=ECDHE-ECDSA-AES128-GCM-SHA256 bits=128/128); Tue, 18 Nov 2025 04:08:08 -0800 (PST) X-Relaying-Domain: iol.unh.edu Date: Tue, 18 Nov 2025 04:08:08 -0800 (PST) Message-ID: <691c61a8.050a0220.203880.2823SMTPIN_ADDED_MISSING@mx.google.com> Received: from [172.21.0.3] (unknown [172.18.0.240]) by postal.iol.unh.edu (Postfix) with ESMTP id 1CE466051830; Tue, 18 Nov 2025 07:08:08 -0500 (EST) Subject: |FAILURE| pw158861-158866 [PATCH] [v3,6/6] test: re-enable format-tr From: dpdklab@iol.unh.edu To: Test Report Cc: dpdk-test-reports@iol.unh.edu, Stephen Hemminger In-Reply-To: <20251117175332.14014-7-stephen@networkplumber.org> References: <20251117175332.14014-7-stephen@networkplumber.org> Content-Type: text/plain X-BeenThere: test-report@dpdk.org X-Mailman-Version: 2.1.29 Precedence: list List-Id: automatic DPDK test reports List-Unsubscribe: , List-Archive: List-Post: List-Help: List-Subscribe: , Errors-To: test-report-bounces@dpdk.org Test-Label: iol-unit-amd64-testing Test-Status: FAILURE http://dpdk.org/patch/158866 _Testing issues_ Submitter: Stephen Hemminger Date: Monday, November 17 2025 17:52:13 DPDK git baseline: Repo:dpdk Branch: master CommitID:2c5b18a3ba6676d3d7e6fd2985d12b023350be19 158861-158866 --> testing issues Upstream job id: Generic-Unit-Test-DPDK#394116 Test environment and result as below: +-------------------------------+----------------+ | Environment | dpdk_unit_test | +===============================+================+ | Red Hat Enterprise Linux 9.5 | PASS | +-------------------------------+----------------+ | Fedora Linux 41 | PASS | +-------------------------------+----------------+ | CentOS Stream 9 | PASS | +-------------------------------+----------------+ | CentOS Stream 10 | PASS | +-------------------------------+----------------+ | Fedora Linux 42 | PASS | +-------------------------------+----------------+ | Red Hat Enterprise Linux 8.10 | WARN | +-------------------------------+----------------+ | Ubuntu 20.04 | FAIL | +-------------------------------+----------------+ | Ubuntu 22.04 | PASS | +-------------------------------+----------------+ | Fedora Linux 40 | PASS | +-------------------------------+----------------+ | Debian GNU/Linux 12 | PASS | +-------------------------------+----------------+ | Ubuntu 24.04 | PASS | +-------------------------------+----------------+ | Windows Server 2022 | FAIL | +-------------------------------+----------------+ ==== Unit test summary for Windows Server 2022 (dpdk_unit_test): ==== Failed to get the unit test results. Displaying the unit test results is not supported for some environments, such as our aarch32 testing, where meson is not used to run the tests. Download the logs available on our CI site. ==== End log output ==== Red Hat Enterprise Linux 9.5 Kernel: 5.15 Compiler: gcc gcc (GCC) 11.5.0 20240719 (Red Hat 11.5.0-2) Fedora Linux 41 Kernel: 5.15 Compiler: gcc gcc (GCC) 14.3.1 20250523 (Red Hat 14.3.1-1) CentOS Stream 9 Kernel: 5.15 Compiler: gcc gcc (GCC) 11.5.0 20240719 (Red Hat 11.5.0-11) CentOS Stream 10 Kernel: 5.15 Compiler: gcc gcc (GCC) 14.2.1 20250110 (Red Hat 14.2.1-8) Fedora Linux 42 Kernel: 5.15 Compiler: gcc gcc (GCC) 15.2.1 20250808 (Red Hat 15.2.1-1) Red Hat Enterprise Linux 8.10 Kernel: 5.15 Compiler: gcc gcc (GCC) 8.5.0 20210514 (Red Hat 8.5.0-22) Ubuntu 20.04 Kernel: 5.15 Compiler: gcc gcc (Ubuntu 9.4.0-1ubuntu1~20.04.2) 9.4.0 Ubuntu 22.04 Kernel: 5.15 Compiler: gcc gcc (Ubuntu 11.4.0-1ubuntu1~22.04) 11.4.0 Fedora Linux 40 Kernel: 5.15 Compiler: clang gcc (GCC) 14.2.1 20240912 (Red Hat 14.2.1-3) Debian GNU/Linux 12 Kernel: 5.15 Compiler: gcc gcc (Debian 12.2.0-14+deb12u1) 12.2.0 Ubuntu 24.04 Kernel: 5.15 Compiler: gcc gcc (Ubuntu 13.3.0-6ubuntu2~24.04) 13.3.0 Windows Server 2022 Kernel: 10.0.20348.2031 Compiler: clang 15.0.7, gcc 14.1.0 (MinGW), and MSVC VS 19.39.33521 To view detailed results, visit: https://lab.dpdk.org/results/dashboard/patchsets/34629/ UNH-IOL DPDK Community Lab To manage your email subscriptions, visit: https://lab.dpdk.org/results/dashboard/preferences/subscriptions/