From mboxrd@z Thu Jan 1 00:00:00 1970 Return-Path: Received: from mails.dpdk.org (mails.dpdk.org [217.70.189.124]) by inbox.dpdk.org (Postfix) with ESMTP id 4001D48B42 for ; Tue, 18 Nov 2025 17:30:52 +0100 (CET) Received: from mails.dpdk.org (localhost [127.0.0.1]) by mails.dpdk.org (Postfix) with ESMTP id 32ED040650; Tue, 18 Nov 2025 17:30:52 +0100 (CET) Received: from mail-io1-f99.google.com (mail-io1-f99.google.com [209.85.166.99]) by mails.dpdk.org (Postfix) with ESMTP id 3F33B402E6 for ; Tue, 18 Nov 2025 17:30:49 +0100 (CET) Received: by mail-io1-f99.google.com with SMTP id ca18e2360f4ac-9487e2b9622so358615139f.2 for ; Tue, 18 Nov 2025 08:30:49 -0800 (PST) DKIM-Signature: v=1; a=rsa-sha256; c=relaxed/relaxed; d=iol.unh.edu; s=unh-iol; t=1763483448; x=1764088248; darn=dpdk.org; h=references:in-reply-to:cc:to:from:subject:message-id:date:from:to :cc:subject:date:message-id:reply-to; bh=FNqQ51CF81+gOYfW0uzJL/n0x4Mxnl7Dxv827pk86w0=; b=ST/WAFBi4+Ss8l/zmFvpEOAYW5jfg0+Z9xV7sMzypMfFJSFhOwOo76IL2jAkqGObBP vIfm1HZ3YtcyGmYNvEVwfyUTgrud7C39BSzZgiWKl9ZcVCpc+dX9JkdIMznkXKOH3ldv gBGgEbtrmgdlbZgqKA9jUbV5fuHPJLvtBIqRM= X-Google-DKIM-Signature: v=1; a=rsa-sha256; c=relaxed/relaxed; d=1e100.net; s=20230601; t=1763483448; x=1764088248; h=references:in-reply-to:cc:to:from:subject:message-id:date:x-gm-gg :x-gm-message-state:from:to:cc:subject:date:message-id:reply-to; bh=FNqQ51CF81+gOYfW0uzJL/n0x4Mxnl7Dxv827pk86w0=; b=jvUh/OupI6J/f/v5enCezm2rzzBsIVXaBAC2hEPBD7Egbd7r/saC9C7t+H0cDW6l9F AIJl9Sg/sA+miWCPbho7p6L3/a3ZzaJZzvd/kpiP15iI1XwIuyV7KyMK+1Jag6HIdc7f L84wDMjK7vcWiH6KmAECG8g+26UIAGE662P6V8m2x/j+iZtQOOlk1ciYHrqQkOZNQffD 5ZR9JBUyY77QPWVkPDyDuyLPLhAAZI7GUaVGXMK9LhaqdN4sV6YzvgcFUmoLldLw7EG4 hHGirMIwRWfM2ck8oh5CCvWg3JYUpSK2uJte+lyMpL8viXHdxD8OkB5WYGRSnXBltmbe c6KQ== X-Gm-Message-State: AOJu0YzV+PIRFFBloMnrLGvGedZDqEio7WD0nXLToORmu5dykzPuU1kY vPseRSpfEWAeY3Ql5DN5ZiY4kBgnvBzNwZgsP9v3SrhErU9sL73IaM3zRuQ4ymIq0P8GJ9m1Cff KDEsVfWDNNf6bgF4VaWrL5TPoXsaFjaOnSktLR0upztuh X-Gm-Gg: ASbGnctIyEyDRoxRBlwnJ+//T7WpuzEULgIFNuPv9blG9tKkkch86ptlXDFQID4xR4M JPToneqFyaShMo8HcQc5qiaZ1irBdKfxwh5v3mI9T4UMx5jjWabldiaOn1FSwD3+1BvKIvU7IVS m9px2ohuKUk7Dds0h+JCMVd8mscvoMLvjDB5az29WGg9yqNFahtUmqVWRrzmzrperovZdgff8OK gvGCU7+uQZjSRyHR1EpjV1wj8e043KA0w7acCZH79yoTJEkJxOo6lVaY3fq4rXdMHQ0hvmxNbIh fM56vM2dRyxDDzHXuP53ntjClETP42CmQHqwP3+91dHuNNylxCTy7hpGcJrmVDPfVoV/IzDRdkU G7148GfnT9XJu8m472xZlYwKvXMlCzrtWXUaUpVJMrA== X-Google-Smtp-Source: AGHT+IHPT/fyN3Y2TgNXJbe7AUsh7vcGNpJYeDkTPODQQSL+Gwn/MHuRjmCZjFGCGpqwPtTUYk/0e0sWhflJ X-Received: by 2002:a05:6638:6684:b0:551:45bc:e4e6 with SMTP id 8926c6da1cb9f-5b7c9c55a48mr9663248173.7.1763483448171; Tue, 18 Nov 2025 08:30:48 -0800 (PST) Received: from postal.iol.unh.edu (postal.iol.unh.edu. [132.177.123.84]) by smtp-relay.gmail.com with ESMTPS id 8926c6da1cb9f-5b7bd33586csm1177692173.34.2025.11.18.08.30.48 (version=TLS1_2 cipher=ECDHE-ECDSA-AES128-GCM-SHA256 bits=128/128); Tue, 18 Nov 2025 08:30:48 -0800 (PST) X-Relaying-Domain: iol.unh.edu Date: Tue, 18 Nov 2025 08:30:48 -0800 (PST) Message-ID: <691c9f38.020a0220.38cef1.bc82SMTPIN_ADDED_MISSING@mx.google.com> Received: from [172.21.0.3] (unknown [172.18.0.240]) by postal.iol.unh.edu (Postfix) with ESMTP id AB7D1604D420; Tue, 18 Nov 2025 11:30:47 -0500 (EST) Subject: |FAILURE| pw158861-158866 [PATCH] [v3,6/6] test: re-enable format-tr From: dpdklab@iol.unh.edu To: Test Report Cc: dpdk-test-reports@iol.unh.edu, Stephen Hemminger In-Reply-To: <20251117175332.14014-7-stephen@networkplumber.org> References: <20251117175332.14014-7-stephen@networkplumber.org> Content-Type: text/plain X-BeenThere: test-report@dpdk.org X-Mailman-Version: 2.1.29 Precedence: list List-Id: automatic DPDK test reports List-Unsubscribe: , List-Archive: List-Post: List-Help: List-Subscribe: , Errors-To: test-report-bounces@dpdk.org Test-Label: iol-compile-arm64-testing Test-Status: FAILURE http://dpdk.org/patch/158866 _Testing issues_ Submitter: Stephen Hemminger Date: Monday, November 17 2025 17:52:13 DPDK git baseline: Repo:dpdk Branch: master CommitID:2c5b18a3ba6676d3d7e6fd2985d12b023350be19 158861-158866 --> testing issues Upstream job id: Generic-DPDK-Compile-Meson#445800 Test environment and result as below: +------------------------------+--------------------+ | Environment | dpdk_meson_compile | +==============================+====================+ | Ubuntu 24.04 | PASS | +------------------------------+--------------------+ | Ubuntu 20.04 | PASS | +------------------------------+--------------------+ | Red Hat Enterprise Linux 9.5 | PASS | +------------------------------+--------------------+ | Fedora Linux 42 | PASS | +------------------------------+--------------------+ | Debian GNU/Linux 12 | PASS | +------------------------------+--------------------+ | Ubuntu 22.04 | PASS | +------------------------------+--------------------+ | CentOS Stream 9 | PASS | +------------------------------+--------------------+ | CentOS Stream 10 | PASS | +------------------------------+--------------------+ Ubuntu 24.04 Kernel: 5.4 Compiler: gcc gcc (Ubuntu 13.3.0-6ubuntu2~24.04) 13.3.0 Ubuntu 20.04 Kernel: 5.15 Compiler: aarch64-linux-gnu-gcc gcc (Ubuntu 9.4.0-1ubuntu1~20.04.2) 9.4.0 Red Hat Enterprise Linux 9.5 Kernel: 5.4 Compiler: gcc gcc (GCC) 11.5.0 20240719 (Red Hat 11.5.0-2) Fedora Linux 42 Kernel: 5.4 Compiler: gcc gcc (GCC) 15.2.1 20250808 (Red Hat 15.2.1-1) Debian GNU/Linux 12 Kernel: 5.4 Compiler: gcc gcc (Debian 12.2.0-14+deb12u1) 12.2.0 Ubuntu 22.04 Kernel: 5.4 Compiler: gcc gcc (Ubuntu 11.4.0-1ubuntu1~22.04) 11.4.0 CentOS Stream 9 Kernel: 5.4 Compiler: gcc gcc (GCC) 11.5.0 20240719 (Red Hat 11.5.0-11) CentOS Stream 10 Kernel: 5.4 Compiler: gcc gcc (GCC) 14.2.1 20250110 (Red Hat 14.2.1-8) To view detailed results, visit: https://lab.dpdk.org/results/dashboard/patchsets/34629/ UNH-IOL DPDK Community Lab To manage your email subscriptions, visit: https://lab.dpdk.org/results/dashboard/preferences/subscriptions/