From mboxrd@z Thu Jan 1 00:00:00 1970 Return-Path: Received: from mails.dpdk.org (mails.dpdk.org [217.70.189.124]) by inbox.dpdk.org (Postfix) with ESMTP id C73E148B42 for ; Tue, 18 Nov 2025 19:15:27 +0100 (CET) Received: from mails.dpdk.org (localhost [127.0.0.1]) by mails.dpdk.org (Postfix) with ESMTP id C2E584028D; Tue, 18 Nov 2025 19:15:27 +0100 (CET) Received: from mail-pj1-f100.google.com (mail-pj1-f100.google.com [209.85.216.100]) by mails.dpdk.org (Postfix) with ESMTP id 957334028D for ; Tue, 18 Nov 2025 19:15:26 +0100 (CET) Received: by mail-pj1-f100.google.com with SMTP id 98e67ed59e1d1-343dd5aa6e7so6483603a91.0 for ; Tue, 18 Nov 2025 10:15:26 -0800 (PST) DKIM-Signature: v=1; a=rsa-sha256; c=relaxed/relaxed; d=iol.unh.edu; s=unh-iol; t=1763489726; x=1764094526; darn=dpdk.org; h=references:in-reply-to:cc:to:from:subject:message-id:date:from:to :cc:subject:date:message-id:reply-to; bh=eLI8NQEMn5vdP/GJxlV5PNAbo18qip2zfwhMC6PiNo8=; b=GR/4e6IJCRQMK1lxmZDMqjh9RArHJ5v2NozJONt6JVk7uX64UPDUZPY4EZYt7TwvqS 9JSZn22Bhnal846ULgZKa3RpfJNIiny5VDSkCH/9pu6EKfF3rqmSGYiVDLvNExHLMUNG 00WEuE764KotUQMtjMr7vOkCoRwbW6te2VUx8= X-Google-DKIM-Signature: v=1; a=rsa-sha256; c=relaxed/relaxed; d=1e100.net; s=20230601; t=1763489726; x=1764094526; h=references:in-reply-to:cc:to:from:subject:message-id:date:x-gm-gg :x-gm-message-state:from:to:cc:subject:date:message-id:reply-to; bh=eLI8NQEMn5vdP/GJxlV5PNAbo18qip2zfwhMC6PiNo8=; b=u9TXE9LB5aA1USUz7GiDhGxK81fk3RiWavgP1UOdslzPcFcmaCGVyuiRbN/wa7qLPJ NgvvXkI7hSTvc7fcC7CS5LltFXJsAveKpbqQom4bmKHam2jT2nPkQb1wzyVYaY9H2dWE 6ADAuW8Jygg02qRTgtfe0rPy/mdnsyiKDK9b49LQhfZt92Uo3XNR2R80y/OtTHOaVQFH t5Tfs8+lCdn1IjJ305i191Zh3LO9m/pjhGHUJCfvo6ILpLJmDcJ0WzXn988qRM9YCK1b ven5dszxbq+39L7XCH5pbcNxYMXN2WsBnKZ57zTwJ23cHEQ23TdsL4uMQMn0BRuwmhzV ymeg== X-Gm-Message-State: AOJu0YyE499eL2eKGDgkoM/Wz1L7+a9bhb0ZDO5KE/v4qNHM02wtQY+G Yc0gcHs/qbckFqTtU1LB4PMt0xmsTxlF44JckXVpFibjPMGXhJjnaSJM7ZQ81p5o9ec3zz+aHMI rVd30gtueLO7cNBce3dwrsWhbTn8Igvs0aHsUwIpJ3Wx9QJQROHmYhF0IJ6NH X-Gm-Gg: ASbGncvZHr6dxMjaO5C4WWWww5WJBPWc7DafTZBBXFHmecQO4RvrYbxJaSxhwamntPy tfsgpr2K69fD5+IZLPplCaM6HsytLjVwPjuBigux69O99qcT5l+RXIQC/snizR63zXwpTJylXGQ aPuco3R1r08SZfJlnm9GMaJU6T99RajvfSOM814yHJCM8pBATT1kdpQ0WGX9JJ0qCb0vg1WqdiC FWQ+bWjKU20rDVqIDVKmQl8l8VvR3HA7tdj9gDqfvf7WHknMMLjP9xgDIKvAUerT/G/7X1CvsfP D2FMlPGKgs6BJ1eZcC6ADenc7slaspkFs9UUv4cs54aUC4LcLeTXQl9PI5iEhtHklZnzYobsRhK Hl50SOLtDtsG7GeEh8pM= X-Google-Smtp-Source: AGHT+IEM4jcFqfBb4Lq+asB11yg1/h1SV3TCQ5FBX68f211jMx9gNnszxrem1MrAsyjMG2s/AklnJjUX3KNq X-Received: by 2002:a17:90b:2ccc:b0:343:6d82:9278 with SMTP id 98e67ed59e1d1-343fa76032dmr18281025a91.30.1763489725544; Tue, 18 Nov 2025 10:15:25 -0800 (PST) Received: from postal.iol.unh.edu (postal.iol.unh.edu. [2606:4100:3880:1234::84]) by smtp-relay.gmail.com with ESMTPS id 98e67ed59e1d1-345bc0129bdsm18587a91.7.2025.11.18.10.15.25 (version=TLS1_2 cipher=ECDHE-ECDSA-AES128-GCM-SHA256 bits=128/128); Tue, 18 Nov 2025 10:15:25 -0800 (PST) X-Relaying-Domain: iol.unh.edu Date: Tue, 18 Nov 2025 10:15:25 -0800 (PST) Message-ID: <691cb7bd.170a0220.174240.102fSMTPIN_ADDED_MISSING@mx.google.com> Received: from [172.21.0.6] (unknown [172.18.0.240]) by postal.iol.unh.edu (Postfix) with ESMTP id E1F96604D420; Tue, 18 Nov 2025 13:15:24 -0500 (EST) Subject: |FAILURE| pw158869-158888 [PATCH] [v3,20/20] vfio: introduce cdev mo From: dpdklab@iol.unh.edu To: Test Report Cc: dpdk-test-reports@iol.unh.edu, Anatoly Burakov In-Reply-To: <7e49d0a3938ca536b188241cf6950a6bf901f1f0.1763483254.git.anatoly.burakov@intel.com> References: <7e49d0a3938ca536b188241cf6950a6bf901f1f0.1763483254.git.anatoly.burakov@intel.com> Content-Type: text/plain X-BeenThere: test-report@dpdk.org X-Mailman-Version: 2.1.29 Precedence: list List-Id: automatic DPDK test reports List-Unsubscribe: , List-Archive: List-Post: List-Help: List-Subscribe: , Errors-To: test-report-bounces@dpdk.org Test-Label: iol-compile-arm64-testing Test-Status: FAILURE http://dpdk.org/patch/158888 _Testing issues_ Submitter: Anatoly Burakov Date: Tuesday, November 18 2025 16:29:21 DPDK git baseline: Repo:dpdk Branch: master CommitID:a0b148048b3d9960788093b3b94c70af8f04136b 158869-158888 --> testing issues Upstream job id: Generic-DPDK-Compile-Meson#445876 Test environment and result as below: +------------------------------+--------------------+ | Environment | dpdk_meson_compile | +==============================+====================+ | Ubuntu 22.04 | FAIL | +------------------------------+--------------------+ | Debian GNU/Linux 12 | FAIL | +------------------------------+--------------------+ | Red Hat Enterprise Linux 9.5 | FAIL | +------------------------------+--------------------+ | Ubuntu 20.04 | FAIL | +------------------------------+--------------------+ | CentOS Stream 10 | FAIL | +------------------------------+--------------------+ | Fedora Linux 42 | FAIL | +------------------------------+--------------------+ | Ubuntu 24.04 | FAIL | +------------------------------+--------------------+ | CentOS Stream 9 | FAIL | +------------------------------+--------------------+ ==== 20 line log output for CentOS Stream 9 (dpdk_meson_compile): ==== 131 | free(mp_reply.msgs); | ^~~~ ../lib/eal/linux/eal_vfio_cdev.c:131:25: note: include '' or provide a declaration of 'free' ../lib/eal/linux/eal_vfio_cdev.c:136:9: error: incompatible implicit declaration of built-in function 'free' [-Werror=builtin-declaration-mismatch] 136 | free(mp_reply.msgs); | ^~~~ ../lib/eal/linux/eal_vfio_cdev.c:136:9: note: include '' or provide a declaration of 'free' ../lib/eal/linux/eal_vfio_cdev.c: In function 'vfio_cdev_get_device_num': ../lib/eal/linux/eal_vfio_cdev.c:234:35: error: implicit declaration of function 'strtol'; did you mean 'strtok'? [-Werror=implicit-function-declaration] 234 | dev_num = strtol(dev_tok, &end, 10); | ^~~~~~ | strtok ../lib/eal/linux/eal_vfio_cdev.c:234:35: error: nested extern declaration of 'strtol' [-Werror=nested-externs] ../lib/eal/linux/eal_vfio_cdev.c: In function 'vfio_cdev_request_dev_fd': ../lib/eal/linux/eal_vfio_cdev.c:359:9: error: incompatible implicit declaration of built-in function 'free' [-Werror=builtin-declaration-mismatch] 359 | free(mp_reply.msgs); | ^~~~ ../lib/eal/linux/eal_vfio_cdev.c:359:9: note: include '' or provide a declaration of 'free' cc1: all warnings being treated as errors ninja: build stopped: subcommand failed. ==== End log output ==== Ubuntu 22.04 Kernel: 5.4 Compiler: gcc gcc (Ubuntu 11.4.0-1ubuntu1~22.04) 11.4.0 Debian GNU/Linux 12 Kernel: 5.4 Compiler: gcc gcc (Debian 12.2.0-14+deb12u1) 12.2.0 Red Hat Enterprise Linux 9.5 Kernel: 5.4 Compiler: gcc gcc (GCC) 11.5.0 20240719 (Red Hat 11.5.0-2) Ubuntu 20.04 Kernel: 5.15 Compiler: gcc gcc (Ubuntu 9.4.0-1ubuntu1~20.04.2) 9.4.0 CentOS Stream 10 Kernel: 5.4 Compiler: gcc gcc (GCC) 14.2.1 20250110 (Red Hat 14.2.1-8) Fedora Linux 42 Kernel: 5.4 Compiler: gcc gcc (GCC) 15.2.1 20250808 (Red Hat 15.2.1-1) Ubuntu 24.04 Kernel: 5.4 Compiler: gcc gcc (Ubuntu 13.3.0-6ubuntu2~24.04) 13.3.0 CentOS Stream 9 Kernel: 5.4 Compiler: gcc gcc (GCC) 11.5.0 20240719 (Red Hat 11.5.0-11) To view detailed results, visit: https://lab.dpdk.org/results/dashboard/patchsets/34632/ UNH-IOL DPDK Community Lab To manage your email subscriptions, visit: https://lab.dpdk.org/results/dashboard/preferences/subscriptions/