From mboxrd@z Thu Jan 1 00:00:00 1970 Return-Path: Received: from mails.dpdk.org (mails.dpdk.org [217.70.189.124]) by inbox.dpdk.org (Postfix) with ESMTP id ECFB248B42 for ; Tue, 18 Nov 2025 19:16:15 +0100 (CET) Received: from mails.dpdk.org (localhost [127.0.0.1]) by mails.dpdk.org (Postfix) with ESMTP id E7EAB4028D; Tue, 18 Nov 2025 19:16:15 +0100 (CET) Received: from mail-ot1-f100.google.com (mail-ot1-f100.google.com [209.85.210.100]) by mails.dpdk.org (Postfix) with ESMTP id 98F464028D for ; Tue, 18 Nov 2025 19:16:14 +0100 (CET) Received: by mail-ot1-f100.google.com with SMTP id 46e09a7af769-7c75fd8067fso1521597a34.2 for ; Tue, 18 Nov 2025 10:16:14 -0800 (PST) DKIM-Signature: v=1; a=rsa-sha256; c=relaxed/relaxed; d=iol.unh.edu; s=unh-iol; t=1763489773; x=1764094573; darn=dpdk.org; h=references:in-reply-to:cc:to:from:subject:message-id:date:from:to :cc:subject:date:message-id:reply-to; bh=8o2sS2Hy+wX/twqiTXXydGtumpvw5IXeDr6G3l5Zdnw=; b=I8amgnCKVzYrKdMb7RmNRAx6lf3K0o+SbPRU65LxGw/RJmTEa5gRde7z/LkCbjStKK dUeGAqbXes/dCw8QxE2dBQ2RKGwknmiprZAmaO7rQpmPqIj2ex9tIfQmqEuWRVMW/FT/ GI/EWeR10pViaYJjlAKskYG83KfuSSs6/yh1o= X-Google-DKIM-Signature: v=1; a=rsa-sha256; c=relaxed/relaxed; d=1e100.net; s=20230601; t=1763489773; x=1764094573; h=references:in-reply-to:cc:to:from:subject:message-id:date:x-gm-gg :x-gm-message-state:from:to:cc:subject:date:message-id:reply-to; bh=8o2sS2Hy+wX/twqiTXXydGtumpvw5IXeDr6G3l5Zdnw=; b=vceAOLycW1YY+iPFpUDxBF7NT1lwdNkrdfv1PQxYeTRdsDtdIy0mruHt76ECX7DucU koXTHSYVMuSDDP0sYh4RVhepkOffA4CDhYmER8sIpQfFQN6PVrI6VebLdy3AUuOyl8TF UBI5GAyKlqncmvxfqZ101d7+Ts49yNsibc1n3wts+X/fSPaSQGUmSakAVUoP0hDJ4QRf inbqeGuGIqosued9hX+7MjvKuGpBIKC5Qm+fZZqsI3pg5Vb/VHuorFWxd7A1pf8ovwFL CqmRHNIfn2E2s2BLa78y44T340xOa+owMbWiRErYJ1yMQTMa6vau2ne6fX6VRzVGcPKa cIxQ== X-Gm-Message-State: AOJu0YzsGctWANIG9esMr9o87Cz29W6Gcq2gybprEI0bLohO/hH3B0xC xwvkkacXrRvbcBp/MEQS61NcLCHQnFUmR49nzVPTkfGozJ3BUzGLjm5/HpcV9lGfi63b5Z6BJyN djuhnDSDkr7on+RQOYSl7c2tVJeEtW4SKJ4H+3sMDdJKa X-Gm-Gg: ASbGncubqoJj0Lz0hBeMHHiRpaV28Q/DyJ3N4+0ZfR/bqjXCsNY35PTEwh1q/Rm1JWi 4XFlikZDptAtK7CjSI9GASZ53c2K4R1otHSFTNsskuTRYhF8R7yIm2bzNWEGHpYc+O8P7Np/kW8 N6OwMMQWBW8uWfFeCdwaC/yiXjgbp76zyvS8n93BTlADiKoCZqQG5cSzNfzCCyCE2RrFeStNZaA zLiKA+QTVoAC9hrh06cnCr3yoG70003iqExgv3WyxsOi9ImZ2M0Qt4ocEabPxs89cTgoKl56IN7 LKgBvW/0l/LN+4o6qB2mJ/7hnLh7cibgNb4t44mi23CZQGbZTmTo+sIZZmt7IETx8r+7tKMSwYA PcwCYpwhjn2DihwElTMqkGIsoCVbf5/2gGqeyjmOsog== X-Google-Smtp-Source: AGHT+IFijdg5JeEOIB3+02NagwS/w4kCC6qngfnf3QcqT8L1lWzxyBEcbl6Nge6TTpigurQ0vB94K2r4U5dv X-Received: by 2002:a05:6808:1987:b0:450:89ee:923d with SMTP id 5614622812f47-450975b1194mr6883177b6e.31.1763489773585; Tue, 18 Nov 2025 10:16:13 -0800 (PST) Received: from postal.iol.unh.edu (postal.iol.unh.edu. [132.177.123.84]) by smtp-relay.gmail.com with ESMTPS id 006d021491bc7-6576fa3edb7sm18729eaf.3.2025.11.18.10.16.13 (version=TLS1_2 cipher=ECDHE-ECDSA-AES128-GCM-SHA256 bits=128/128); Tue, 18 Nov 2025 10:16:13 -0800 (PST) X-Relaying-Domain: iol.unh.edu Date: Tue, 18 Nov 2025 10:16:13 -0800 (PST) Message-ID: <691cb7ed.050a0220.1ee80b.0f96SMTPIN_ADDED_MISSING@mx.google.com> Received: from [172.21.0.5] (unknown [172.18.0.240]) by postal.iol.unh.edu (Postfix) with ESMTP id 39768604D420; Tue, 18 Nov 2025 13:16:13 -0500 (EST) Subject: |FAILURE| pw158869-158888 [PATCH] [v3,20/20] vfio: introduce cdev mo From: dpdklab@iol.unh.edu To: Test Report Cc: dpdk-test-reports@iol.unh.edu, Anatoly Burakov In-Reply-To: <7e49d0a3938ca536b188241cf6950a6bf901f1f0.1763483254.git.anatoly.burakov@intel.com> References: <7e49d0a3938ca536b188241cf6950a6bf901f1f0.1763483254.git.anatoly.burakov@intel.com> Content-Type: text/plain X-BeenThere: test-report@dpdk.org X-Mailman-Version: 2.1.29 Precedence: list List-Id: automatic DPDK test reports List-Unsubscribe: , List-Archive: List-Post: List-Help: List-Subscribe: , Errors-To: test-report-bounces@dpdk.org Test-Label: iol-compile-arm64-testing Test-Status: FAILURE http://dpdk.org/patch/158888 _Testing issues_ Submitter: Anatoly Burakov Date: Tuesday, November 18 2025 16:29:21 DPDK git baseline: Repo:dpdk Branch: master CommitID:a0b148048b3d9960788093b3b94c70af8f04136b 158869-158888 --> testing issues Upstream job id: Generic-DPDK-Compile-Meson#445882 Test environment and result as below: +------------------------------+--------------------+ | Environment | dpdk_meson_compile | +==============================+====================+ | Ubuntu 22.04 | FAIL | +------------------------------+--------------------+ | Debian GNU/Linux 12 | FAIL | +------------------------------+--------------------+ | Red Hat Enterprise Linux 9.5 | FAIL | +------------------------------+--------------------+ | Ubuntu 20.04 | FAIL | +------------------------------+--------------------+ | CentOS Stream 10 | FAIL | +------------------------------+--------------------+ | Fedora Linux 42 | FAIL | +------------------------------+--------------------+ | Ubuntu 24.04 | FAIL | +------------------------------+--------------------+ | CentOS Stream 9 | FAIL | +------------------------------+--------------------+ ==== 20 line log output for CentOS Stream 9 (dpdk_meson_compile): ==== 131 | free(mp_reply.msgs); | ^~~~ ../lib/eal/linux/eal_vfio_cdev.c:131:25: note: include '' or provide a declaration of 'free' ../lib/eal/linux/eal_vfio_cdev.c:136:9: error: incompatible implicit declaration of built-in function 'free' [-Werror=builtin-declaration-mismatch] 136 | free(mp_reply.msgs); | ^~~~ ../lib/eal/linux/eal_vfio_cdev.c:136:9: note: include '' or provide a declaration of 'free' ../lib/eal/linux/eal_vfio_cdev.c: In function 'vfio_cdev_get_device_num': ../lib/eal/linux/eal_vfio_cdev.c:234:35: error: implicit declaration of function 'strtol'; did you mean 'strtok'? [-Werror=implicit-function-declaration] 234 | dev_num = strtol(dev_tok, &end, 10); | ^~~~~~ | strtok ../lib/eal/linux/eal_vfio_cdev.c:234:35: error: nested extern declaration of 'strtol' [-Werror=nested-externs] ../lib/eal/linux/eal_vfio_cdev.c: In function 'vfio_cdev_request_dev_fd': ../lib/eal/linux/eal_vfio_cdev.c:359:9: error: incompatible implicit declaration of built-in function 'free' [-Werror=builtin-declaration-mismatch] 359 | free(mp_reply.msgs); | ^~~~ ../lib/eal/linux/eal_vfio_cdev.c:359:9: note: include '' or provide a declaration of 'free' cc1: all warnings being treated as errors ninja: build stopped: subcommand failed. ==== End log output ==== Ubuntu 22.04 Kernel: 5.4 Compiler: gcc gcc (Ubuntu 11.4.0-1ubuntu1~22.04) 11.4.0 Debian GNU/Linux 12 Kernel: 5.4 Compiler: gcc gcc (Debian 12.2.0-14+deb12u1) 12.2.0 Red Hat Enterprise Linux 9.5 Kernel: 5.4 Compiler: gcc gcc (GCC) 11.5.0 20240719 (Red Hat 11.5.0-2) Ubuntu 20.04 Kernel: 5.15 Compiler: gcc gcc (Ubuntu 9.4.0-1ubuntu1~20.04.2) 9.4.0 CentOS Stream 10 Kernel: 5.4 Compiler: gcc gcc (GCC) 14.2.1 20250110 (Red Hat 14.2.1-8) Fedora Linux 42 Kernel: 5.4 Compiler: gcc gcc (GCC) 15.2.1 20250808 (Red Hat 15.2.1-1) Ubuntu 24.04 Kernel: 5.4 Compiler: gcc gcc (Ubuntu 13.3.0-6ubuntu2~24.04) 13.3.0 CentOS Stream 9 Kernel: 5.4 Compiler: gcc gcc (GCC) 11.5.0 20240719 (Red Hat 11.5.0-11) To view detailed results, visit: https://lab.dpdk.org/results/dashboard/patchsets/34632/ UNH-IOL DPDK Community Lab To manage your email subscriptions, visit: https://lab.dpdk.org/results/dashboard/preferences/subscriptions/