From mboxrd@z Thu Jan 1 00:00:00 1970 Return-Path: Received: from mails.dpdk.org (mails.dpdk.org [217.70.189.124]) by inbox.dpdk.org (Postfix) with ESMTP id B506548B43 for ; Tue, 18 Nov 2025 21:30:08 +0100 (CET) Received: from mails.dpdk.org (localhost [127.0.0.1]) by mails.dpdk.org (Postfix) with ESMTP id B02BE4027A; Tue, 18 Nov 2025 21:30:08 +0100 (CET) Received: from mail-pl1-f228.google.com (mail-pl1-f228.google.com [209.85.214.228]) by mails.dpdk.org (Postfix) with ESMTP id 4C7E74027A for ; Tue, 18 Nov 2025 21:30:07 +0100 (CET) Received: by mail-pl1-f228.google.com with SMTP id d9443c01a7336-29555415c5fso67545635ad.1 for ; Tue, 18 Nov 2025 12:30:07 -0800 (PST) DKIM-Signature: v=1; a=rsa-sha256; c=relaxed/relaxed; d=iol.unh.edu; s=unh-iol; t=1763497806; x=1764102606; darn=dpdk.org; h=references:in-reply-to:cc:to:from:subject:message-id:date:from:to :cc:subject:date:message-id:reply-to; bh=HAnmD18+EWedha9Y/6m0cJZwx/Zud90aoADlMzunhck=; b=f490PUjkAi7g36x8a+S8POpddqlFL+huTk0AZjnTQ4y/F18ku52XfTjwMlleG8plRp HeNdtJi1P5WPp6s2GuanjbRxPxyq8C3exD+3RzcpXKQBsvicXRukRXn2vqKhvyerNRny ksBQWPULb/WCCJ7omdYoD0VltulUG/8BtoHpE= X-Google-DKIM-Signature: v=1; a=rsa-sha256; c=relaxed/relaxed; d=1e100.net; s=20230601; t=1763497806; x=1764102606; h=references:in-reply-to:cc:to:from:subject:message-id:date:x-gm-gg :x-gm-message-state:from:to:cc:subject:date:message-id:reply-to; bh=HAnmD18+EWedha9Y/6m0cJZwx/Zud90aoADlMzunhck=; b=b3IbY+6kNUSclH9jadcRblY1pGEiYO3zTJDW5gxW8ddvStbKseRgbSLx+MRpFWuZBL abs/6deftaP2CROQSCcspvjOPsD0c39BYPsjngNzHh6oKLBnLpv0S6wLJsicAU/jI7Z/ 0Nvua8SbMnwmMQ2Kh1g+C6vwOxAGWY2qQn3vo5gjmvkh5azyoojpSie+DKNRg7lEV1Fj p6Wp3VNnXd1G9z0hCORd6NVmzRMFiRYhDAoxoLdCt2qlrOCCH4Z544gW7Te11QYNpxE2 IADQLB7175RLGvGdHo1KV1o4gLYHz4kh28i3uR73vcfIHr+2bZagiwcjliVfxgKdKUwX TvSg== X-Gm-Message-State: AOJu0YzAh9pxRVV/JlImxfQJFWnns2/+O7hROzxyIlXQjI4y3mdMxL2s wJR0Y3xWz5Jiu+mxkOPbfMRwHliet4ttON+uuiM9PEYLeNBhmo0n03jhwWf0AqtGViNKvksDn8m +3nz+B9LTzd2avMwI6me4z335vhp1T9Vth+k3XhuOsmS+B0wYwAwhTiMl5nA6 X-Gm-Gg: ASbGncvkVuIJailsgb5gUolk1uJJfGHEg3+ZXmSZ/c8riwV17mgx7w+8rv7SealQ+yo xVMFQbvAA7c+TI9kZJn1/e8dEdaxgUQ7iFfqE9UE2yFYArp4N5ZROQKZT6qpTYKg44Lnhwh+5um m2a4NobyYm1Kv+mB7p1hOOD3Xe6Mj0MiGSMiiHt5tUwhYShpxv30XYrtMfihkjlK0gu4TRm7Y2m sl7+6KOzJ0+MfUnFLWJn6gZyZedm81Lxs0xyxQvieY0l67Mwy01TU2480OoxexNjyXcIVPSp3Ay keUeoGNL701YenyGGnLowN0rvZeGTY0fNqB2/T98TsmPdodtpmfrjsPialLXWZYfZFduBWII8M+ rYtSUeLhi3yNxXf7mkUE= X-Google-Smtp-Source: AGHT+IHsdkDy8bJ3qqRqI3VZ7wLUHAETFNPvtEB3vWrFpNcRf5JWSS6VNXAqfCxdlcxELPNlDcwpg2b8LrLQ X-Received: by 2002:a17:903:384c:b0:297:e69d:86ac with SMTP id d9443c01a7336-2986a74141bmr221896575ad.39.1763497806431; Tue, 18 Nov 2025 12:30:06 -0800 (PST) Received: from postal.iol.unh.edu (postal.iol.unh.edu. [2606:4100:3880:1234::84]) by smtp-relay.gmail.com with ESMTPS id d9443c01a7336-29861b38139sm17124025ad.44.2025.11.18.12.30.06 (version=TLS1_2 cipher=ECDHE-ECDSA-AES128-GCM-SHA256 bits=128/128); Tue, 18 Nov 2025 12:30:06 -0800 (PST) X-Relaying-Domain: iol.unh.edu Date: Tue, 18 Nov 2025 12:30:06 -0800 (PST) Message-ID: <691cd74e.170a0220.253d1d.5f4cSMTPIN_ADDED_MISSING@mx.google.com> Received: from [172.21.0.2] (unknown [172.18.0.240]) by postal.iol.unh.edu (Postfix) with ESMTP id 6CA326050A61; Tue, 18 Nov 2025 15:30:05 -0500 (EST) Subject: |FAILURE| pw158869-158888 [PATCH] [v3,20/20] vfio: introduce cdev mo From: dpdklab@iol.unh.edu To: Test Report Cc: dpdk-test-reports@iol.unh.edu, Anatoly Burakov In-Reply-To: <7e49d0a3938ca536b188241cf6950a6bf901f1f0.1763483254.git.anatoly.burakov@intel.com> References: <7e49d0a3938ca536b188241cf6950a6bf901f1f0.1763483254.git.anatoly.burakov@intel.com> Content-Type: text/plain X-BeenThere: test-report@dpdk.org X-Mailman-Version: 2.1.29 Precedence: list List-Id: automatic DPDK test reports List-Unsubscribe: , List-Archive: List-Post: List-Help: List-Subscribe: , Errors-To: test-report-bounces@dpdk.org Test-Label: iol-unit-arm64-testing Test-Status: FAILURE http://dpdk.org/patch/158888 _Testing issues_ Submitter: Anatoly Burakov Date: Tuesday, November 18 2025 16:29:21 DPDK git baseline: Repo:dpdk Branch: master CommitID:a0b148048b3d9960788093b3b94c70af8f04136b 158869-158888 --> testing issues Upstream job id: Generic-Unit-Test-DPDK#394208 Test environment and result as below: +------------------------------+--------------+------------------------------+---------------------------+----------------+ | Environment | lpm_autotest | cryptodev_sw_snow3g_autotest | cryptodev_sw_zuc_autotest | dpdk_unit_test | +==============================+==============+==============================+===========================+================+ | Ubuntu 20.04 | WARN | SKIPPED | SKIPPED | WARN | +------------------------------+--------------+------------------------------+---------------------------+----------------+ | Debian 12 (arm) | SKIPPED | WARN | WARN | SKIPPED | +------------------------------+--------------+------------------------------+---------------------------+----------------+ | Fedora Linux 40 | SKIPPED | SKIPPED | SKIPPED | WARN | +------------------------------+--------------+------------------------------+---------------------------+----------------+ | Debian GNU/Linux 12 | SKIPPED | SKIPPED | SKIPPED | WARN | +------------------------------+--------------+------------------------------+---------------------------+----------------+ | Fedora Linux 42 | SKIPPED | SKIPPED | SKIPPED | PEND | +------------------------------+--------------+------------------------------+---------------------------+----------------+ | CentOS Stream 10 | SKIPPED | SKIPPED | SKIPPED | WARN | +------------------------------+--------------+------------------------------+---------------------------+----------------+ | Ubuntu 22.04 | SKIPPED | SKIPPED | SKIPPED | PASS | +------------------------------+--------------+------------------------------+---------------------------+----------------+ | Ubuntu 24.04 | SKIPPED | SKIPPED | SKIPPED | PEND | +------------------------------+--------------+------------------------------+---------------------------+----------------+ | CentOS Stream 9 | SKIPPED | SKIPPED | SKIPPED | PEND | +------------------------------+--------------+------------------------------+---------------------------+----------------+ | Fedora Linux 41 | SKIPPED | SKIPPED | SKIPPED | PEND | +------------------------------+--------------+------------------------------+---------------------------+----------------+ | Red Hat Enterprise Linux 9.5 | SKIPPED | SKIPPED | SKIPPED | PEND | +------------------------------+--------------+------------------------------+---------------------------+----------------+ ==== 20 line log output for CentOS Stream 10 (dpdk_unit_test): ==== ../lib/eal/linux/eal_vfio_group.c: In function 'vfio_group_request_fd': ../lib/eal/linux/eal_vfio_group.c:617:9: error: incompatible implicit declaration of built-in function 'free' [-Werror=builtin-declaration-mismatch] 617 | free(mp_reply.msgs); | ^~~~ ../lib/eal/linux/eal_vfio_group.c:617:9: note: include '' or provide a declaration of 'free' ../lib/eal/linux/eal_vfio_group.c: In function 'vfio_group_sync_iommu_ops': ../lib/eal/linux/eal_vfio_group.c:667:9: error: incompatible implicit declaration of built-in function 'free' [-Werror=builtin-declaration-mismatch] 667 | free(mp_reply.msgs); | ^~~~ ../lib/eal/linux/eal_vfio_group.c:667:9: note: include '' or provide a declaration of 'free' ../lib/eal/linux/eal_vfio_group.c: In function 'vfio_group_get_num': ../lib/eal/linux/eal_vfio_group.c:975:21: error: implicit declaration of function 'strtol'; did you mean 'strtok'? [-Wimplicit-function-declaration] 975 | group_num = strtol(group_tok, &end, 10); | ^~~~~~ | strtok ../lib/eal/linux/eal_vfio_group.c:975:21: error: nested extern declaration of 'strtol' [-Werror=nested-externs] cc1: all warnings being treated as errors [100/3817] Compiling C object lib/librte_eal.a.p/eal_linux_eal_interrupts.c.o [101/3817] Compiling C object lib/librte_eal.a.p/eal_linux_eal_vfio.c.o ninja: build stopped: subcommand failed. ==== End log output ==== Ubuntu 20.04 Kernel: 5.4 Compiler: gcc gcc (Ubuntu 9.4.0-1ubuntu1~20.04.2) 9.4.0 Debian 12 (arm) Kernel: Depends on container host Compiler: gcc (Debian 12.2.0-14) 12.2.0 Fedora Linux 40 Kernel: 5.4 Compiler: clang gcc (GCC) 14.2.1 20240912 (Red Hat 14.2.1-3) Debian GNU/Linux 12 Kernel: 5.4 Compiler: gcc gcc (Debian 12.2.0-14+deb12u1) 12.2.0 Fedora Linux 42 Kernel: 5.4 Compiler: gcc gcc (GCC) 15.2.1 20250808 (Red Hat 15.2.1-1) CentOS Stream 10 Kernel: 5.4 Compiler: gcc gcc (GCC) 14.2.1 20250110 (Red Hat 14.2.1-8) Ubuntu 22.04 Kernel: 5.4 Compiler: gcc gcc (Ubuntu 11.4.0-1ubuntu1~22.04) 11.4.0 Ubuntu 24.04 Kernel: 5.4 Compiler: gcc gcc (Ubuntu 13.3.0-6ubuntu2~24.04) 13.3.0 CentOS Stream 9 Kernel: 5.4 Compiler: gcc gcc (GCC) 11.5.0 20240719 (Red Hat 11.5.0-11) Fedora Linux 41 Kernel: 5.4 Compiler: gcc gcc (GCC) 14.3.1 20250523 (Red Hat 14.3.1-1) Red Hat Enterprise Linux 9.5 Kernel: 5.4 Compiler: gcc gcc (GCC) 11.5.0 20240719 (Red Hat 11.5.0-2) To view detailed results, visit: https://lab.dpdk.org/results/dashboard/patchsets/34632/ UNH-IOL DPDK Community Lab To manage your email subscriptions, visit: https://lab.dpdk.org/results/dashboard/preferences/subscriptions/