From mboxrd@z Thu Jan 1 00:00:00 1970 Return-Path: Received: from mails.dpdk.org (mails.dpdk.org [217.70.189.124]) by inbox.dpdk.org (Postfix) with ESMTP id CB9E748B43 for ; Tue, 18 Nov 2025 21:31:07 +0100 (CET) Received: from mails.dpdk.org (localhost [127.0.0.1]) by mails.dpdk.org (Postfix) with ESMTP id C7B0C4027A; Tue, 18 Nov 2025 21:31:07 +0100 (CET) Received: from mail-il1-f227.google.com (mail-il1-f227.google.com [209.85.166.227]) by mails.dpdk.org (Postfix) with ESMTP id C0D744027A for ; Tue, 18 Nov 2025 21:31:06 +0100 (CET) Received: by mail-il1-f227.google.com with SMTP id e9e14a558f8ab-433100c59dcso24736005ab.0 for ; Tue, 18 Nov 2025 12:31:06 -0800 (PST) DKIM-Signature: v=1; a=rsa-sha256; c=relaxed/relaxed; d=iol.unh.edu; s=unh-iol; t=1763497866; x=1764102666; darn=dpdk.org; h=references:in-reply-to:cc:to:from:subject:message-id:date:from:to :cc:subject:date:message-id:reply-to; bh=YNBTOza6xadrrOBXLAihtaWwcPUhk/9mq5sPdbeBVU0=; b=iVbqHeLv8AftrXZvYQJV65Z0YVS6J3k4iUh7x+fdzqVPuP2G6TMCNErlT/8mOs2BnX g7XRPnyYyX83zssLyxEKnFUtoJ0opc9miTNMj6kmW+ZydYet93Tooi+TWuWIh/ArxDE8 pP1qc56QKL+3g16oSdsw0bLXO2iALX1ws5ADI= X-Google-DKIM-Signature: v=1; a=rsa-sha256; c=relaxed/relaxed; d=1e100.net; s=20230601; t=1763497866; x=1764102666; h=references:in-reply-to:cc:to:from:subject:message-id:date:x-gm-gg :x-gm-message-state:from:to:cc:subject:date:message-id:reply-to; bh=YNBTOza6xadrrOBXLAihtaWwcPUhk/9mq5sPdbeBVU0=; b=u+rCkxMSXPcaVne3gesurhjgLtZxjB0uAW4nAuScG9Lj6aw6TwQRUjFfSx4EoFgYi8 0U8QzyqRpcy0vlcMbCuuXlw6e1c0f57p5Ow4k4mx4Ij/FiFD/9yHN2+8AJ6IACWAse5q VfifqaR2tXCCbHvvov5AjFB/mydjmmynezTu094lJTDm2U6jVFJDGGFNT0llGl4O+cAV 5iFlv2isCnRPnj+4Oo+XX5J29DCOb6RQXEJG6IMJMMyp+TpDi5CbWpuI50mNLVu9Jju3 A6poCaHlo/rb+6i8HZWyZiDNcPYcpRfi5UH8XroGveSvapPZawtzwNMcEmrBoHL+vB8W tU6w== X-Gm-Message-State: AOJu0Ywb201OGnxCDuLu5jjWCl5NDsGnrIUzkbxoau75n4TrWt1mU499 4atdDAEKsLExQPRSxANSAWYHoX4cg8ugPoK/dG0wXqjNvWnuCnuqyQW9dTN/mE4GL6WSNDAi9P6 nk+ulm9lOgB10DsM5MDAEB3ucbQ/nSPKc9IDAuskfMbC0WsVXQHo34rLwIsEp X-Gm-Gg: ASbGncvebi3yh6W7OsK4Mf1+MYulSsAEcNLF18wymocOwfHFytiPIIQyY6klwu8YRWQ w0s4QA08snXYi0JaTL04MMAWWKukcE+7vwRxpI7Cs92gR0YRIGFwZZZOWkVkHr89DN3lwjvLwKc kfqmaeDmgbSSPjwn9u/FVD3TZwW3ae66nRtKa/5J3ySqDKflHvYk0SxdqCSF2IISx9vd9SdvJyg dAt4xKpHMi8cnSf7H7h9rSB6yVfQ3m01ouAWih69+bT5rWFCFGgxIv2EBQnNU0rNpB4kezYl2JH sbzaa67ewWkYUrQ7tPfPDkLVbAUz5yVFnplo/R5klHW6tuzBkZ+Zc3woz5lrHcvYVe2/cT5gCHr CcuuTj9cTqpiX6uYoGs8= X-Google-Smtp-Source: AGHT+IEk1ekPbbKi/XO2v83GlmTpQS/nCgprDugD87bP+/MdgQnWFSmVJUazhVw1O/Sg+l4lLo4ZnemkqzKM X-Received: by 2002:a05:6e02:50f:b0:434:96ea:ff5e with SMTP id e9e14a558f8ab-43496eb011amr146954075ab.39.1763497866047; Tue, 18 Nov 2025 12:31:06 -0800 (PST) Received: from postal.iol.unh.edu (postal.iol.unh.edu. [2606:4100:3880:1234::84]) by smtp-relay.gmail.com with ESMTPS id 8926c6da1cb9f-5b7bd31af2dsm1190975173.22.2025.11.18.12.31.05 (version=TLS1_2 cipher=ECDHE-ECDSA-AES128-GCM-SHA256 bits=128/128); Tue, 18 Nov 2025 12:31:06 -0800 (PST) X-Relaying-Domain: iol.unh.edu Date: Tue, 18 Nov 2025 12:31:06 -0800 (PST) Message-ID: <691cd78a.050a0220.1290c4.bce0SMTPIN_ADDED_MISSING@mx.google.com> Received: from [172.21.0.3] (unknown [172.18.0.240]) by postal.iol.unh.edu (Postfix) with ESMTP id 96B836050A61; Tue, 18 Nov 2025 15:31:05 -0500 (EST) Subject: |FAILURE| pw158869-158888 [PATCH] [v3,20/20] vfio: introduce cdev mo From: dpdklab@iol.unh.edu To: Test Report Cc: dpdk-test-reports@iol.unh.edu, Anatoly Burakov In-Reply-To: <7e49d0a3938ca536b188241cf6950a6bf901f1f0.1763483254.git.anatoly.burakov@intel.com> References: <7e49d0a3938ca536b188241cf6950a6bf901f1f0.1763483254.git.anatoly.burakov@intel.com> Content-Type: text/plain X-BeenThere: test-report@dpdk.org X-Mailman-Version: 2.1.29 Precedence: list List-Id: automatic DPDK test reports List-Unsubscribe: , List-Archive: List-Post: List-Help: List-Subscribe: , Errors-To: test-report-bounces@dpdk.org Test-Label: iol-unit-arm64-testing Test-Status: FAILURE http://dpdk.org/patch/158888 _Testing issues_ Submitter: Anatoly Burakov Date: Tuesday, November 18 2025 16:29:21 DPDK git baseline: Repo:dpdk Branch: master CommitID:a0b148048b3d9960788093b3b94c70af8f04136b 158869-158888 --> testing issues Upstream job id: Generic-Unit-Test-DPDK#394227 Test environment and result as below: +------------------------------+--------------+------------------------------+---------------------------+----------------+ | Environment | lpm_autotest | cryptodev_sw_snow3g_autotest | cryptodev_sw_zuc_autotest | dpdk_unit_test | +==============================+==============+==============================+===========================+================+ | Ubuntu 20.04 | WARN | SKIPPED | SKIPPED | WARN | +------------------------------+--------------+------------------------------+---------------------------+----------------+ | Debian 12 (arm) | SKIPPED | WARN | WARN | SKIPPED | +------------------------------+--------------+------------------------------+---------------------------+----------------+ | Fedora Linux 40 | SKIPPED | SKIPPED | SKIPPED | WARN | +------------------------------+--------------+------------------------------+---------------------------+----------------+ | Debian GNU/Linux 12 | SKIPPED | SKIPPED | SKIPPED | WARN | +------------------------------+--------------+------------------------------+---------------------------+----------------+ | Fedora Linux 42 | SKIPPED | SKIPPED | SKIPPED | PEND | +------------------------------+--------------+------------------------------+---------------------------+----------------+ | CentOS Stream 10 | SKIPPED | SKIPPED | SKIPPED | WARN | +------------------------------+--------------+------------------------------+---------------------------+----------------+ | Ubuntu 22.04 | SKIPPED | SKIPPED | SKIPPED | PASS | +------------------------------+--------------+------------------------------+---------------------------+----------------+ | Ubuntu 24.04 | SKIPPED | SKIPPED | SKIPPED | WARN | +------------------------------+--------------+------------------------------+---------------------------+----------------+ | CentOS Stream 9 | SKIPPED | SKIPPED | SKIPPED | PEND | +------------------------------+--------------+------------------------------+---------------------------+----------------+ | Fedora Linux 41 | SKIPPED | SKIPPED | SKIPPED | PEND | +------------------------------+--------------+------------------------------+---------------------------+----------------+ | Red Hat Enterprise Linux 9.5 | SKIPPED | SKIPPED | SKIPPED | PEND | +------------------------------+--------------+------------------------------+---------------------------+----------------+ ==== 20 line log output for Ubuntu 24.04 (dpdk_unit_test): ==== ../lib/eal/linux/eal_vfio_group.c:331:17: note: include '' or provide a declaration of 'free' ../lib/eal/linux/eal_vfio_group.c: In function 'vfio_group_request_fd': ../lib/eal/linux/eal_vfio_group.c:617:9: error: incompatible implicit declaration of built-in function 'free' [-Werror=builtin-declaration-mismatch] 617 | free(mp_reply.msgs); | ^~~~ ../lib/eal/linux/eal_vfio_group.c:617:9: note: include '' or provide a declaration of 'free' ../lib/eal/linux/eal_vfio_group.c: In function 'vfio_group_sync_iommu_ops': ../lib/eal/linux/eal_vfio_group.c:667:9: error: incompatible implicit declaration of built-in function 'free' [-Werror=builtin-declaration-mismatch] 667 | free(mp_reply.msgs); | ^~~~ ../lib/eal/linux/eal_vfio_group.c:667:9: note: include '' or provide a declaration of 'free' ../lib/eal/linux/eal_vfio_group.c: In function 'vfio_group_get_num': ../lib/eal/linux/eal_vfio_group.c:975:21: error: implicit declaration of function 'strtol'; did you mean 'strtok'? [-Werror=implicit-function-declaration] 975 | group_num = strtol(group_tok, &end, 10); | ^~~~~~ | strtok ../lib/eal/linux/eal_vfio_group.c:975:21: error: nested extern declaration of 'strtol' [-Werror=nested-externs] cc1: all warnings being treated as errors [99/3817] Generating symbol file lib/librte_argparse.so.26.0.p/librte_argparse.so.26.0.symbols ninja: build stopped: subcommand failed. ==== End log output ==== Ubuntu 20.04 Kernel: 5.4 Compiler: gcc gcc (Ubuntu 9.4.0-1ubuntu1~20.04.2) 9.4.0 Debian 12 (arm) Kernel: Depends on container host Compiler: gcc (Debian 12.2.0-14) 12.2.0 Fedora Linux 40 Kernel: 5.4 Compiler: clang gcc (GCC) 14.2.1 20240912 (Red Hat 14.2.1-3) Debian GNU/Linux 12 Kernel: 5.4 Compiler: gcc gcc (Debian 12.2.0-14+deb12u1) 12.2.0 Fedora Linux 42 Kernel: 5.4 Compiler: gcc gcc (GCC) 15.2.1 20250808 (Red Hat 15.2.1-1) CentOS Stream 10 Kernel: 5.4 Compiler: gcc gcc (GCC) 14.2.1 20250110 (Red Hat 14.2.1-8) Ubuntu 22.04 Kernel: 5.4 Compiler: gcc gcc (Ubuntu 11.4.0-1ubuntu1~22.04) 11.4.0 Ubuntu 24.04 Kernel: 5.4 Compiler: gcc gcc (Ubuntu 13.3.0-6ubuntu2~24.04) 13.3.0 CentOS Stream 9 Kernel: 5.4 Compiler: gcc gcc (GCC) 11.5.0 20240719 (Red Hat 11.5.0-11) Fedora Linux 41 Kernel: 5.4 Compiler: gcc gcc (GCC) 14.3.1 20250523 (Red Hat 14.3.1-1) Red Hat Enterprise Linux 9.5 Kernel: 5.4 Compiler: gcc gcc (GCC) 11.5.0 20240719 (Red Hat 11.5.0-2) To view detailed results, visit: https://lab.dpdk.org/results/dashboard/patchsets/34632/ UNH-IOL DPDK Community Lab To manage your email subscriptions, visit: https://lab.dpdk.org/results/dashboard/preferences/subscriptions/