From mboxrd@z Thu Jan 1 00:00:00 1970 Return-Path: Received: from mails.dpdk.org (mails.dpdk.org [217.70.189.124]) by inbox.dpdk.org (Postfix) with ESMTP id E0BC248B43 for ; Tue, 18 Nov 2025 21:31:58 +0100 (CET) Received: from mails.dpdk.org (localhost [127.0.0.1]) by mails.dpdk.org (Postfix) with ESMTP id DD3674027A; Tue, 18 Nov 2025 21:31:58 +0100 (CET) Received: from mail-qv1-f100.google.com (mail-qv1-f100.google.com [209.85.219.100]) by mails.dpdk.org (Postfix) with ESMTP id 193C64027A for ; Tue, 18 Nov 2025 21:31:58 +0100 (CET) Received: by mail-qv1-f100.google.com with SMTP id 6a1803df08f44-88249766055so74550116d6.1 for ; Tue, 18 Nov 2025 12:31:58 -0800 (PST) DKIM-Signature: v=1; a=rsa-sha256; c=relaxed/relaxed; d=iol.unh.edu; s=unh-iol; t=1763497917; x=1764102717; darn=dpdk.org; h=references:in-reply-to:cc:to:from:subject:message-id:date:from:to :cc:subject:date:message-id:reply-to; bh=Ey/OBAEVlg6xyAcGwKom9G985rTDU1dg0OkcgdzbZ8A=; b=IyLQisG4aIAQGT2nz6sHhJBY2y66awGEq6HXdNPPvxdf5SFTHRGSAK8N5/ZbfhPpwE 14z3eYfcdq3+7y6OKQ350pzqb2WBZ+fBhWXm/qLymelpfXeekF/wcJ9MtrZArRSYe0IJ QEFZtNT5G4ay0hecZoMfXFRFL597TAMmsiDqU= X-Google-DKIM-Signature: v=1; a=rsa-sha256; c=relaxed/relaxed; d=1e100.net; s=20230601; t=1763497917; x=1764102717; h=references:in-reply-to:cc:to:from:subject:message-id:date:x-gm-gg :x-gm-message-state:from:to:cc:subject:date:message-id:reply-to; bh=Ey/OBAEVlg6xyAcGwKom9G985rTDU1dg0OkcgdzbZ8A=; b=iTG0/HTaX/TwyJ8vtWH9ayahl+NgcyIL5NSNC8Dw2Tpim8TjpcDP8IKk+kGGSx3ix6 lQ9KEr0tyxP3ZvLRxvtn8TaSwhO2vV+WQhbJXTNWB1BvfSkx5N0q9u3byzmXvoYsBGcY GZ/u2HbxHwvDfIjfeZxZ5i2jT8LT1KbZiNir0MGJm2gSWx8ckz4sWLIRK4Hf0YfsuITr TCMB+Zynt25N2OquiKtyMhO3lrVy28nR3MtyoZm4GBejdFmwhv1xBqvQwimvG7BPtHyr nmZrSGAoiIqXLVPWfxDqpfQZLukFCEBFFvumWokWwWOXpleQgvLbwkMqzmesZCblDjyq 8FfA== X-Gm-Message-State: AOJu0YyXn9aJzH6SscTHBsTdQBI+QkZDEu+Tu/R7gZ/deBG7z4sGSnXB jCTcqAj94QAOYBifz9nBxyqEohaTRVh05bpscIWXL9APoJBjW74IglZYe13QNUSX7NdQMVhjHsD 5ye79epmCWPHG0Csd+HyLXQ2K7Pi/cRxzQVTXmB3qIwOd X-Gm-Gg: ASbGncu+YBd213wvcppMsCX7fNEDnI7gcDFD5cHr39ytMaHgYoRPkFvlqJ392+dXIXg avK0C9HfYI81ov5PrY6CUnvNy4wnzq2t/qSFeHFBGh1wA+xyjJIQ+0ahP2SxBfF22SVLkNaJdwL 9VIh4Tmu9epZ3OzQHbKqqJlCvRED5AhJ4Gv0FEXpZM3D7e8NxO7vknt3kflyAsJHOr0HXP7flVL eBuhK9//C8fFHWVfLxqRL2sVoADk3R5AGQLAogSgSVoS4oisVV/4gXY7NVk8mFLUaIIRqLaJ8/y FHCJFOW5j/jnSsR5dP7B2AJ9d/PJ3SZk0rD6Zl2y57chWKRIXZHjtetLxQwI9ZYjIikgBKl1/tE +mT1GWZJbD6ZIn+5U1FsiUIMOEw1kA/wfFThG8TV6zA== X-Google-Smtp-Source: AGHT+IHOmHGB+aJZJ2fDVb4xdqs+vk2x952pRSDz/bgo86FLcuC+WqB1JqrJkrF3MPd0MWnXGPM8QTcW8pBe X-Received: by 2002:ad4:5f49:0:b0:880:4695:466b with SMTP id 6a1803df08f44-882926034c9mr284171916d6.30.1763497917263; Tue, 18 Nov 2025 12:31:57 -0800 (PST) Received: from postal.iol.unh.edu (postal.iol.unh.edu. [132.177.123.84]) by smtp-relay.gmail.com with ESMTPS id 6a1803df08f44-8828656bc18sm20213686d6.23.2025.11.18.12.31.57 (version=TLS1_2 cipher=ECDHE-ECDSA-AES128-GCM-SHA256 bits=128/128); Tue, 18 Nov 2025 12:31:57 -0800 (PST) X-Relaying-Domain: iol.unh.edu Date: Tue, 18 Nov 2025 12:31:57 -0800 (PST) Message-ID: <691cd7bd.050a0220.237ff6.4783SMTPIN_ADDED_MISSING@mx.google.com> Received: from [172.21.0.3] (unknown [172.18.0.240]) by postal.iol.unh.edu (Postfix) with ESMTP id 084F06050A61; Tue, 18 Nov 2025 15:31:57 -0500 (EST) Subject: |FAILURE| pw158869-158888 [PATCH] [v3,20/20] vfio: introduce cdev mo From: dpdklab@iol.unh.edu To: Test Report Cc: dpdk-test-reports@iol.unh.edu, Anatoly Burakov In-Reply-To: <7e49d0a3938ca536b188241cf6950a6bf901f1f0.1763483254.git.anatoly.burakov@intel.com> References: <7e49d0a3938ca536b188241cf6950a6bf901f1f0.1763483254.git.anatoly.burakov@intel.com> Content-Type: text/plain X-BeenThere: test-report@dpdk.org X-Mailman-Version: 2.1.29 Precedence: list List-Id: automatic DPDK test reports List-Unsubscribe: , List-Archive: List-Post: List-Help: List-Subscribe: , Errors-To: test-report-bounces@dpdk.org Test-Label: iol-unit-arm64-testing Test-Status: FAILURE http://dpdk.org/patch/158888 _Testing issues_ Submitter: Anatoly Burakov Date: Tuesday, November 18 2025 16:29:21 DPDK git baseline: Repo:dpdk Branch: master CommitID:a0b148048b3d9960788093b3b94c70af8f04136b 158869-158888 --> testing issues Upstream job id: Generic-Unit-Test-DPDK#394218 Test environment and result as below: +------------------------------+--------------+------------------------------+---------------------------+----------------+ | Environment | lpm_autotest | cryptodev_sw_snow3g_autotest | cryptodev_sw_zuc_autotest | dpdk_unit_test | +==============================+==============+==============================+===========================+================+ | Ubuntu 20.04 | WARN | SKIPPED | SKIPPED | WARN | +------------------------------+--------------+------------------------------+---------------------------+----------------+ | Debian 12 (arm) | SKIPPED | WARN | WARN | SKIPPED | +------------------------------+--------------+------------------------------+---------------------------+----------------+ | Fedora Linux 40 | SKIPPED | SKIPPED | SKIPPED | WARN | +------------------------------+--------------+------------------------------+---------------------------+----------------+ | Debian GNU/Linux 12 | SKIPPED | SKIPPED | SKIPPED | WARN | +------------------------------+--------------+------------------------------+---------------------------+----------------+ | Fedora Linux 42 | SKIPPED | SKIPPED | SKIPPED | WARN | +------------------------------+--------------+------------------------------+---------------------------+----------------+ | CentOS Stream 10 | SKIPPED | SKIPPED | SKIPPED | WARN | +------------------------------+--------------+------------------------------+---------------------------+----------------+ | Ubuntu 22.04 | SKIPPED | SKIPPED | SKIPPED | PASS | +------------------------------+--------------+------------------------------+---------------------------+----------------+ | Ubuntu 24.04 | SKIPPED | SKIPPED | SKIPPED | WARN | +------------------------------+--------------+------------------------------+---------------------------+----------------+ | CentOS Stream 9 | SKIPPED | SKIPPED | SKIPPED | PEND | +------------------------------+--------------+------------------------------+---------------------------+----------------+ | Fedora Linux 41 | SKIPPED | SKIPPED | SKIPPED | PEND | +------------------------------+--------------+------------------------------+---------------------------+----------------+ | Red Hat Enterprise Linux 9.5 | SKIPPED | SKIPPED | SKIPPED | PEND | +------------------------------+--------------+------------------------------+---------------------------+----------------+ ==== 20 line log output for Ubuntu 24.04 (dpdk_unit_test): ==== ../lib/eal/linux/eal_vfio_group.c:331:17: note: include '' or provide a declaration of 'free' ../lib/eal/linux/eal_vfio_group.c: In function 'vfio_group_request_fd': ../lib/eal/linux/eal_vfio_group.c:617:9: error: incompatible implicit declaration of built-in function 'free' [-Werror=builtin-declaration-mismatch] 617 | free(mp_reply.msgs); | ^~~~ ../lib/eal/linux/eal_vfio_group.c:617:9: note: include '' or provide a declaration of 'free' ../lib/eal/linux/eal_vfio_group.c: In function 'vfio_group_sync_iommu_ops': ../lib/eal/linux/eal_vfio_group.c:667:9: error: incompatible implicit declaration of built-in function 'free' [-Werror=builtin-declaration-mismatch] 667 | free(mp_reply.msgs); | ^~~~ ../lib/eal/linux/eal_vfio_group.c:667:9: note: include '' or provide a declaration of 'free' ../lib/eal/linux/eal_vfio_group.c: In function 'vfio_group_get_num': ../lib/eal/linux/eal_vfio_group.c:975:21: error: implicit declaration of function 'strtol'; did you mean 'strtok'? [-Werror=implicit-function-declaration] 975 | group_num = strtol(group_tok, &end, 10); | ^~~~~~ | strtok ../lib/eal/linux/eal_vfio_group.c:975:21: error: nested extern declaration of 'strtol' [-Werror=nested-externs] cc1: all warnings being treated as errors [99/3817] Generating symbol file lib/librte_argparse.so.26.0.p/librte_argparse.so.26.0.symbols ninja: build stopped: subcommand failed. ==== End log output ==== Ubuntu 20.04 Kernel: 5.4 Compiler: gcc gcc (Ubuntu 9.4.0-1ubuntu1~20.04.2) 9.4.0 Debian 12 (arm) Kernel: Depends on container host Compiler: gcc (Debian 12.2.0-14) 12.2.0 Fedora Linux 40 Kernel: 5.4 Compiler: clang gcc (GCC) 14.2.1 20240912 (Red Hat 14.2.1-3) Debian GNU/Linux 12 Kernel: 5.4 Compiler: gcc gcc (Debian 12.2.0-14+deb12u1) 12.2.0 Fedora Linux 42 Kernel: 5.4 Compiler: gcc gcc (GCC) 15.2.1 20250808 (Red Hat 15.2.1-1) CentOS Stream 10 Kernel: 5.4 Compiler: gcc gcc (GCC) 14.2.1 20250110 (Red Hat 14.2.1-8) Ubuntu 22.04 Kernel: 5.4 Compiler: gcc gcc (Ubuntu 11.4.0-1ubuntu1~22.04) 11.4.0 Ubuntu 24.04 Kernel: 5.4 Compiler: gcc gcc (Ubuntu 13.3.0-6ubuntu2~24.04) 13.3.0 CentOS Stream 9 Kernel: 5.4 Compiler: gcc gcc (GCC) 11.5.0 20240719 (Red Hat 11.5.0-11) Fedora Linux 41 Kernel: 5.4 Compiler: gcc gcc (GCC) 14.3.1 20250523 (Red Hat 14.3.1-1) Red Hat Enterprise Linux 9.5 Kernel: 5.4 Compiler: gcc gcc (GCC) 11.5.0 20240719 (Red Hat 11.5.0-2) To view detailed results, visit: https://lab.dpdk.org/results/dashboard/patchsets/34632/ UNH-IOL DPDK Community Lab To manage your email subscriptions, visit: https://lab.dpdk.org/results/dashboard/preferences/subscriptions/