From mboxrd@z Thu Jan 1 00:00:00 1970 Return-Path: Received: from mails.dpdk.org (mails.dpdk.org [217.70.189.124]) by inbox.dpdk.org (Postfix) with ESMTP id 05A0048B43 for ; Tue, 18 Nov 2025 21:32:51 +0100 (CET) Received: from mails.dpdk.org (localhost [127.0.0.1]) by mails.dpdk.org (Postfix) with ESMTP id F40F34027A; Tue, 18 Nov 2025 21:32:50 +0100 (CET) Received: from mail-pf1-f225.google.com (mail-pf1-f225.google.com [209.85.210.225]) by mails.dpdk.org (Postfix) with ESMTP id AD8424027A for ; Tue, 18 Nov 2025 21:32:49 +0100 (CET) Received: by mail-pf1-f225.google.com with SMTP id d2e1a72fcca58-7a9cdf62d31so7216800b3a.3 for ; Tue, 18 Nov 2025 12:32:49 -0800 (PST) DKIM-Signature: v=1; a=rsa-sha256; c=relaxed/relaxed; d=iol.unh.edu; s=unh-iol; t=1763497969; x=1764102769; darn=dpdk.org; h=references:in-reply-to:cc:to:from:subject:message-id:date:from:to :cc:subject:date:message-id:reply-to; bh=YI1khjBoG1rHp037/Amv7tcBDkHdenYxQYvxDC1AS3A=; b=Q9imH9PcKubCRQhYYWMhZdHLWQtBgekRtHoy7oRGkMsEdhkcjogadvjiy6cdMuXl2D kuKeBHt1pqtQD7j8qDPwR8tzonS8Dv54/9wUGQBLbFwLeIi6sS7wiBKLvnb+22RyB9u9 Jpvf/DrGm5ji5hG1imOfMamLkQ+0kBUCByme4= X-Google-DKIM-Signature: v=1; a=rsa-sha256; c=relaxed/relaxed; d=1e100.net; s=20230601; t=1763497969; x=1764102769; h=references:in-reply-to:cc:to:from:subject:message-id:date:x-gm-gg :x-gm-message-state:from:to:cc:subject:date:message-id:reply-to; bh=YI1khjBoG1rHp037/Amv7tcBDkHdenYxQYvxDC1AS3A=; b=r8NrQMHlbcApEAlf74RJXw9PcCkAmkSJ7f/PBL9PEB5A4yssxISNGhnnibE19ppxI7 kO/lsCha1HRKs0E1fnVVbICmXln5JaOefex5uAR9CC07VsEEgoSYCg4mImpgCefaEVYz pbAYYkq65M3ciR61VIfFJjy6ojMYFnDDa9/tT9Gu4nY9KJ/ACR5UXyO5TnRnh5axCwmi 0ST5iHuLMt0J2+K8KgaZAlaXUvus/mg6idQhzr2/Cp88OKhTC8J+i1ifLrwwuEr5E3ak sjcjgRK2RT/Wm1TUb7UV6ElcpMlJuoyzRJOho+cDBHnZLsiuVQBqPFqOc6OkSXWmj3lK rNdQ== X-Gm-Message-State: AOJu0YyFtlf4fRYqfbynD7YCFeiESjwQK0Mt1xq4wFNbrCfKBXkujO9H S7rXMPTon097862tpPHsJceuUMBx5o+jUaYxsBC95QUDVBKK6RgkERUELdJXnVBWvbxXSC8JC0c vzwyxGmmfonlxiuUjreLsAoStixKwguetSRMPCvN0b/uh X-Gm-Gg: ASbGncsMsZUq444KyHMp41l971X58Kt0X3oWfv7s+m5LOAQ74r/UHOXxRMxNlltklh/ bsg1Oj1i1vXinw68gnKF0HYdXFFkMFLWtVw1SbBDvmxdb5/YVtIHlC8j4TIkeN0XCQr5tf2HcNN B1VtSEYpdjU838A5/d3B11cAJDAydxyVZ82gn6yW0DdYm49KcSU7bRxNSCkdOtTEqxA/zbW3T5t o0y+7BnjV85zUjYnK7Cu/hf6TQiKIA6AVuQHXlE6kbNebtcM83/vaNH0k6GJRJkB8y3Xdgo2wEw j463puTlx+VfqBG7E4wlwOeAu/CxpWd/Fj0Ru8ATYUXIIGA04idEodWRD7u0oWyvN3VPw0BGOHC YYfVmcwA74CagEMQDXI70e35j1gJks8WwcaViJP4H0A== X-Google-Smtp-Source: AGHT+IH7c12d+veyrFfg9nyEkyr/7JClYd7O7k+3ewcoIzPjGrq8fAQcpCf/idymT0V5GaUn5FOvXZp1uIin X-Received: by 2002:a05:6a20:a11f:b0:35d:d477:a7d7 with SMTP id adf61e73a8af0-35dd477ab32mr15359318637.7.1763497968813; Tue, 18 Nov 2025 12:32:48 -0800 (PST) Received: from postal.iol.unh.edu (postal.iol.unh.edu. [132.177.123.84]) by smtp-relay.gmail.com with ESMTPS id 41be03b00d2f7-bc36de0a080sm1028556a12.3.2025.11.18.12.32.48 (version=TLS1_2 cipher=ECDHE-ECDSA-AES128-GCM-SHA256 bits=128/128); Tue, 18 Nov 2025 12:32:48 -0800 (PST) X-Relaying-Domain: iol.unh.edu Date: Tue, 18 Nov 2025 12:32:48 -0800 (PST) Message-ID: <691cd7f0.050a0220.17018.507aSMTPIN_ADDED_MISSING@mx.google.com> Received: from [172.21.0.3] (unknown [172.18.0.240]) by postal.iol.unh.edu (Postfix) with ESMTP id 04C276050A61; Tue, 18 Nov 2025 15:32:48 -0500 (EST) Subject: |FAILURE| pw158869-158888 [PATCH] [v3,20/20] vfio: introduce cdev mo From: dpdklab@iol.unh.edu To: Test Report Cc: dpdk-test-reports@iol.unh.edu, Anatoly Burakov In-Reply-To: <7e49d0a3938ca536b188241cf6950a6bf901f1f0.1763483254.git.anatoly.burakov@intel.com> References: <7e49d0a3938ca536b188241cf6950a6bf901f1f0.1763483254.git.anatoly.burakov@intel.com> Content-Type: text/plain X-BeenThere: test-report@dpdk.org X-Mailman-Version: 2.1.29 Precedence: list List-Id: automatic DPDK test reports List-Unsubscribe: , List-Archive: List-Post: List-Help: List-Subscribe: , Errors-To: test-report-bounces@dpdk.org Test-Label: iol-unit-arm64-testing Test-Status: FAILURE http://dpdk.org/patch/158888 _Testing issues_ Submitter: Anatoly Burakov Date: Tuesday, November 18 2025 16:29:21 DPDK git baseline: Repo:dpdk Branch: master CommitID:a0b148048b3d9960788093b3b94c70af8f04136b 158869-158888 --> testing issues Upstream job id: Generic-Unit-Test-DPDK#394202 Test environment and result as below: +------------------------------+--------------+------------------------------+---------------------------+----------------+ | Environment | lpm_autotest | cryptodev_sw_snow3g_autotest | cryptodev_sw_zuc_autotest | dpdk_unit_test | +==============================+==============+==============================+===========================+================+ | Ubuntu 20.04 | WARN | SKIPPED | SKIPPED | WARN | +------------------------------+--------------+------------------------------+---------------------------+----------------+ | Debian 12 (arm) | SKIPPED | WARN | WARN | SKIPPED | +------------------------------+--------------+------------------------------+---------------------------+----------------+ | Fedora Linux 40 | SKIPPED | SKIPPED | SKIPPED | WARN | +------------------------------+--------------+------------------------------+---------------------------+----------------+ | Debian GNU/Linux 12 | SKIPPED | SKIPPED | SKIPPED | WARN | +------------------------------+--------------+------------------------------+---------------------------+----------------+ | Fedora Linux 42 | SKIPPED | SKIPPED | SKIPPED | WARN | +------------------------------+--------------+------------------------------+---------------------------+----------------+ | CentOS Stream 10 | SKIPPED | SKIPPED | SKIPPED | WARN | +------------------------------+--------------+------------------------------+---------------------------+----------------+ | Ubuntu 22.04 | SKIPPED | SKIPPED | SKIPPED | PASS | +------------------------------+--------------+------------------------------+---------------------------+----------------+ | Ubuntu 24.04 | SKIPPED | SKIPPED | SKIPPED | WARN | +------------------------------+--------------+------------------------------+---------------------------+----------------+ | CentOS Stream 9 | SKIPPED | SKIPPED | SKIPPED | WARN | +------------------------------+--------------+------------------------------+---------------------------+----------------+ | Fedora Linux 41 | SKIPPED | SKIPPED | SKIPPED | PEND | +------------------------------+--------------+------------------------------+---------------------------+----------------+ | Red Hat Enterprise Linux 9.5 | SKIPPED | SKIPPED | SKIPPED | PEND | +------------------------------+--------------+------------------------------+---------------------------+----------------+ ==== 20 line log output for CentOS Stream 9 (dpdk_unit_test): ==== ../lib/eal/linux/eal_vfio_group.c:331:17: note: include '' or provide a declaration of 'free' ../lib/eal/linux/eal_vfio_group.c: In function 'vfio_group_request_fd': ../lib/eal/linux/eal_vfio_group.c:617:9: error: incompatible implicit declaration of built-in function 'free' [-Werror=builtin-declaration-mismatch] 617 | free(mp_reply.msgs); | ^~~~ ../lib/eal/linux/eal_vfio_group.c:617:9: note: include '' or provide a declaration of 'free' ../lib/eal/linux/eal_vfio_group.c: In function 'vfio_group_sync_iommu_ops': ../lib/eal/linux/eal_vfio_group.c:667:9: error: incompatible implicit declaration of built-in function 'free' [-Werror=builtin-declaration-mismatch] 667 | free(mp_reply.msgs); | ^~~~ ../lib/eal/linux/eal_vfio_group.c:667:9: note: include '' or provide a declaration of 'free' ../lib/eal/linux/eal_vfio_group.c: In function 'vfio_group_get_num': ../lib/eal/linux/eal_vfio_group.c:975:21: error: implicit declaration of function 'strtol'; did you mean 'strtok'? [-Werror=implicit-function-declaration] 975 | group_num = strtol(group_tok, &end, 10); | ^~~~~~ | strtok ../lib/eal/linux/eal_vfio_group.c:975:21: error: nested extern declaration of 'strtol' [-Werror=nested-externs] cc1: all warnings being treated as errors [89/3817] Compiling C object lib/librte_eal.a.p/eal_linux_eal_vfio.c.o ninja: build stopped: subcommand failed. ==== End log output ==== Ubuntu 20.04 Kernel: 5.4 Compiler: gcc gcc (Ubuntu 9.4.0-1ubuntu1~20.04.2) 9.4.0 Debian 12 (arm) Kernel: Depends on container host Compiler: gcc (Debian 12.2.0-14) 12.2.0 Fedora Linux 40 Kernel: 5.4 Compiler: clang gcc (GCC) 14.2.1 20240912 (Red Hat 14.2.1-3) Debian GNU/Linux 12 Kernel: 5.4 Compiler: gcc gcc (Debian 12.2.0-14+deb12u1) 12.2.0 Fedora Linux 42 Kernel: 5.4 Compiler: gcc gcc (GCC) 15.2.1 20250808 (Red Hat 15.2.1-1) CentOS Stream 10 Kernel: 5.4 Compiler: gcc gcc (GCC) 14.2.1 20250110 (Red Hat 14.2.1-8) Ubuntu 22.04 Kernel: 5.4 Compiler: gcc gcc (Ubuntu 11.4.0-1ubuntu1~22.04) 11.4.0 Ubuntu 24.04 Kernel: 5.4 Compiler: gcc gcc (Ubuntu 13.3.0-6ubuntu2~24.04) 13.3.0 CentOS Stream 9 Kernel: 5.4 Compiler: gcc gcc (GCC) 11.5.0 20240719 (Red Hat 11.5.0-11) Fedora Linux 41 Kernel: 5.4 Compiler: gcc gcc (GCC) 14.3.1 20250523 (Red Hat 14.3.1-1) Red Hat Enterprise Linux 9.5 Kernel: 5.4 Compiler: gcc gcc (GCC) 11.5.0 20240719 (Red Hat 11.5.0-2) To view detailed results, visit: https://lab.dpdk.org/results/dashboard/patchsets/34632/ UNH-IOL DPDK Community Lab To manage your email subscriptions, visit: https://lab.dpdk.org/results/dashboard/preferences/subscriptions/