From mboxrd@z Thu Jan 1 00:00:00 1970 Return-Path: Received: from mails.dpdk.org (mails.dpdk.org [217.70.189.124]) by inbox.dpdk.org (Postfix) with ESMTP id 1BAAF48B43 for ; Tue, 18 Nov 2025 21:33:25 +0100 (CET) Received: from mails.dpdk.org (localhost [127.0.0.1]) by mails.dpdk.org (Postfix) with ESMTP id 171484027A; Tue, 18 Nov 2025 21:33:25 +0100 (CET) Received: from mail-io1-f100.google.com (mail-io1-f100.google.com [209.85.166.100]) by mails.dpdk.org (Postfix) with ESMTP id 75CE14027A for ; Tue, 18 Nov 2025 21:33:23 +0100 (CET) Received: by mail-io1-f100.google.com with SMTP id ca18e2360f4ac-948733e7810so227082339f.0 for ; Tue, 18 Nov 2025 12:33:23 -0800 (PST) DKIM-Signature: v=1; a=rsa-sha256; c=relaxed/relaxed; d=iol.unh.edu; s=unh-iol; t=1763498003; x=1764102803; darn=dpdk.org; h=references:in-reply-to:cc:to:from:subject:message-id:date:from:to :cc:subject:date:message-id:reply-to; bh=mcGcMJE7NmQimkuAeDrRs9i0v5igo3/tsAjlf9SwDEY=; b=d17yDZY8gPbpz7fMEvQiBo1G6y0TqYP4rxSABwNnqeO99JPcPloIrta25zMcD7mKVm D2Mlk5wLew6RTtw9uS7XoEshVniHobDUuFHUA7Po7ovEJXc3axvNuejudLoWAXDVWy33 jrcl2iwyPkYs1xHm4J97KUgG36jOCVx0ENrJQ= X-Google-DKIM-Signature: v=1; a=rsa-sha256; c=relaxed/relaxed; d=1e100.net; s=20230601; t=1763498003; x=1764102803; h=references:in-reply-to:cc:to:from:subject:message-id:date:x-gm-gg :x-gm-message-state:from:to:cc:subject:date:message-id:reply-to; bh=mcGcMJE7NmQimkuAeDrRs9i0v5igo3/tsAjlf9SwDEY=; b=g2pCbKDCnDgSCRCg3ZHvaXenCHxvqqKAQBVCXEHQNX1CWp5UqRV8Li9iXfgr1Tfx1/ Jqbw4t8yqpUKBn1KuAzCIzPsM7BJQDdU+uZL8sw+3NTs24zNMK3LCi9sNF6e03KUb13B X3gtLv16uWLeqCcwtCKqspwDTgAqxXNJwgopTIFa2FD6daR9qRAnfbhv9wDwKjqUwVbM unvM01MqC8F8vMOoqh7D7ndoiy5/sInbs/bBTb6XIydj2YZZyy+RNUyNt9aXgOA4GVcH sVaFCf8lel8auYO14MhaIK5Jjt0xOOgiMw19b34vsz5MrJ+7dPt1Iu87OcxfTU1J+1dI Qfcg== X-Gm-Message-State: AOJu0YzH6JhheAy8b1ge3IiH/yzwmnHqTTdSVphdQjVEVdHz+P1vc/6d 1jZ6lUhSq4SUL/a7sqfl1HnSHbBqBYPvuIr6MdHuFGMovXy25TcLOjJMhWIhYdPg04ROFd3GsjV k1O8gACUhVKQY9d7+85XCxElD4M+WRM8ocyAj10FzWnVC X-Gm-Gg: ASbGncuCXgip+c8g/BuRdqGp8A/VJoRvyH9p+51JbHM5i2vv8NmlTHpnh7Tz3NR68oG FY2tpFmS/JKrJJjFTulZdM/+bGRGgOgOqOSiVZ/YLEert7F2qwr7zmGiGo43qnedYtxssUT6htP aiQRjsGGnXrpiE/9IURZs0bbp6208iAPYPcqVP/RnpPL9eapKROsgP7eanBpD9vhx0rZE0jHed0 8TNLW0kwthEFRXh/xeYkdqKpeMzMbFv6x6SfPNuGA5Lsxuq0OQ0loXOhvqlQij4nloEhWFF9ElB 7zmEFybEPkke3lav837ePLWVkA27ggsCUStJ5X0uN1PycTkRX20oLsrr2jsETEEsPylEzaOVb8e HoXEHiPMbsh67cvlqOzHP2tnKzun3DkYja2MWZAtkpQ== X-Google-Smtp-Source: AGHT+IEZKAodpiL9pu61Za/U0nf1Gjl6z9bMH6o1E+PZ8sPv1wEZk1+yE1I6nioBKxi0HOfqhr6VFspSd9ed X-Received: by 2002:a02:a392:0:b0:5b7:c55c:7c9a with SMTP id 8926c6da1cb9f-5b7c9d64c22mr10755389173.11.1763498002781; Tue, 18 Nov 2025 12:33:22 -0800 (PST) Received: from postal.iol.unh.edu (postal.iol.unh.edu. [132.177.123.84]) by smtp-relay.gmail.com with ESMTPS id 8926c6da1cb9f-5b7bd3511c8sm1214569173.36.2025.11.18.12.33.22 (version=TLS1_2 cipher=ECDHE-ECDSA-AES128-GCM-SHA256 bits=128/128); Tue, 18 Nov 2025 12:33:22 -0800 (PST) X-Relaying-Domain: iol.unh.edu Date: Tue, 18 Nov 2025 12:33:22 -0800 (PST) Message-ID: <691cd812.020a0220.376f4.c790SMTPIN_ADDED_MISSING@mx.google.com> Received: from [172.21.0.3] (unknown [172.18.0.240]) by postal.iol.unh.edu (Postfix) with ESMTP id 243D06050A61; Tue, 18 Nov 2025 15:33:22 -0500 (EST) Subject: |FAILURE| pw158869-158888 [PATCH] [v3,20/20] vfio: introduce cdev mo From: dpdklab@iol.unh.edu To: Test Report Cc: dpdk-test-reports@iol.unh.edu, Anatoly Burakov In-Reply-To: <7e49d0a3938ca536b188241cf6950a6bf901f1f0.1763483254.git.anatoly.burakov@intel.com> References: <7e49d0a3938ca536b188241cf6950a6bf901f1f0.1763483254.git.anatoly.burakov@intel.com> Content-Type: text/plain X-BeenThere: test-report@dpdk.org X-Mailman-Version: 2.1.29 Precedence: list List-Id: automatic DPDK test reports List-Unsubscribe: , List-Archive: List-Post: List-Help: List-Subscribe: , Errors-To: test-report-bounces@dpdk.org Test-Label: iol-unit-arm64-testing Test-Status: FAILURE http://dpdk.org/patch/158888 _Testing issues_ Submitter: Anatoly Burakov Date: Tuesday, November 18 2025 16:29:21 DPDK git baseline: Repo:dpdk Branch: master CommitID:a0b148048b3d9960788093b3b94c70af8f04136b 158869-158888 --> testing issues Upstream job id: Generic-Unit-Test-DPDK#394212 Test environment and result as below: +------------------------------+--------------+------------------------------+---------------------------+----------------+ | Environment | lpm_autotest | cryptodev_sw_snow3g_autotest | cryptodev_sw_zuc_autotest | dpdk_unit_test | +==============================+==============+==============================+===========================+================+ | Ubuntu 20.04 | WARN | SKIPPED | SKIPPED | WARN | +------------------------------+--------------+------------------------------+---------------------------+----------------+ | Debian 12 (arm) | SKIPPED | WARN | WARN | SKIPPED | +------------------------------+--------------+------------------------------+---------------------------+----------------+ | Fedora Linux 40 | SKIPPED | SKIPPED | SKIPPED | WARN | +------------------------------+--------------+------------------------------+---------------------------+----------------+ | Debian GNU/Linux 12 | SKIPPED | SKIPPED | SKIPPED | WARN | +------------------------------+--------------+------------------------------+---------------------------+----------------+ | Fedora Linux 42 | SKIPPED | SKIPPED | SKIPPED | WARN | +------------------------------+--------------+------------------------------+---------------------------+----------------+ | CentOS Stream 10 | SKIPPED | SKIPPED | SKIPPED | WARN | +------------------------------+--------------+------------------------------+---------------------------+----------------+ | Ubuntu 22.04 | SKIPPED | SKIPPED | SKIPPED | PASS | +------------------------------+--------------+------------------------------+---------------------------+----------------+ | Ubuntu 24.04 | SKIPPED | SKIPPED | SKIPPED | WARN | +------------------------------+--------------+------------------------------+---------------------------+----------------+ | CentOS Stream 9 | SKIPPED | SKIPPED | SKIPPED | WARN | +------------------------------+--------------+------------------------------+---------------------------+----------------+ | Fedora Linux 41 | SKIPPED | SKIPPED | SKIPPED | PEND | +------------------------------+--------------+------------------------------+---------------------------+----------------+ | Red Hat Enterprise Linux 9.5 | SKIPPED | SKIPPED | SKIPPED | PEND | +------------------------------+--------------+------------------------------+---------------------------+----------------+ ==== 20 line log output for CentOS Stream 9 (dpdk_unit_test): ==== ../lib/eal/linux/eal_vfio_group.c:331:17: note: include '' or provide a declaration of 'free' ../lib/eal/linux/eal_vfio_group.c: In function 'vfio_group_request_fd': ../lib/eal/linux/eal_vfio_group.c:617:9: error: incompatible implicit declaration of built-in function 'free' [-Werror=builtin-declaration-mismatch] 617 | free(mp_reply.msgs); | ^~~~ ../lib/eal/linux/eal_vfio_group.c:617:9: note: include '' or provide a declaration of 'free' ../lib/eal/linux/eal_vfio_group.c: In function 'vfio_group_sync_iommu_ops': ../lib/eal/linux/eal_vfio_group.c:667:9: error: incompatible implicit declaration of built-in function 'free' [-Werror=builtin-declaration-mismatch] 667 | free(mp_reply.msgs); | ^~~~ ../lib/eal/linux/eal_vfio_group.c:667:9: note: include '' or provide a declaration of 'free' ../lib/eal/linux/eal_vfio_group.c: In function 'vfio_group_get_num': ../lib/eal/linux/eal_vfio_group.c:975:21: error: implicit declaration of function 'strtol'; did you mean 'strtok'? [-Werror=implicit-function-declaration] 975 | group_num = strtol(group_tok, &end, 10); | ^~~~~~ | strtok ../lib/eal/linux/eal_vfio_group.c:975:21: error: nested extern declaration of 'strtol' [-Werror=nested-externs] cc1: all warnings being treated as errors [89/3817] Compiling C object lib/librte_eal.a.p/eal_linux_eal_vfio.c.o ninja: build stopped: subcommand failed. ==== End log output ==== Ubuntu 20.04 Kernel: 5.4 Compiler: gcc gcc (Ubuntu 9.4.0-1ubuntu1~20.04.2) 9.4.0 Debian 12 (arm) Kernel: Depends on container host Compiler: gcc (Debian 12.2.0-14) 12.2.0 Fedora Linux 40 Kernel: 5.4 Compiler: clang gcc (GCC) 14.2.1 20240912 (Red Hat 14.2.1-3) Debian GNU/Linux 12 Kernel: 5.4 Compiler: gcc gcc (Debian 12.2.0-14+deb12u1) 12.2.0 Fedora Linux 42 Kernel: 5.4 Compiler: gcc gcc (GCC) 15.2.1 20250808 (Red Hat 15.2.1-1) CentOS Stream 10 Kernel: 5.4 Compiler: gcc gcc (GCC) 14.2.1 20250110 (Red Hat 14.2.1-8) Ubuntu 22.04 Kernel: 5.4 Compiler: gcc gcc (Ubuntu 11.4.0-1ubuntu1~22.04) 11.4.0 Ubuntu 24.04 Kernel: 5.4 Compiler: gcc gcc (Ubuntu 13.3.0-6ubuntu2~24.04) 13.3.0 CentOS Stream 9 Kernel: 5.4 Compiler: gcc gcc (GCC) 11.5.0 20240719 (Red Hat 11.5.0-11) Fedora Linux 41 Kernel: 5.4 Compiler: gcc gcc (GCC) 14.3.1 20250523 (Red Hat 14.3.1-1) Red Hat Enterprise Linux 9.5 Kernel: 5.4 Compiler: gcc gcc (GCC) 11.5.0 20240719 (Red Hat 11.5.0-2) To view detailed results, visit: https://lab.dpdk.org/results/dashboard/patchsets/34632/ UNH-IOL DPDK Community Lab To manage your email subscriptions, visit: https://lab.dpdk.org/results/dashboard/preferences/subscriptions/