_Performance Testing PASS_ Branch: dpdk 90a91f8761af9f99243e1ca35082fcf05ff7a9b2 --> performance testing pass Test environment and result as below: Ubuntu 22.04 ARM Kernel: 5.15.83+ Compiler: gcc 11.4.0 NIC: Arm Broadcom Inc. brcm_57414 25000 Mbps Target: x86_64-native-linuxapp-gcc Fail/Total: 0/2 Detail performance results: +------------+---------+----------+-------------+------------------------------+ | frame_size | txd/rxd | num_cpus | num_threads | throughput difference from | | | | | | expected | +============+=========+==========+=============+==============================+ | 64 | 512 | 1 | 1 | 0.3% | +------------+---------+----------+-------------+------------------------------+ | 64 | 2048 | 1 | 1 | -3.4% | +------------+---------+----------+-------------+------------------------------+ Ubuntu 22.04 Kernel: 5.15.0-43-generic Compiler: gcc gcc (Ubuntu 11.2.0-19ubuntu1) 11.2.0 NIC: Broadcom Inc. and subsidiaries BCM57414 NetXtreme-E 10Gb/25Gb RDMA Ethernet Controller 16d7 25 Mbps Target: x86_64-native-linuxapp-gcc Fail/Total: 0/3 Detail performance results: +------------+---------+----------+-------------+------------------------------+ | frame_size | txd/rxd | num_cpus | num_threads | throughput difference from | | | | | | expected | +============+=========+==========+=============+==============================+ | 64 | 128 | 1 | 1 | 0.3% | +------------+---------+----------+-------------+------------------------------+ | 64 | 512 | 1 | 1 | 0.5% | +------------+---------+----------+-------------+------------------------------+ | 64 | 2048 | 1 | 1 | 0.1% | +------------+---------+----------+-------------+------------------------------+ To view detailed results, visit: https://lab.dpdk.org/results/dashboard/tarballs/28506/ UNH-IOL DPDK Community Lab To manage your email subscriptions, visit: https://lab.dpdk.org/results/dashboard/preferences/subscriptions/
[-- Attachment #1: Type: text/plain, Size: 2621 bytes --] Test-Label: intel-Testing Test-Status: SUCCESS http://dpdk.org/patch/138479 _Testing PASS_ Submitter: Chaoyong He <chaoyong.he@corigine.com> Date: 2024-03-19 08:55:07 Branch : dpdk-next-net CommitID: 20db7deeb5 Testing Summary : 18 Case Done, 18 Successful, 0 Failures TestPlan: pf_smoke: http://git.dpdk.org/tools/dts/tree/test_plans/pf_smoke_test_plan.rst vf_smoke: http://git.dpdk.org/tools/dts/tree/test_plans/vf_smoke_test_plan.rst virtio_smoke: http://git.dpdk.org/tools/dts/tree/test_plans/virtio_smoke_test_plan.rst TestSuite: pf_smoke: http://git.dpdk.org/tools/dts/tree/tests/TestSuite_pf_smoke.py vf_smoke: http://git.dpdk.org/tools/dts/tree/tests/TestSuite_vf_smoke.py virtio_smoke: http://git.dpdk.org/tools/dts/tree/tests/TestSuite_virtio_smoke.py OS : Ubuntu 22.04.2 LTS Kernel : 5.15.0-60-generic GCC : 11.3.0-1ubuntu1~22.04 NIC : Ethernet Controller E810-C for SFP Target : x86_64-native-linuxapp-gcc Test result details: +-------------+---------------------------+-------+ | suite | case | status| +-------------+---------------------------+-------+ | asan_smoke | test_rxtx_with_ASan_enable| passed| | pf_smoke | test_pf_jumbo_frames | passed| | pf_smoke | test_pf_rss | passed| | pf_smoke | test_pf_tx_rx_queue | passed| | vf_smoke | test_vf_jumbo_frames | passed| | vf_smoke | test_vf_rss | passed| | vf_smoke | test_vf_tx_rx_queue | passed| | virtio_smoke| test_virtio_loopback | passed| | virtio_smoke| test_virtio_pvp | passed| +-------------+---------------------------+-------+ OS : Ubuntu 22.04.2 LTS Kernel : 5.15.0-60-generic GCC : 11.3.0-1ubuntu1~22.04 NIC : Ethernet Controller XL710 for 40GbE QSFP+ Target : x86_64-native-linuxapp-gcc Test result details: +-------------+---------------------------+-------+ | suite | case | status| +-------------+---------------------------+-------+ | asan_smoke | test_rxtx_with_ASan_enable| passed| | pf_smoke | test_pf_jumbo_frames | passed| | pf_smoke | test_pf_rss | passed| | pf_smoke | test_pf_tx_rx_queue | passed| | vf_smoke | test_vf_rss | passed| | vf_smoke | test_vf_tx_rx_queue | passed| | vf_smoke | test_vf_jumbo_frames | n/a | | virtio_smoke| test_virtio_loopback | passed| | virtio_smoke| test_virtio_pvp | passed| +-------------+---------------------------+-------+ DPDK STV team
[-- Attachment #1: Type: text/plain, Size: 5267 bytes --] Test-Label: Intel-compilation Test-Status: SUCCESS http://dpdk.org/patch/138479 _Compilation OK_ Submitter: Chaoyong He <chaoyong.he@corigine.com> Date: 2024-03-19 08:55:07 Reply_mail: <20240319085507.438387-1-chaoyong.he@corigine.com> DPDK git baseline: Repo:dpdk-next-net, CommitID: 20db7deeb5131e46e859e212b334e8bef88ae701 Meson Build Summary: 24 Builds Done, 24 Successful, 0 Failures, 0 Blocked +-------------------+------------+--------------+------------+------------+-----------+----------+------------+ | os | gcc-static | clang-static | icc-static | gcc-shared | gcc-debug | document | gcc-16byte | +-------------------+------------+--------------+------------+------------+-----------+----------+------------+ | OpenAnolis8.8-64 | pass | | | | | | | | FreeBSD14-64 | pass | pass | | pass | pass | | | | RHEL92-64 | pass | pass | | pass | pass | | | | SUSE15-64 | pass | pass | | | | | | | CBL-Mariner2.0-64 | pass | | | | | | | | UB2204-32 | pass | | | | | | | | RHEL89-64 | pass | | | | | | | | UB2204-64 | pass | pass | | | | pass | pass | | CentOS79-64 | pass | | | | | | | | RHEL92-64Rt | pass | | | | | | | | UB2310-64 | pass | | | | | | | | FC39-64 | pass | pass | | | | | | | UB2204-64Rt | pass | | | | | | | +-------------------+------------+--------------+------------+------------+-----------+----------+------------+ Comments: Because of DPDK bug (https://bugs.dpdk.org/show_bug.cgi?id=928), All the dpdk-next-* branch add `Ddisable_drivers=event/cnxk` option when build with ICC complier. Test environment and configuration as below: OS: OpenAnolis8.8-64 Kernel Version: 5.10.134-13.an8.x86_64 GCC Version: gcc (GCC) 8.5.0 20210514 (Anolis 8.5.0-10.0.3) Clang Version: 13.0.1 (Anolis 13.0.1-2.0.2.module+an8.7.0+10996+1588f068) x86_64-native-linuxapp-gcc OS: FreeBSD14-64 Kernel Version: 14.0-RELEASE GCC Version: gcc (FreeBSD Ports Collection) 12.2.0 Clang Version: 16.0.6 (https://github.com/llvm/llvm-project.git llvmorg-16.0.6-0-g7cbf1a259152) x86_64-native-bsdapp-gcc x86_64-native-bsdapp-clang x86_64-native-bsdapp-gcc+shared x86_64-native-bsdapp-gcc+debug OS: RHEL92-64 Kernel Version: 5.14.0-284.11.1.el9_2.x86_64 GCC Version: gcc (GCC) 11.3.1 20221121 (Red Hat 11.3.1-4) Clang Version: 15.0.7 (Red Hat 15.0.7-2.el9) x86_64-native-linuxapp-gcc x86_64-native-linuxapp-clang x86_64-native-linuxapp-gcc+shared x86_64-native-linuxapp-gcc+debug OS: SUSE15-64 Kernel Version: 5.14.21-150500.53-default GCC Version: gcc (SUSE Linux) 7.5.0 Clang Version: 15.0.7 x86_64-native-linuxapp-clang x86_64-native-linuxapp-gcc OS: CBL-Mariner2.0-64 Kernel Version: 5.15.55.1_2e9a4f9+ GCC Version: gcc (GCC) 11.2.0 Clang Version: NA x86_64-native-linuxapp-gcc OS: UB2204-32 Kernel Version: 5.15.0-58-generic GCC Version: gcc (Ubuntu 11.4.0-1ubuntu1~22.04) 11.4.0 Clang Version: NA i686-native-linuxapp-gcc OS: RHEL89-64 Kernel Version: 4.18.0-513.5.1.el8_9.x86_64 GCC Version: gcc (GCC) 8.5.0 20210514 (Red Hat 8.5.0-20) Clang Version: 16.0.6 (Red Hat 16.0.6-2.module+el8.9.0+19521+190d7aba) x86_64-native-linuxapp-gcc OS: UB2204-64 Kernel Version: 5.15.0-58-generic GCC Version: gcc (Ubuntu 11.4.0-1ubuntu1~22.04) 11.4.0 Clang Version: 14.0.0-1ubuntu1.1 x86_64-native-linuxapp-gcc+16byte x86_64-native-linuxapp-gcc x86_64-native-linuxapp-clang x86_64-native-linuxapp-doc OS: CentOS79-64 Kernel Version: 3.10.0-1160.81.1.el7.x86_64 GCC Version: gcc (GCC) 4.8.5 20150623 (Red Hat 4.8.5-44) Clang Version: 3.4.2 (tags/RELEASE_34/dot2-final) x86_64-native-linuxapp-gcc OS: RHEL92-64Rt Kernel Version: 5.14.0-284.11.1.rt14.296.el9_2.x86_64 GCC Version: gcc (GCC) 11.3.1 20221121 (Red Hat 11.3.1-4) Clang Version: 15.0.7 (Red Hat 15.0.7-2.el9) x86_64-native-linuxapp-gcc OS: UB2310-64 Kernel Version: 6.5.0-9-generic GCC Version: gcc (Ubuntu 13.2.0-4ubuntu3) 13.2.0 Clang Version: NA x86_64-native-linuxapp-gcc OS: FC39-64 Kernel Version: 6.5.6-300.fc39.x86_64 GCC Version: gcc (GCC) 13.2.1 20230918 (Red Hat 13.2.1-3) Clang Version: 17.0.6 (Fedora 17.0.6-1.fc39) x86_64-native-linuxapp-gcc x86_64-native-linuxapp-clang OS: UB2204-64Rt Kernel Version: 5.17.5-051705-generic GCC Version: gcc (Ubuntu 11.4.0-1ubuntu1~22.04) 11.4.0 Clang Version: 14.0.0-1ubuntu1.1 x86_64-native-linuxapp-gcc DPDK STV team
Test-Label: loongarch-unit-testing Test-Status: SUCCESS http://dpdk.org/patch/138479 _Unit Testing PASS_ Submitter: Chaoyong He <chaoyong.he@corigine.com> Date: Tue, 19 Mar 2024 16:55:07 +0800 DPDK git baseline: Repo:dpdk-next-net Branch: main CommitID: 20db7deeb5131e46e859e212b334e8bef88ae701 138479 --> testing pass Test environment and result as below: +---------------------+----------------+ | Environment | dpdk_unit_test | +---------------------+----------------+ | Loongnix-Server 8.3 | PASS | +---------------------+----------------+ Loongnix-Server 8.3 Kernel: 4.19.190+ Compiler: gcc 8.3 Test result details: 1/112 DPDK:fast-tests / acl_autotest OK 3.07s 2/112 DPDK:fast-tests / argparse_autotest OK 0.32s 3/112 DPDK:fast-tests / atomic_autotest OK 8.58s 4/112 DPDK:fast-tests / bitcount_autotest OK 0.32s 5/112 DPDK:fast-tests / bitmap_autotest OK 0.32s 6/112 DPDK:fast-tests / bitops_autotest OK 0.32s 7/112 DPDK:fast-tests / bitratestats_autotest OK 0.32s 8/112 DPDK:fast-tests / bpf_autotest OK 0.32s 9/112 DPDK:fast-tests / bpf_convert_autotest OK 0.32s 10/112 DPDK:fast-tests / byteorder_autotest OK 0.32s 11/112 DPDK:fast-tests / cksum_autotest OK 0.32s 12/112 DPDK:fast-tests / cmdline_autotest OK 0.32s 13/112 DPDK:fast-tests / common_autotest OK 1.17s 14/112 DPDK:fast-tests / compressdev_autotest SKIP 0.07s exit status 77 15/112 DPDK:fast-tests / cpuflags_autotest OK 0.32s 16/112 DPDK:fast-tests / crc_autotest OK 0.32s 17/112 DPDK:fast-tests / user_delay_us OK 0.32s 18/112 DPDK:fast-tests / debug_autotest OK 20.86s 19/112 DPDK:fast-tests / devargs_autotest OK 0.32s 20/112 DPDK:fast-tests / dispatcher_autotest OK 2.42s 21/112 DPDK:fast-tests / distributor_autotest OK 1.22s 22/112 DPDK:fast-tests / eal_flags_c_opt_autotest OK 1.12s 23/112 DPDK:fast-tests / eal_flags_main_opt_autotest OK 0.32s 24/112 DPDK:fast-tests / eal_flags_n_opt_autotest OK 0.27s 25/112 DPDK:fast-tests / eal_flags_hpet_autotest OK 0.17s 26/112 DPDK:fast-tests / eal_flags_no_huge_autotest OK 0.32s 27/112 DPDK:fast-tests / eal_flags_a_opt_autotest OK 0.42s 28/112 DPDK:fast-tests / eal_flags_b_opt_autotest OK 0.32s 29/112 DPDK:fast-tests / eal_flags_vdev_opt_autotest OK 0.27s 30/112 DPDK:fast-tests / eal_flags_r_opt_autotest OK 0.27s 31/112 DPDK:fast-tests / eal_flags_mem_autotest OK 0.72s 32/112 DPDK:fast-tests / eal_flags_file_prefix_autotest OK 22.36s 33/112 DPDK:fast-tests / eal_flags_misc_autotest OK 1.12s 34/112 DPDK:fast-tests / eal_fs_autotest OK 0.32s 35/112 DPDK:fast-tests / errno_autotest OK 0.32s 36/112 DPDK:fast-tests / ethdev_link_status OK 0.32s 37/112 DPDK:fast-tests / event_eth_tx_adapter_autotest OK 1.72s 38/112 DPDK:fast-tests / event_ring_autotest OK 0.32s 39/112 DPDK:fast-tests / eventdev_common_autotest OK 0.32s 40/112 DPDK:fast-tests / eventdev_selftest_sw OK 7.28s 41/112 DPDK:fast-tests / fbarray_autotest OK 0.32s 42/112 DPDK:fast-tests / fib_autotest OK 1.02s 43/112 DPDK:fast-tests / fib6_autotest OK 1.07s 44/112 DPDK:fast-tests / func_reentrancy_autotest OK 2.28s 45/112 DPDK:fast-tests / graph_autotest OK 0.32s 46/112 DPDK:fast-tests / node_list_dump OK 0.32s 47/112 DPDK:fast-tests / hash_autotest OK 1.27s 48/112 DPDK:fast-tests / hash_readwrite_func_autotest OK 6.48s 49/112 DPDK:fast-tests / interrupt_autotest OK 1.62s 50/112 DPDK:fast-tests / ipfrag_autotest OK 0.12s 51/112 DPDK:fast-tests / ipsec_autotest SKIP 0.32s exit status 77 52/112 DPDK:fast-tests / kvargs_autotest OK 0.42s 53/112 DPDK:fast-tests / latencystats_autotest OK 0.42s 54/112 DPDK:fast-tests / lcores_autotest OK 5.23s 55/112 DPDK:fast-tests / logs_autotest OK 0.42s 56/112 DPDK:fast-tests / lpm_autotest OK 2.53s 57/112 DPDK:fast-tests / lpm6_autotest OK 5.59s 58/112 DPDK:fast-tests / malloc_autotest OK 60.36s 59/112 DPDK:fast-tests / mbuf_autotest OK 5.03s 60/112 DPDK:fast-tests / mcslock_autotest OK 3.92s 61/112 DPDK:fast-tests / member_autotest OK 1.52s 62/112 DPDK:fast-tests / memcpy_autotest OK 7.18s 63/112 DPDK:fast-tests / memory_autotest OK 0.13s 64/112 DPDK:fast-tests / mempool_autotest OK 0.47s 65/112 DPDK:fast-tests / memzone_autotest OK 0.17s 66/112 DPDK:fast-tests / meter_autotest OK 0.32s 67/112 DPDK:fast-tests / metrics_autotest OK 0.32s 68/112 DPDK:fast-tests / multiprocess_autotest OK 0.22s 69/112 DPDK:fast-tests / net_ether_autotest OK 1.02s 70/112 DPDK:fast-tests / pcapng_autotest OK 6.83s 71/112 DPDK:fast-tests / pdcp_autotest SKIP 0.07s exit status 77 72/112 DPDK:fast-tests / pdump_autotest OK 0.47s 73/112 DPDK:fast-tests / per_lcore_autotest OK 0.42s 74/112 DPDK:fast-tests / pflock_autotest OK 1.17s 75/112 DPDK:fast-tests / pie_autotest OK 0.32s 76/112 DPDK:fast-tests / ring_pmd_autotest OK 0.32s 77/112 DPDK:fast-tests / power_autotest OK 0.32s 78/112 DPDK:fast-tests / power_cpufreq_autotest SKIP 0.07s exit status 77 79/112 DPDK:fast-tests / power_intel_uncore_autotest SKIP 0.32s exit status 77 80/112 DPDK:fast-tests / power_kvm_vm_autotest SKIP 0.07s exit status 77 81/112 DPDK:fast-tests / prefetch_autotest OK 0.32s 82/112 DPDK:fast-tests / rawdev_autotest OK 0.32s 83/112 DPDK:fast-tests / rcu_qsbr_autotest OK 0.87s 84/112 DPDK:fast-tests / reorder_autotest OK 0.37s 85/112 DPDK:fast-tests / rib_autotest OK 8.99s 86/112 DPDK:fast-tests / rib6_autotest OK 8.98s 87/112 DPDK:fast-tests / ring_autotest OK 0.37s 88/112 DPDK:fast-tests / rwlock_test1_autotest OK 1.12s 89/112 DPDK:fast-tests / rwlock_rda_autotest OK 5.33s 90/112 DPDK:fast-tests / rwlock_rds_wrm_autotest OK 5.33s 91/112 DPDK:fast-tests / rwlock_rde_wro_autotest OK 5.33s 92/112 DPDK:fast-tests / sched_autotest OK 0.32s 93/112 DPDK:fast-tests / security_autotest OK 0.07s 94/112 DPDK:fast-tests / seqlock_autotest OK 2.32s 95/112 DPDK:fast-tests / service_autotest OK 3.07s 96/112 DPDK:fast-tests / spinlock_autotest OK 0.42s 97/112 DPDK:fast-tests / stack_autotest OK 0.87s 98/112 DPDK:fast-tests / stack_lf_autotest SKIP 0.07s exit status 77 99/112 DPDK:fast-tests / string_autotest OK 0.32s 100/112 DPDK:fast-tests / table_autotest OK 7.68s 101/112 DPDK:fast-tests / tailq_autotest OK 0.32s 102/112 DPDK:fast-tests / telemetry_data_autotest OK 0.32s 103/112 DPDK:fast-tests / telemetry_json_autotest OK 0.32s 104/112 DPDK:fast-tests / thash_autotest OK 0.32s 105/112 DPDK:fast-tests / threads_autotest OK 0.52s 106/112 DPDK:fast-tests / ticketlock_autotest OK 0.47s 107/112 DPDK:fast-tests / timer_autotest OK 3.92s 108/112 DPDK:fast-tests / trace_autotest OK 0.32s 109/112 DPDK:fast-tests / trace_autotest_with_traces OK 0.37s 110/112 DPDK:fast-tests / vdev_autotest OK 0.32s 111/112 DPDK:fast-tests / version_autotest OK 0.32s 112/112 DPDK:fast-tests / telemetry_all OK 1.32s Ok: 105 Expected Fail: 0 Fail: 0 Unexpected Pass: 0 Skipped: 7 Timeout: 0
Test-Label: loongarch-compilation Test-Status: SUCCESS http://dpdk.org/patch/138479 _Compilation OK_ Submitter: Chaoyong He <chaoyong.he@corigine.com> Date: Tue, 19 Mar 2024 16:55:07 +0800 DPDK git baseline: Repo:dpdk-next-net Branch: main CommitID: 20db7deeb5131e46e859e212b334e8bef88ae701 138479 --> meson & ninja build successfully Test environment and result as below: +---------------------+----------------+ | Environment | compilation | +---------------------+----------------+ | Loongnix-Server 8.3 | PASS | +---------------------+----------------+ Loongnix-Server 8.3 Kernel: 4.19.190+ Compiler: gcc 8.3
Test-Label: checkpatch Test-Status: SUCCESS http://dpdk.org/patch/138479 _coding style OK_
Test-Label: iol-broadcom-Functional Test-Status: SUCCESS http://dpdk.org/patch/138434 _Functional Testing PASS_ Submitter: Robin Jarry <rjarry@redhat.com> Date: Friday, March 15 2024 14:14:42 DPDK git baseline: Repo:dpdk Branch: master CommitID:90a91f8761af9f99243e1ca35082fcf05ff7a9b2 138434 --> functional testing pass Test environment and result as below: Ubuntu 22.04 ARM Kernel: 5.15.83+ Compiler: gcc 11.4.0 NIC: Arm Broadcom Inc. brcm_57414 25000 Mbps Target: x86_64-native-linuxapp-gcc Fail/Total: 0/1 Arm Ampere Altra - Ubuntu 22.04.3 Kernel: 5.15.83+ Compiler: gcc 11.4.0 NIC: Broadcom Inc. and subsidiaries BCM957508-P2100G Dual-Port 100 Gb/s QSFP56 100 Mbps Target: x86_64-native-linuxapp-gcc Fail/Total: 0/1 Ubuntu 22.04 Kernel: 5.15.0-100-generic x86_64 Compiler: gcc (Ubuntu 11.4.0-1ubuntu1~22.04) 11.4.0 NIC: Broadcom Inc. and subsidiaries BCM957508-P2100G Dual-Port 100 Gb/s QSFP56 100 Mbps Target: x86_64-native-linuxapp-gcc Fail/Total: 0/1 To view detailed results, visit: https://lab.dpdk.org/results/dashboard/patchsets/29573/ UNH-IOL DPDK Community Lab To manage your email subscriptions, visit: https://lab.dpdk.org/results/dashboard/preferences/subscriptions/
[-- Attachment #1: Type: text/plain, Size: 5520 bytes --] Test-Label: Intel-compilation Test-Status: SUCCESS _Compilation OK_ commit 80ecef6d1f71fcebc0a51d7cabc51f73ee142ff2 Author: Thomas Monjalon <thomas@monjalon.net> Date: Mon Mar 18 04:34:16 2024 +0100 version: 24.03-rc3 DPDK git Repo: dpdk-next-net-mlx Meson Build Summary: 26 Builds Done, 26 Successful, 0 Failures, 0 Blocked +-------------------+------------+--------------+------------+------------+-----------+----------+------------+ | os | gcc-static | clang-static | icc-static | gcc-shared | gcc-debug | document | gcc-16byte | +-------------------+------------+--------------+------------+------------+-----------+----------+------------+ | OpenAnolis8.8-64 | pass | | | | | | | | FreeBSD14-64 | pass | pass | | pass | pass | | | | RHEL92-64 | pass | pass | | pass | pass | | | | SUSE15-64 | pass | pass | | | | | | | CBL-Mariner2.0-64 | pass | | | | | | | | UB2204-32 | pass | | | | | | | | RHEL89-64 | pass | | | | | | | | UB2204-64N | pass | | | pass | | | | | UB2204-64 | pass | pass | | | | pass | pass | | CentOS79-64 | pass | | | | | | | | RHEL92-64Rt | pass | | | | | | | | UB2310-64 | pass | | | | | | | | FC39-64 | pass | pass | | | | | | | UB2204-64Rt | pass | | | | | | | +-------------------+------------+--------------+------------+------------+-----------+----------+------------+ Comments: Because of DPDK bug (https://bugs.dpdk.org/show_bug.cgi?id=928), All the dpdk-next-* branch add `Ddisable_drivers=event/cnxk` option when build with ICC complier. Test environment and configuration as below: OS: OpenAnolis8.8-64 Kernel Version: 5.10.134-13.an8.x86_64 GCC Version: gcc (GCC) 8.5.0 20210514 (Anolis 8.5.0-10.0.3) Clang Version: 13.0.1 (Anolis 13.0.1-2.0.2.module+an8.7.0+10996+1588f068) x86_64-native-linuxapp-gcc OS: FreeBSD14-64 Kernel Version: 14.0-RELEASE GCC Version: gcc (FreeBSD Ports Collection) 12.2.0 Clang Version: 16.0.6 (https://github.com/llvm/llvm-project.git llvmorg-16.0.6-0-g7cbf1a259152) x86_64-native-bsdapp-gcc x86_64-native-bsdapp-clang x86_64-native-bsdapp-gcc+shared x86_64-native-bsdapp-gcc+debug OS: RHEL92-64 Kernel Version: 5.14.0-284.11.1.el9_2.x86_64 GCC Version: gcc (GCC) 11.3.1 20221121 (Red Hat 11.3.1-4) Clang Version: 15.0.7 (Red Hat 15.0.7-2.el9) x86_64-native-linuxapp-gcc x86_64-native-linuxapp-clang x86_64-native-linuxapp-gcc+shared x86_64-native-linuxapp-gcc+debug OS: SUSE15-64 Kernel Version: 5.14.21-150500.53-default GCC Version: gcc (SUSE Linux) 7.5.0 Clang Version: 15.0.7 x86_64-native-linuxapp-clang x86_64-native-linuxapp-gcc OS: CBL-Mariner2.0-64 Kernel Version: 5.15.55.1_2e9a4f9+ GCC Version: gcc (GCC) 11.2.0 Clang Version: NA x86_64-native-linuxapp-gcc OS: UB2204-32 Kernel Version: 5.15.0-58-generic GCC Version: gcc (Ubuntu 11.4.0-1ubuntu1~22.04) 11.4.0 Clang Version: NA i686-native-linuxapp-gcc OS: RHEL89-64 Kernel Version: 4.18.0-513.5.1.el8_9.x86_64 GCC Version: gcc (GCC) 8.5.0 20210514 (Red Hat 8.5.0-20) Clang Version: 16.0.6 (Red Hat 16.0.6-2.module+el8.9.0+19521+190d7aba) x86_64-native-linuxapp-gcc OS: UB2204-64N Kernel Version: 6.2.13-060213-generic GCC Version: gcc (Ubuntu 12.3.0-1ubuntu1~22.04) 12.3.0 Clang Version: 14.0.0-1ubuntu1.1 x86_64-native-linuxapp-gcc x86_64-native-linuxapp-gcc+shared OS: UB2204-64 Kernel Version: 5.15.0-58-generic GCC Version: gcc (Ubuntu 11.4.0-1ubuntu1~22.04) 11.4.0 Clang Version: 14.0.0-1ubuntu1.1 x86_64-native-linuxapp-gcc+16byte x86_64-native-linuxapp-gcc x86_64-native-linuxapp-clang x86_64-native-linuxapp-doc OS: CentOS79-64 Kernel Version: 3.10.0-1160.81.1.el7.x86_64 GCC Version: gcc (GCC) 4.8.5 20150623 (Red Hat 4.8.5-44) Clang Version: 3.4.2 (tags/RELEASE_34/dot2-final) x86_64-native-linuxapp-gcc OS: RHEL92-64Rt Kernel Version: 5.14.0-284.11.1.rt14.296.el9_2.x86_64 GCC Version: gcc (GCC) 11.3.1 20221121 (Red Hat 11.3.1-4) Clang Version: 15.0.7 (Red Hat 15.0.7-2.el9) x86_64-native-linuxapp-gcc OS: UB2310-64 Kernel Version: 6.5.0-9-generic GCC Version: gcc (Ubuntu 13.2.0-4ubuntu3) 13.2.0 Clang Version: NA x86_64-native-linuxapp-gcc OS: FC39-64 Kernel Version: 6.5.6-300.fc39.x86_64 GCC Version: gcc (GCC) 13.2.1 20230918 (Red Hat 13.2.1-3) Clang Version: 17.0.6 (Fedora 17.0.6-1.fc39) x86_64-native-linuxapp-gcc x86_64-native-linuxapp-clang OS: UB2204-64Rt Kernel Version: 5.17.5-051705-generic GCC Version: gcc (Ubuntu 11.4.0-1ubuntu1~22.04) 11.4.0 Clang Version: 14.0.0-1ubuntu1.1 x86_64-native-linuxapp-gcc DPDK STV team
Test-Label: iol-compile-arm64-testing Test-Status: SUCCESS http://dpdk.org/patch/138477 _Testing PASS_ Submitter: Jingjing Wu <jingjing.wu@intel.com> Date: Tuesday, March 19 2024 14:14:54 DPDK git baseline: Repo:dpdk Branch: master CommitID:80ecef6d1f71fcebc0a51d7cabc51f73ee142ff2 138477 --> testing pass Test environment and result as below: +----------------------------------------+--------------------+ | Environment | dpdk_meson_compile | +========================================+====================+ | Ubuntu 20.04 ARM SVE | PASS | +----------------------------------------+--------------------+ | Debian 12 with MUSDK | PASS | +----------------------------------------+--------------------+ | Fedora 37 (ARM) | PASS | +----------------------------------------+--------------------+ | Ubuntu 20.04 aarch32 GCC Cross Compile | PASS | +----------------------------------------+--------------------+ | Fedora 38 (ARM) | PASS | +----------------------------------------+--------------------+ | Ubuntu 20.04 (ARM) | PASS | +----------------------------------------+--------------------+ | Debian 12 (arm) | PASS | +----------------------------------------+--------------------+ | Debian 11 (Buster) (ARM) | PASS | +----------------------------------------+--------------------+ | CentOS Stream 9 (ARM) | PASS | +----------------------------------------+--------------------+ | Ubuntu 20.04 ARM Clang Cross Compile | PASS | +----------------------------------------+--------------------+ | Ubuntu 20.04 ARM GCC Cross Compile | PASS | +----------------------------------------+--------------------+ | Fedora 38 (ARM Clang) | PASS | +----------------------------------------+--------------------+ Ubuntu 20.04 ARM SVE Kernel: 5.4.0-167-generic Compiler: gcc (Ubuntu 10.5.0-1ubuntu1~20.04) 10.5.0 Debian 12 with MUSDK Kernel: Container Host Kernel Compiler: gcc 12.2.0 Fedora 37 (ARM) Kernel: Depends on container host Compiler: gcc 12.3.1 Ubuntu 20.04 aarch32 GCC Cross Compile Kernel: 5.4.0-167-generic Compiler: gcc 9.4.0 Fedora 38 (ARM) Kernel: Depends on container host Compiler: gcc 13.2.1 Ubuntu 20.04 (ARM) Kernel: Container Host Kernel Compiler: gcc 9.4.0 Debian 12 (arm) Kernel: Container Host Kernel Compiler: gcc 11 Debian 11 (Buster) (ARM) Kernel: Container Host Kernel Compiler: gcc 10.2.1 CentOS Stream 9 (ARM) Kernel: Container Host Kernel Compiler: gcc 11.4.1 Ubuntu 20.04 ARM Clang Cross Compile Kernel: 5.4.0-72-generic Compiler: clang 10.0.0-4ubuntu1 Ubuntu 20.04 ARM GCC Cross Compile Kernel: 5.4.0-167-generic Compiler: aarch64-linux-gnu-gcc (Ubuntu 9.4.0-1ubuntu1~20.04.2) 9.4.0 Fedora 38 (ARM Clang) Kernel: Depends on container host Compiler: clang 16.0.6 To view detailed results, visit: https://lab.dpdk.org/results/dashboard/patchsets/29590/ UNH-IOL DPDK Community Lab To manage your email subscriptions, visit: https://lab.dpdk.org/results/dashboard/preferences/subscriptions/
_Testing PASS_ Branch: tags/v22.11 244dbbf778711898b21d07ddc78d9904e68a15d2 --> testing pass Test environment and result as below: +------------------------------------+--------------------+ | Environment | dpdk_meson_compile | +====================================+====================+ | Ubuntu 20.04 ARM SVE | PASS | +------------------------------------+--------------------+ | Debian 12 with MUSDK | PASS | +------------------------------------+--------------------+ | Fedora 37 (ARM) | PASS | +------------------------------------+--------------------+ | Ubuntu 20.04 ARM GCC Cross Compile | PASS | +------------------------------------+--------------------+ | CentOS Stream 9 (ARM) | PASS | +------------------------------------+--------------------+ | Debian 11 (Buster) (ARM) | PASS | +------------------------------------+--------------------+ | Ubuntu 20.04 (ARM) | PASS | +------------------------------------+--------------------+ | Debian 12 (arm) | PASS | +------------------------------------+--------------------+ | Fedora 38 (ARM Clang) | PASS | +------------------------------------+--------------------+ | Fedora 38 (ARM) | PASS | +------------------------------------+--------------------+ Ubuntu 20.04 ARM SVE Kernel: 5.4.0-167-generic Compiler: gcc (Ubuntu 10.5.0-1ubuntu1~20.04) 10.5.0 Debian 12 with MUSDK Kernel: Container Host Kernel Compiler: gcc 12.2.0 Fedora 37 (ARM) Kernel: Depends on container host Compiler: gcc 12.3.1 Ubuntu 20.04 ARM GCC Cross Compile Kernel: 5.4.0-167-generic Compiler: aarch64-linux-gnu-gcc (Ubuntu 9.4.0-1ubuntu1~20.04.2) 9.4.0 CentOS Stream 9 (ARM) Kernel: Container Host Kernel Compiler: gcc 11.4.1 Debian 11 (Buster) (ARM) Kernel: Container Host Kernel Compiler: gcc 10.2.1 Ubuntu 20.04 (ARM) Kernel: Container Host Kernel Compiler: gcc 9.4.0 Debian 12 (arm) Kernel: Container Host Kernel Compiler: gcc 11 Fedora 38 (ARM Clang) Kernel: Depends on container host Compiler: clang 16.0.6 Fedora 38 (ARM) Kernel: Depends on container host Compiler: gcc 13.2.1 To view detailed results, visit: https://lab.dpdk.org/results/dashboard/tarballs/28537/ UNH-IOL DPDK Community Lab To manage your email subscriptions, visit: https://lab.dpdk.org/results/dashboard/preferences/subscriptions/
Test-Label: iol-broadcom-Performance Test-Status: SUCCESS http://dpdk.org/patch/138434 _Performance Testing PASS_ Submitter: Robin Jarry <rjarry@redhat.com> Date: Friday, March 15 2024 14:14:42 DPDK git baseline: Repo:dpdk Branch: master CommitID:90a91f8761af9f99243e1ca35082fcf05ff7a9b2 138434 --> performance testing pass Test environment and result as below: Ubuntu 22.04 ARM Kernel: 5.15.83+ Compiler: gcc 11.4.0 NIC: Arm Broadcom Inc. brcm_57414 25000 Mbps Target: x86_64-native-linuxapp-gcc Fail/Total: 0/2 Detail performance results: +------------+---------+----------+-------------+------------------------------+ | frame_size | txd/rxd | num_cpus | num_threads | throughput difference from | | | | | | expected | +============+=========+==========+=============+==============================+ | 64 | 512 | 1 | 1 | 0.3% | +------------+---------+----------+-------------+------------------------------+ | 64 | 2048 | 1 | 1 | 0.2% | +------------+---------+----------+-------------+------------------------------+ Ubuntu 22.04 Kernel: 5.15.0-43-generic Compiler: gcc gcc (Ubuntu 11.2.0-19ubuntu1) 11.2.0 NIC: Broadcom Inc. and subsidiaries BCM57414 NetXtreme-E 10Gb/25Gb RDMA Ethernet Controller 16d7 25 Mbps Target: x86_64-native-linuxapp-gcc Fail/Total: 0/3 Detail performance results: +------------+---------+----------+-------------+------------------------------+ | frame_size | txd/rxd | num_cpus | num_threads | throughput difference from | | | | | | expected | +============+=========+==========+=============+==============================+ | 64 | 128 | 1 | 1 | -0.1% | +------------+---------+----------+-------------+------------------------------+ | 64 | 512 | 1 | 1 | -0.3% | +------------+---------+----------+-------------+------------------------------+ | 64 | 2048 | 1 | 1 | 0.4% | +------------+---------+----------+-------------+------------------------------+ To view detailed results, visit: https://lab.dpdk.org/results/dashboard/patchsets/29573/ UNH-IOL DPDK Community Lab To manage your email subscriptions, visit: https://lab.dpdk.org/results/dashboard/preferences/subscriptions/
_Testing PASS_ Branch: tags/v22.11 244dbbf778711898b21d07ddc78d9904e68a15d2 --> testing pass Test environment and result as below: +------------------------------------+--------------------+ | Environment | dpdk_meson_compile | +====================================+====================+ | Ubuntu 20.04 ARM SVE | PASS | +------------------------------------+--------------------+ | Debian 12 with MUSDK | PASS | +------------------------------------+--------------------+ | Fedora 37 (ARM) | PASS | +------------------------------------+--------------------+ | Ubuntu 20.04 ARM GCC Cross Compile | PASS | +------------------------------------+--------------------+ | CentOS Stream 9 (ARM) | PASS | +------------------------------------+--------------------+ | Debian 11 (Buster) (ARM) | PASS | +------------------------------------+--------------------+ | Ubuntu 20.04 (ARM) | PASS | +------------------------------------+--------------------+ | Debian 12 (arm) | PASS | +------------------------------------+--------------------+ | Fedora 38 (ARM Clang) | PASS | +------------------------------------+--------------------+ Ubuntu 20.04 ARM SVE Kernel: 5.4.0-167-generic Compiler: gcc (Ubuntu 10.5.0-1ubuntu1~20.04) 10.5.0 Debian 12 with MUSDK Kernel: Container Host Kernel Compiler: gcc 12.2.0 Fedora 37 (ARM) Kernel: Depends on container host Compiler: gcc 12.3.1 Ubuntu 20.04 ARM GCC Cross Compile Kernel: 5.4.0-167-generic Compiler: aarch64-linux-gnu-gcc (Ubuntu 9.4.0-1ubuntu1~20.04.2) 9.4.0 CentOS Stream 9 (ARM) Kernel: Container Host Kernel Compiler: gcc 11.4.1 Debian 11 (Buster) (ARM) Kernel: Container Host Kernel Compiler: gcc 10.2.1 Ubuntu 20.04 (ARM) Kernel: Container Host Kernel Compiler: gcc 9.4.0 Debian 12 (arm) Kernel: Container Host Kernel Compiler: gcc 11 Fedora 38 (ARM Clang) Kernel: Depends on container host Compiler: clang 16.0.6 To view detailed results, visit: https://lab.dpdk.org/results/dashboard/tarballs/28537/ UNH-IOL DPDK Community Lab To manage your email subscriptions, visit: https://lab.dpdk.org/results/dashboard/preferences/subscriptions/
From: robot@bytheb.org Test-Label: github-robot: build Test-Status: SUCCESS http://patchwork.dpdk.org/patch/138478/ _github build: passed_ Build URL: https://github.com/ovsrobot/dpdk/actions/runs/8339088192
Test-Label: iol-unit-arm64-testing Test-Status: FAILURE http://dpdk.org/patch/138477 _Testing issues_ Submitter: Jingjing Wu <jingjing.wu@intel.com> Date: Tuesday, March 19 2024 14:14:54 DPDK git baseline: Repo:dpdk Branch: master CommitID:80ecef6d1f71fcebc0a51d7cabc51f73ee142ff2 138477 --> testing fail Test environment and result as below: +--------------------------+---------------------------+------------------------------+--------------+----------------+ | Environment | cryptodev_sw_zuc_autotest | cryptodev_sw_snow3g_autotest | lpm_autotest | dpdk_unit_test | +==========================+===========================+==============================+==============+================+ | Debian 12 (arm) | PASS | PASS | SKIPPED | FAIL | +--------------------------+---------------------------+------------------------------+--------------+----------------+ | Ubuntu 20.04 ARM SVE | SKIPPED | SKIPPED | PASS | SKIPPED | +--------------------------+---------------------------+------------------------------+--------------+----------------+ | Debian 11 (Buster) (ARM) | SKIPPED | SKIPPED | SKIPPED | FAIL | +--------------------------+---------------------------+------------------------------+--------------+----------------+ | Fedora 37 (ARM) | SKIPPED | SKIPPED | SKIPPED | FAIL | +--------------------------+---------------------------+------------------------------+--------------+----------------+ | CentOS Stream 9 (ARM) | SKIPPED | SKIPPED | SKIPPED | FAIL | +--------------------------+---------------------------+------------------------------+--------------+----------------+ | Ubuntu 20.04 (ARM) | SKIPPED | SKIPPED | SKIPPED | FAIL | +--------------------------+---------------------------+------------------------------+--------------+----------------+ | Fedora 38 (ARM) | SKIPPED | SKIPPED | SKIPPED | FAIL | +--------------------------+---------------------------+------------------------------+--------------+----------------+ | Fedora 38 (ARM Clang) | SKIPPED | SKIPPED | SKIPPED | FAIL | +--------------------------+---------------------------+------------------------------+--------------+----------------+ ==== 20 line log output for Fedora 38 (ARM Clang) (dpdk_unit_test): ==== 101/111 DPDK:fast-tests / telemetry_data_autotest OK 0.17 s 102/111 DPDK:fast-tests / telemetry_json_autotest OK 0.17 s 103/111 DPDK:fast-tests / thash_autotest OK 0.17 s 104/111 DPDK:fast-tests / threads_autotest OK 0.32 s 105/111 DPDK:fast-tests / ticketlock_autotest OK 0.17 s 106/111 DPDK:fast-tests / timer_autotest OK 2.87 s 107/111 DPDK:fast-tests / trace_autotest OK 0.17 s 108/111 DPDK:fast-tests / trace_autotest_with_traces OK 0.17 s 109/111 DPDK:fast-tests / vdev_autotest OK 0.17 s 110/111 DPDK:fast-tests / version_autotest OK 0.17 s 111/111 DPDK:fast-tests / telemetry_all SKIP 0.01 s Ok: 103 Expected Fail: 0 Fail: 0 Unexpected Pass: 0 Skipped: 7 Timeout: 1 Full log written to /home-local/jenkins-local/jenkins-agent/workspace/Generic-Unit-Test-DPDK/dpdk/build/meson-logs/testlog.txt ==== End log output ==== Debian 12 (arm) Kernel: Container Host Kernel Compiler: gcc 12.2.0 Ubuntu 20.04 ARM SVE Kernel: 5.4.0-167-generic Compiler: gcc (Ubuntu 10.5.0-1ubuntu1~20.04) 10.5.0 Debian 11 (Buster) (ARM) Kernel: Container Host Kernel Compiler: gcc 10.2.1 Fedora 37 (ARM) Kernel: Depends on container host Compiler: gcc 12.3.1 CentOS Stream 9 (ARM) Kernel: Container Host Kernel Compiler: gcc 11.4.1 Ubuntu 20.04 (ARM) Kernel: Container Host Kernel Compiler: gcc 9.4.0 Fedora 38 (ARM) Kernel: Depends on container host Compiler: gcc 13.2.1 Fedora 38 (ARM Clang) Kernel: Depends on container host Compiler: clang 16.0.6 To view detailed results, visit: https://lab.dpdk.org/results/dashboard/patchsets/29590/ UNH-IOL DPDK Community Lab To manage your email subscriptions, visit: https://lab.dpdk.org/results/dashboard/preferences/subscriptions/
_Testing PASS_ Branch: tags/v22.11 244dbbf778711898b21d07ddc78d9904e68a15d2 --> testing pass Test environment and result as below: +------------------------------------+--------------------+ | Environment | dpdk_meson_compile | +====================================+====================+ | Ubuntu 20.04 ARM SVE | PASS | +------------------------------------+--------------------+ | Debian 12 with MUSDK | PASS | +------------------------------------+--------------------+ | Fedora 37 (ARM) | PASS | +------------------------------------+--------------------+ | Ubuntu 20.04 ARM GCC Cross Compile | PASS | +------------------------------------+--------------------+ | CentOS Stream 9 (ARM) | PASS | +------------------------------------+--------------------+ | Debian 11 (Buster) (ARM) | PASS | +------------------------------------+--------------------+ | Ubuntu 20.04 (ARM) | PASS | +------------------------------------+--------------------+ | Debian 12 (arm) | PASS | +------------------------------------+--------------------+ Ubuntu 20.04 ARM SVE Kernel: 5.4.0-167-generic Compiler: gcc (Ubuntu 10.5.0-1ubuntu1~20.04) 10.5.0 Debian 12 with MUSDK Kernel: Container Host Kernel Compiler: gcc 12.2.0 Fedora 37 (ARM) Kernel: Depends on container host Compiler: gcc 12.3.1 Ubuntu 20.04 ARM GCC Cross Compile Kernel: 5.4.0-167-generic Compiler: aarch64-linux-gnu-gcc (Ubuntu 9.4.0-1ubuntu1~20.04.2) 9.4.0 CentOS Stream 9 (ARM) Kernel: Container Host Kernel Compiler: gcc 11.4.1 Debian 11 (Buster) (ARM) Kernel: Container Host Kernel Compiler: gcc 10.2.1 Ubuntu 20.04 (ARM) Kernel: Container Host Kernel Compiler: gcc 9.4.0 Debian 12 (arm) Kernel: Container Host Kernel Compiler: gcc 11 To view detailed results, visit: https://lab.dpdk.org/results/dashboard/tarballs/28537/ UNH-IOL DPDK Community Lab To manage your email subscriptions, visit: https://lab.dpdk.org/results/dashboard/preferences/subscriptions/
[-- Attachment #1: Type: text/plain, Size: 3369 bytes --] Test-Label: intel-Functional Test-Status: SUCCESS http://dpdk.org/patch/138478 _Functional PASS_ Submitter: Chaoyong He <chaoyong.he@corigine.com> Date: 2024-03-19 07:07:54 Branch : dpdk-next-net CommitID: 20db7deeb5 Smoke-Testing Summary : 31 Case Done, 31 Successful, 0 Failures OS : Ubuntu 22.04.2 LTS Kernel : 5.15.0-60-generic GCC : 11.3.0-1ubuntu1~22.04 NIC : Ethernet Controller XL710 for 40GbE QSFP+ Target : x86_64-native-linuxapp-gcc Test result details: +-----------------+---------------------------------------------------+-------+ | suite | case | status| +-----------------+---------------------------------------------------+-------+ | checksum_offload| test_checksum_offload_with_vlan | passed| | checksum_offload| test_do_not_insert_checksum_on_the_transmit_packet| passed| | checksum_offload| test_hardware_checksum_check_ip_rx | passed| | checksum_offload| test_hardware_checksum_check_ip_tx | passed| | checksum_offload| test_hardware_checksum_check_l4_rx | passed| | checksum_offload| test_hardware_checksum_check_l4_tx | passed| | checksum_offload| test_insert_checksum_on_the_transmit_packet | passed| | checksum_offload| test_rx_checksum_valid_flags | passed| | dual_vlan | test_dual_vlan_priority_rxtx | passed| | dual_vlan | test_vlan_filter_config | passed| | dual_vlan | test_vlan_filter_table | passed| | dual_vlan | test_vlan_insert_config | passed| | dual_vlan | test_vlan_random_test | passed| | dual_vlan | test_vlan_strip_config | passed| | dual_vlan | test_vlan_synthetic_test | passed| | dual_vlan | test_vlan_tpid_config | passed| | dual_vlan | test_vlan_stripq_config | n/a | | jumboframes | test_jumboframes_bigger_jumbo | passed| | jumboframes | test_jumboframes_jumbo_jumbo | passed| | jumboframes | test_jumboframes_jumbo_nojumbo | passed| | jumboframes | test_jumboframes_normal_jumbo | passed| | jumboframes | test_jumboframes_normal_nojumbo | passed| | rxtx_offload | test_rxoffload_port_all | passed| | rxtx_offload | test_rxoffload_port_cmdline | passed| | rxtx_offload | test_txoffload_port | passed| | rxtx_offload | test_txoffload_port_all | passed| | rxtx_offload | test_txoffload_port_checksum | passed| | rxtx_offload | test_txoffload_port_cmdline | passed| | rxtx_offload | test_txoffload_port_multi_segs | passed| | rxtx_offload | test_txoffload_queue | passed| | rxtx_offload | test_rxoffload_queue | n/a | +-----------------+---------------------------------------------------+-------+ DPDK STV team
Test-Label: iol-unit-amd64-testing Test-Status: FAILURE http://dpdk.org/patch/138477 _Testing issues_ Submitter: Jingjing Wu <jingjing.wu@intel.com> Date: Tuesday, March 19 2024 14:14:54 DPDK git baseline: Repo:dpdk Branch: master CommitID:80ecef6d1f71fcebc0a51d7cabc51f73ee142ff2 138477 --> testing fail Test environment and result as below: +---------------------+----------------+ | Environment | dpdk_unit_test | +=====================+================+ | Debian 11 (arm) | FAIL | +---------------------+----------------+ | Windows Server 2019 | PASS | +---------------------+----------------+ | Debian Bullseye | FAIL | +---------------------+----------------+ | CentOS Stream 8 | FAIL | +---------------------+----------------+ | Fedora 37 | FAIL | +---------------------+----------------+ | Windows Server 2022 | PASS | +---------------------+----------------+ | CentOS Stream 9 | FAIL | +---------------------+----------------+ | Fedora 38 | FAIL | +---------------------+----------------+ | Ubuntu 22.04 | FAIL | +---------------------+----------------+ | Ubuntu 20.04 | FAIL | +---------------------+----------------+ | RHEL8 | FAIL | +---------------------+----------------+ | openSUSE Leap 15 | FAIL | +---------------------+----------------+ ==== 20 line log output for openSUSE Leap 15 (dpdk_unit_test): ==== 101/111 DPDK:fast-tests / telemetry_data_autotest OK 0.17 s 102/111 DPDK:fast-tests / telemetry_json_autotest OK 0.17 s 103/111 DPDK:fast-tests / thash_autotest OK 0.22 s 104/111 DPDK:fast-tests / threads_autotest OK 0.37 s 105/111 DPDK:fast-tests / ticketlock_autotest OK 0.22 s 106/111 DPDK:fast-tests / timer_autotest OK 2.47 s 107/111 DPDK:fast-tests / trace_autotest OK 0.22 s 108/111 DPDK:fast-tests / trace_autotest_with_traces OK 0.22 s 109/111 DPDK:fast-tests / vdev_autotest OK 0.17 s 110/111 DPDK:fast-tests / version_autotest OK 0.17 s 111/111 DPDK:fast-tests / telemetry_all SKIP 0.01 s Ok: 99 Expected Fail: 0 Fail: 0 Unexpected Pass: 0 Skipped: 11 Timeout: 1 Full log written to /home-local/jenkins-local/jenkins-agent/workspace/Generic-Unit-Test-DPDK/dpdk/build/meson-logs/testlog.txt ==== End log output ==== Debian 11 (arm) Kernel: Container Host Kernel Compiler: gcc 10.2.1 Windows Server 2019 Kernel: 10.0.17763 Compiler: clang 14.0 and gcc 8.1.0 (MinGW) Debian Bullseye Kernel: 5.4.0-167-generic Compiler: gcc 10.2.1-6 CentOS Stream 8 Kernel: 5.4.0-167-generic Compiler: gcc 8.5.0 20210514 Fedora 37 Kernel: Depends on container host system Compiler: gcc 12.3.1 Windows Server 2022 Kernel: 10.0.20348.2031 Compiler: clang 15.0.7, gcc 8.1.0 (MinGW), and MSVC VS 17.9 CentOS Stream 9 Kernel: 5.4.0-167-generic Compiler: gcc 11.4.1 20230605 Fedora 38 Kernel: Depends on container host Compiler: clang 16.0.6 Ubuntu 22.04 Kernel: 5.4.0-167-generic Compiler: gcc 11.4.0 Ubuntu 20.04 Kernel: 5.4.0-167-generic Compiler: gcc 9.4.0-1ubuntu1~20.04.1 RHEL8 Kernel: 5.4.0-167-generic Compiler: gcc 8.5.0 20210514 (Red Hat 8.5.0-20) openSUSE Leap 15 Kernel: 5.4.0-167-generic Compiler: gcc 7.5.0 To view detailed results, visit: https://lab.dpdk.org/results/dashboard/patchsets/29590/ UNH-IOL DPDK Community Lab To manage your email subscriptions, visit: https://lab.dpdk.org/results/dashboard/preferences/subscriptions/
Test-Label: iol-unit-amd64-testing Test-Status: FAILURE http://dpdk.org/patch/138477 _Testing issues_ Submitter: Jingjing Wu <jingjing.wu@intel.com> Date: Tuesday, March 19 2024 14:14:54 DPDK git baseline: Repo:dpdk Branch: master CommitID:80ecef6d1f71fcebc0a51d7cabc51f73ee142ff2 138477 --> testing fail Test environment and result as below: +---------------------+----------------+ | Environment | dpdk_unit_test | +=====================+================+ | Debian 11 (arm) | FAIL | +---------------------+----------------+ | Windows Server 2019 | PASS | +---------------------+----------------+ | Debian Bullseye | FAIL | +---------------------+----------------+ | CentOS Stream 8 | FAIL | +---------------------+----------------+ | Fedora 37 | FAIL | +---------------------+----------------+ | Windows Server 2022 | PASS | +---------------------+----------------+ | CentOS Stream 9 | FAIL | +---------------------+----------------+ | Fedora 38 | FAIL | +---------------------+----------------+ | Ubuntu 22.04 | FAIL | +---------------------+----------------+ | Ubuntu 20.04 | FAIL | +---------------------+----------------+ | RHEL8 | FAIL | +---------------------+----------------+ | openSUSE Leap 15 | FAIL | +---------------------+----------------+ ==== 20 line log output for openSUSE Leap 15 (dpdk_unit_test): ==== 101/111 DPDK:fast-tests / telemetry_data_autotest OK 0.17 s 102/111 DPDK:fast-tests / telemetry_json_autotest OK 0.17 s 103/111 DPDK:fast-tests / thash_autotest OK 0.22 s 104/111 DPDK:fast-tests / threads_autotest OK 0.37 s 105/111 DPDK:fast-tests / ticketlock_autotest OK 0.22 s 106/111 DPDK:fast-tests / timer_autotest OK 2.47 s 107/111 DPDK:fast-tests / trace_autotest OK 0.22 s 108/111 DPDK:fast-tests / trace_autotest_with_traces OK 0.22 s 109/111 DPDK:fast-tests / vdev_autotest OK 0.17 s 110/111 DPDK:fast-tests / version_autotest OK 0.17 s 111/111 DPDK:fast-tests / telemetry_all SKIP 0.01 s Ok: 99 Expected Fail: 0 Fail: 0 Unexpected Pass: 0 Skipped: 11 Timeout: 1 Full log written to /home-local/jenkins-local/jenkins-agent/workspace/Generic-Unit-Test-DPDK/dpdk/build/meson-logs/testlog.txt ==== End log output ==== Debian 11 (arm) Kernel: Container Host Kernel Compiler: gcc 10.2.1 Windows Server 2019 Kernel: 10.0.17763 Compiler: clang 14.0 and gcc 8.1.0 (MinGW) Debian Bullseye Kernel: 5.4.0-167-generic Compiler: gcc 10.2.1-6 CentOS Stream 8 Kernel: 5.4.0-167-generic Compiler: gcc 8.5.0 20210514 Fedora 37 Kernel: Depends on container host system Compiler: gcc 12.3.1 Windows Server 2022 Kernel: 10.0.20348.2031 Compiler: clang 15.0.7, gcc 8.1.0 (MinGW), and MSVC VS 17.9 CentOS Stream 9 Kernel: 5.4.0-167-generic Compiler: gcc 11.4.1 20230605 Fedora 38 Kernel: Depends on container host Compiler: clang 16.0.6 Ubuntu 22.04 Kernel: 5.4.0-167-generic Compiler: gcc 11.4.0 Ubuntu 20.04 Kernel: 5.4.0-167-generic Compiler: gcc 9.4.0-1ubuntu1~20.04.1 RHEL8 Kernel: 5.4.0-167-generic Compiler: gcc 8.5.0 20210514 (Red Hat 8.5.0-20) openSUSE Leap 15 Kernel: 5.4.0-167-generic Compiler: gcc 7.5.0 To view detailed results, visit: https://lab.dpdk.org/results/dashboard/patchsets/29590/ UNH-IOL DPDK Community Lab To manage your email subscriptions, visit: https://lab.dpdk.org/results/dashboard/preferences/subscriptions/
Test-Label: iol-unit-amd64-testing Test-Status: FAILURE http://dpdk.org/patch/138477 _Testing issues_ Submitter: Jingjing Wu <jingjing.wu@intel.com> Date: Tuesday, March 19 2024 14:14:54 DPDK git baseline: Repo:dpdk Branch: master CommitID:80ecef6d1f71fcebc0a51d7cabc51f73ee142ff2 138477 --> testing fail Test environment and result as below: +---------------------+----------------+ | Environment | dpdk_unit_test | +=====================+================+ | Debian 11 (arm) | FAIL | +---------------------+----------------+ | Windows Server 2019 | PASS | +---------------------+----------------+ | Debian Bullseye | FAIL | +---------------------+----------------+ | CentOS Stream 8 | FAIL | +---------------------+----------------+ | Fedora 37 | FAIL | +---------------------+----------------+ | Windows Server 2022 | PASS | +---------------------+----------------+ | CentOS Stream 9 | FAIL | +---------------------+----------------+ | Fedora 38 | FAIL | +---------------------+----------------+ | Ubuntu 22.04 | FAIL | +---------------------+----------------+ | Ubuntu 20.04 | FAIL | +---------------------+----------------+ | RHEL8 | FAIL | +---------------------+----------------+ ==== 20 line log output for RHEL8 (dpdk_unit_test): ==== 101/111 DPDK:fast-tests / telemetry_data_autotest OK 0.22 s 102/111 DPDK:fast-tests / telemetry_json_autotest OK 0.22 s 103/111 DPDK:fast-tests / thash_autotest OK 0.22 s 104/111 DPDK:fast-tests / threads_autotest OK 0.37 s 105/111 DPDK:fast-tests / ticketlock_autotest OK 0.22 s 106/111 DPDK:fast-tests / timer_autotest OK 2.52 s 107/111 DPDK:fast-tests / trace_autotest OK 0.22 s 108/111 DPDK:fast-tests / trace_autotest_with_traces OK 0.22 s 109/111 DPDK:fast-tests / vdev_autotest OK 0.22 s 110/111 DPDK:fast-tests / version_autotest OK 0.22 s 111/111 DPDK:fast-tests / telemetry_all SKIP 0.01 s Ok: 100 Expected Fail: 0 Fail: 0 Unexpected Pass: 0 Skipped: 10 Timeout: 1 Full log written to /home-local/jenkins-local/jenkins-agent/workspace/Generic-Unit-Test-DPDK/dpdk/build/meson-logs/testlog.txt ==== End log output ==== Debian 11 (arm) Kernel: Container Host Kernel Compiler: gcc 10.2.1 Windows Server 2019 Kernel: 10.0.17763 Compiler: clang 14.0 and gcc 8.1.0 (MinGW) Debian Bullseye Kernel: 5.4.0-167-generic Compiler: gcc 10.2.1-6 CentOS Stream 8 Kernel: 5.4.0-167-generic Compiler: gcc 8.5.0 20210514 Fedora 37 Kernel: Depends on container host system Compiler: gcc 12.3.1 Windows Server 2022 Kernel: 10.0.20348.2031 Compiler: clang 15.0.7, gcc 8.1.0 (MinGW), and MSVC VS 17.9 CentOS Stream 9 Kernel: 5.4.0-167-generic Compiler: gcc 11.4.1 20230605 Fedora 38 Kernel: Depends on container host Compiler: clang 16.0.6 Ubuntu 22.04 Kernel: 5.4.0-167-generic Compiler: gcc 11.4.0 Ubuntu 20.04 Kernel: 5.4.0-167-generic Compiler: gcc 9.4.0-1ubuntu1~20.04.1 RHEL8 Kernel: 5.4.0-167-generic Compiler: gcc 8.5.0 20210514 (Red Hat 8.5.0-20) To view detailed results, visit: https://lab.dpdk.org/results/dashboard/patchsets/29590/ UNH-IOL DPDK Community Lab To manage your email subscriptions, visit: https://lab.dpdk.org/results/dashboard/preferences/subscriptions/
Test-Label: iol-unit-arm64-testing Test-Status: FAILURE http://dpdk.org/patch/138477 _Testing issues_ Submitter: Jingjing Wu <jingjing.wu@intel.com> Date: Tuesday, March 19 2024 14:14:54 DPDK git baseline: Repo:dpdk Branch: master CommitID:80ecef6d1f71fcebc0a51d7cabc51f73ee142ff2 138477 --> testing fail Test environment and result as below: +--------------------------+---------------------------+------------------------------+--------------+----------------+ | Environment | cryptodev_sw_zuc_autotest | cryptodev_sw_snow3g_autotest | lpm_autotest | dpdk_unit_test | +==========================+===========================+==============================+==============+================+ | Debian 12 (arm) | PASS | PASS | SKIPPED | FAIL | +--------------------------+---------------------------+------------------------------+--------------+----------------+ | Ubuntu 20.04 ARM SVE | SKIPPED | SKIPPED | PASS | SKIPPED | +--------------------------+---------------------------+------------------------------+--------------+----------------+ | Debian 11 (Buster) (ARM) | SKIPPED | SKIPPED | SKIPPED | FAIL | +--------------------------+---------------------------+------------------------------+--------------+----------------+ | Fedora 37 (ARM) | SKIPPED | SKIPPED | SKIPPED | FAIL | +--------------------------+---------------------------+------------------------------+--------------+----------------+ | CentOS Stream 9 (ARM) | SKIPPED | SKIPPED | SKIPPED | FAIL | +--------------------------+---------------------------+------------------------------+--------------+----------------+ | Ubuntu 20.04 (ARM) | SKIPPED | SKIPPED | SKIPPED | FAIL | +--------------------------+---------------------------+------------------------------+--------------+----------------+ | Fedora 38 (ARM) | SKIPPED | SKIPPED | SKIPPED | FAIL | +--------------------------+---------------------------+------------------------------+--------------+----------------+ ==== 20 line log output for Fedora 38 (ARM) (dpdk_unit_test): ==== 101/111 DPDK:fast-tests / telemetry_data_autotest OK 0.29 s 102/111 DPDK:fast-tests / telemetry_json_autotest OK 0.34 s 103/111 DPDK:fast-tests / thash_autotest OK 0.29 s 104/111 DPDK:fast-tests / threads_autotest OK 0.44 s 105/111 DPDK:fast-tests / ticketlock_autotest OK 0.34 s 106/111 DPDK:fast-tests / timer_autotest OK 3.39 s 107/111 DPDK:fast-tests / trace_autotest OK 0.34 s 108/111 DPDK:fast-tests / trace_autotest_with_traces OK 0.28 s 109/111 DPDK:fast-tests / vdev_autotest OK 0.29 s 110/111 DPDK:fast-tests / version_autotest OK 0.29 s 111/111 DPDK:fast-tests / telemetry_all SKIP 0.02 s Ok: 103 Expected Fail: 0 Fail: 0 Unexpected Pass: 0 Skipped: 7 Timeout: 1 Full log written to /home-local/jenkins-local/jenkins-agent/workspace/Generic-Unit-Test-DPDK/dpdk/build/meson-logs/testlog.txt ==== End log output ==== Debian 12 (arm) Kernel: Container Host Kernel Compiler: gcc 12.2.0 Ubuntu 20.04 ARM SVE Kernel: 5.4.0-167-generic Compiler: gcc (Ubuntu 10.5.0-1ubuntu1~20.04) 10.5.0 Debian 11 (Buster) (ARM) Kernel: Container Host Kernel Compiler: gcc 10.2.1 Fedora 37 (ARM) Kernel: Depends on container host Compiler: gcc 12.3.1 CentOS Stream 9 (ARM) Kernel: Container Host Kernel Compiler: gcc 11.4.1 Ubuntu 20.04 (ARM) Kernel: Container Host Kernel Compiler: gcc 9.4.0 Fedora 38 (ARM) Kernel: Depends on container host Compiler: gcc 13.2.1 To view detailed results, visit: https://lab.dpdk.org/results/dashboard/patchsets/29590/ UNH-IOL DPDK Community Lab To manage your email subscriptions, visit: https://lab.dpdk.org/results/dashboard/preferences/subscriptions/
Test-Label: iol-unit-amd64-testing Test-Status: FAILURE http://dpdk.org/patch/138477 _Testing issues_ Submitter: Jingjing Wu <jingjing.wu@intel.com> Date: Tuesday, March 19 2024 14:14:54 DPDK git baseline: Repo:dpdk Branch: master CommitID:80ecef6d1f71fcebc0a51d7cabc51f73ee142ff2 138477 --> testing fail Test environment and result as below: +---------------------+----------------+ | Environment | dpdk_unit_test | +=====================+================+ | Debian 11 (arm) | FAIL | +---------------------+----------------+ | Windows Server 2019 | PASS | +---------------------+----------------+ | Debian Bullseye | FAIL | +---------------------+----------------+ | CentOS Stream 8 | FAIL | +---------------------+----------------+ | Fedora 37 | FAIL | +---------------------+----------------+ | Windows Server 2022 | PASS | +---------------------+----------------+ | CentOS Stream 9 | FAIL | +---------------------+----------------+ | Fedora 38 | FAIL | +---------------------+----------------+ | Ubuntu 22.04 | FAIL | +---------------------+----------------+ | Ubuntu 20.04 | FAIL | +---------------------+----------------+ ==== 20 line log output for Ubuntu 20.04 (dpdk_unit_test): ==== 101/111 DPDK:fast-tests / telemetry_data_autotest OK 0.22 s 102/111 DPDK:fast-tests / telemetry_json_autotest OK 0.22 s 103/111 DPDK:fast-tests / thash_autotest OK 0.22 s 104/111 DPDK:fast-tests / threads_autotest OK 0.37 s 105/111 DPDK:fast-tests / ticketlock_autotest OK 0.22 s 106/111 DPDK:fast-tests / timer_autotest OK 2.52 s 107/111 DPDK:fast-tests / trace_autotest OK 0.22 s 108/111 DPDK:fast-tests / trace_autotest_with_traces OK 0.22 s 109/111 DPDK:fast-tests / vdev_autotest OK 0.22 s 110/111 DPDK:fast-tests / version_autotest OK 0.22 s 111/111 DPDK:fast-tests / telemetry_all OK 1.07 s Ok: 101 Expected Fail: 0 Fail: 0 Unexpected Pass: 0 Skipped: 9 Timeout: 1 Full log written to /home-local/jenkins-local/jenkins-agent/workspace/Generic-Unit-Test-DPDK/dpdk/build/meson-logs/testlog.txt ==== End log output ==== Debian 11 (arm) Kernel: Container Host Kernel Compiler: gcc 10.2.1 Windows Server 2019 Kernel: 10.0.17763 Compiler: clang 14.0 and gcc 8.1.0 (MinGW) Debian Bullseye Kernel: 5.4.0-167-generic Compiler: gcc 10.2.1-6 CentOS Stream 8 Kernel: 5.4.0-167-generic Compiler: gcc 8.5.0 20210514 Fedora 37 Kernel: Depends on container host system Compiler: gcc 12.3.1 Windows Server 2022 Kernel: 10.0.20348.2031 Compiler: clang 15.0.7, gcc 8.1.0 (MinGW), and MSVC VS 17.9 CentOS Stream 9 Kernel: 5.4.0-167-generic Compiler: gcc 11.4.1 20230605 Fedora 38 Kernel: Depends on container host Compiler: clang 16.0.6 Ubuntu 22.04 Kernel: 5.4.0-167-generic Compiler: gcc 11.4.0 Ubuntu 20.04 Kernel: 5.4.0-167-generic Compiler: gcc 9.4.0-1ubuntu1~20.04.1 To view detailed results, visit: https://lab.dpdk.org/results/dashboard/patchsets/29590/ UNH-IOL DPDK Community Lab To manage your email subscriptions, visit: https://lab.dpdk.org/results/dashboard/preferences/subscriptions/
_Testing PASS_ Branch: tags/v22.11 244dbbf778711898b21d07ddc78d9904e68a15d2 --> testing pass Test environment and result as below: +------------------------------------+--------------------+ | Environment | dpdk_meson_compile | +====================================+====================+ | Ubuntu 20.04 ARM SVE | PASS | +------------------------------------+--------------------+ | Debian 12 with MUSDK | PASS | +------------------------------------+--------------------+ | Fedora 37 (ARM) | PASS | +------------------------------------+--------------------+ | Ubuntu 20.04 ARM GCC Cross Compile | PASS | +------------------------------------+--------------------+ | CentOS Stream 9 (ARM) | PASS | +------------------------------------+--------------------+ | Debian 11 (Buster) (ARM) | PASS | +------------------------------------+--------------------+ | Ubuntu 20.04 (ARM) | PASS | +------------------------------------+--------------------+ Ubuntu 20.04 ARM SVE Kernel: 5.4.0-167-generic Compiler: gcc (Ubuntu 10.5.0-1ubuntu1~20.04) 10.5.0 Debian 12 with MUSDK Kernel: Container Host Kernel Compiler: gcc 12.2.0 Fedora 37 (ARM) Kernel: Depends on container host Compiler: gcc 12.3.1 Ubuntu 20.04 ARM GCC Cross Compile Kernel: 5.4.0-167-generic Compiler: aarch64-linux-gnu-gcc (Ubuntu 9.4.0-1ubuntu1~20.04.2) 9.4.0 CentOS Stream 9 (ARM) Kernel: Container Host Kernel Compiler: gcc 11.4.1 Debian 11 (Buster) (ARM) Kernel: Container Host Kernel Compiler: gcc 10.2.1 Ubuntu 20.04 (ARM) Kernel: Container Host Kernel Compiler: gcc 9.4.0 To view detailed results, visit: https://lab.dpdk.org/results/dashboard/tarballs/28537/ UNH-IOL DPDK Community Lab To manage your email subscriptions, visit: https://lab.dpdk.org/results/dashboard/preferences/subscriptions/
Test-Label: iol-unit-amd64-testing Test-Status: FAILURE http://dpdk.org/patch/138477 _Testing issues_ Submitter: Jingjing Wu <jingjing.wu@intel.com> Date: Tuesday, March 19 2024 14:14:54 DPDK git baseline: Repo:dpdk Branch: master CommitID:80ecef6d1f71fcebc0a51d7cabc51f73ee142ff2 138477 --> testing fail Test environment and result as below: +---------------------+----------------+ | Environment | dpdk_unit_test | +=====================+================+ | Debian 11 (arm) | FAIL | +---------------------+----------------+ | Windows Server 2019 | PASS | +---------------------+----------------+ | Debian Bullseye | FAIL | +---------------------+----------------+ | CentOS Stream 8 | FAIL | +---------------------+----------------+ | Fedora 37 | FAIL | +---------------------+----------------+ | Windows Server 2022 | PASS | +---------------------+----------------+ | CentOS Stream 9 | FAIL | +---------------------+----------------+ | Fedora 38 | FAIL | +---------------------+----------------+ | Ubuntu 22.04 | FAIL | +---------------------+----------------+ ==== 20 line log output for Ubuntu 22.04 (dpdk_unit_test): ==== 101/111 DPDK:fast-tests / telemetry_data_autotest OK 0.22 s 102/111 DPDK:fast-tests / telemetry_json_autotest OK 0.22 s 103/111 DPDK:fast-tests / thash_autotest OK 0.22 s 104/111 DPDK:fast-tests / threads_autotest OK 0.37 s 105/111 DPDK:fast-tests / ticketlock_autotest OK 0.22 s 106/111 DPDK:fast-tests / timer_autotest OK 2.52 s 107/111 DPDK:fast-tests / trace_autotest OK 0.22 s 108/111 DPDK:fast-tests / trace_autotest_with_traces OK 0.22 s 109/111 DPDK:fast-tests / vdev_autotest OK 0.22 s 110/111 DPDK:fast-tests / version_autotest OK 0.22 s 111/111 DPDK:fast-tests / telemetry_all OK 1.07 s Ok: 101 Expected Fail: 0 Fail: 0 Unexpected Pass: 0 Skipped: 9 Timeout: 1 Full log written to /home-local/jenkins-local/jenkins-agent/workspace/Generic-Unit-Test-DPDK/dpdk/build/meson-logs/testlog.txt ==== End log output ==== Debian 11 (arm) Kernel: Container Host Kernel Compiler: gcc 10.2.1 Windows Server 2019 Kernel: 10.0.17763 Compiler: clang 14.0 and gcc 8.1.0 (MinGW) Debian Bullseye Kernel: 5.4.0-167-generic Compiler: gcc 10.2.1-6 CentOS Stream 8 Kernel: 5.4.0-167-generic Compiler: gcc 8.5.0 20210514 Fedora 37 Kernel: Depends on container host system Compiler: gcc 12.3.1 Windows Server 2022 Kernel: 10.0.20348.2031 Compiler: clang 15.0.7, gcc 8.1.0 (MinGW), and MSVC VS 17.9 CentOS Stream 9 Kernel: 5.4.0-167-generic Compiler: gcc 11.4.1 20230605 Fedora 38 Kernel: Depends on container host Compiler: clang 16.0.6 Ubuntu 22.04 Kernel: 5.4.0-167-generic Compiler: gcc 11.4.0 To view detailed results, visit: https://lab.dpdk.org/results/dashboard/patchsets/29590/ UNH-IOL DPDK Community Lab To manage your email subscriptions, visit: https://lab.dpdk.org/results/dashboard/preferences/subscriptions/
Test-Label: iol-unit-amd64-testing Test-Status: FAILURE http://dpdk.org/patch/138477 _Testing issues_ Submitter: Jingjing Wu <jingjing.wu@intel.com> Date: Tuesday, March 19 2024 14:14:54 DPDK git baseline: Repo:dpdk Branch: master CommitID:80ecef6d1f71fcebc0a51d7cabc51f73ee142ff2 138477 --> testing fail Test environment and result as below: +---------------------+----------------+ | Environment | dpdk_unit_test | +=====================+================+ | Debian 11 (arm) | FAIL | +---------------------+----------------+ | Windows Server 2019 | PASS | +---------------------+----------------+ | Debian Bullseye | FAIL | +---------------------+----------------+ | CentOS Stream 8 | FAIL | +---------------------+----------------+ | Fedora 37 | FAIL | +---------------------+----------------+ | Windows Server 2022 | PASS | +---------------------+----------------+ | CentOS Stream 9 | FAIL | +---------------------+----------------+ | Fedora 38 | FAIL | +---------------------+----------------+ ==== 20 line log output for Fedora 38 (dpdk_unit_test): ==== 101/111 DPDK:fast-tests / telemetry_data_autotest OK 0.17 s 102/111 DPDK:fast-tests / telemetry_json_autotest OK 0.17 s 103/111 DPDK:fast-tests / thash_autotest OK 0.17 s 104/111 DPDK:fast-tests / threads_autotest OK 0.32 s 105/111 DPDK:fast-tests / ticketlock_autotest OK 0.22 s 106/111 DPDK:fast-tests / timer_autotest OK 2.47 s 107/111 DPDK:fast-tests / trace_autotest OK 0.22 s 108/111 DPDK:fast-tests / trace_autotest_with_traces OK 0.17 s 109/111 DPDK:fast-tests / vdev_autotest OK 0.17 s 110/111 DPDK:fast-tests / version_autotest OK 0.17 s 111/111 DPDK:fast-tests / telemetry_all SKIP 0.01 s Ok: 100 Expected Fail: 0 Fail: 0 Unexpected Pass: 0 Skipped: 10 Timeout: 1 Full log written to /home-local/jenkins-local/jenkins-agent/workspace/Generic-Unit-Test-DPDK/dpdk/build/meson-logs/testlog.txt ==== End log output ==== Debian 11 (arm) Kernel: Container Host Kernel Compiler: gcc 10.2.1 Windows Server 2019 Kernel: 10.0.17763 Compiler: clang 14.0 and gcc 8.1.0 (MinGW) Debian Bullseye Kernel: 5.4.0-167-generic Compiler: gcc 10.2.1-6 CentOS Stream 8 Kernel: 5.4.0-167-generic Compiler: gcc 8.5.0 20210514 Fedora 37 Kernel: Depends on container host system Compiler: gcc 12.3.1 Windows Server 2022 Kernel: 10.0.20348.2031 Compiler: clang 15.0.7, gcc 8.1.0 (MinGW), and MSVC VS 17.9 CentOS Stream 9 Kernel: 5.4.0-167-generic Compiler: gcc 11.4.1 20230605 Fedora 38 Kernel: Depends on container host Compiler: clang 16.0.6 To view detailed results, visit: https://lab.dpdk.org/results/dashboard/patchsets/29590/ UNH-IOL DPDK Community Lab To manage your email subscriptions, visit: https://lab.dpdk.org/results/dashboard/preferences/subscriptions/
Test-Label: iol-unit-arm64-testing Test-Status: FAILURE http://dpdk.org/patch/138477 _Testing issues_ Submitter: Jingjing Wu <jingjing.wu@intel.com> Date: Tuesday, March 19 2024 14:14:54 DPDK git baseline: Repo:dpdk Branch: master CommitID:80ecef6d1f71fcebc0a51d7cabc51f73ee142ff2 138477 --> testing fail Test environment and result as below: +--------------------------+---------------------------+------------------------------+--------------+----------------+ | Environment | cryptodev_sw_zuc_autotest | cryptodev_sw_snow3g_autotest | lpm_autotest | dpdk_unit_test | +==========================+===========================+==============================+==============+================+ | Debian 12 (arm) | PASS | PASS | SKIPPED | FAIL | +--------------------------+---------------------------+------------------------------+--------------+----------------+ | Ubuntu 20.04 ARM SVE | SKIPPED | SKIPPED | PASS | SKIPPED | +--------------------------+---------------------------+------------------------------+--------------+----------------+ | Debian 11 (Buster) (ARM) | SKIPPED | SKIPPED | SKIPPED | FAIL | +--------------------------+---------------------------+------------------------------+--------------+----------------+ | Fedora 37 (ARM) | SKIPPED | SKIPPED | SKIPPED | FAIL | +--------------------------+---------------------------+------------------------------+--------------+----------------+ | CentOS Stream 9 (ARM) | SKIPPED | SKIPPED | SKIPPED | FAIL | +--------------------------+---------------------------+------------------------------+--------------+----------------+ | Ubuntu 20.04 (ARM) | SKIPPED | SKIPPED | SKIPPED | FAIL | +--------------------------+---------------------------+------------------------------+--------------+----------------+ ==== 20 line log output for Ubuntu 20.04 (ARM) (dpdk_unit_test): ==== 101/111 DPDK:fast-tests / telemetry_data_autotest OK 0.17 s 102/111 DPDK:fast-tests / telemetry_json_autotest OK 0.17 s 103/111 DPDK:fast-tests / thash_autotest OK 0.17 s 104/111 DPDK:fast-tests / threads_autotest OK 0.32 s 105/111 DPDK:fast-tests / ticketlock_autotest OK 0.17 s 106/111 DPDK:fast-tests / timer_autotest OK 2.77 s 107/111 DPDK:fast-tests / trace_autotest OK 0.17 s 108/111 DPDK:fast-tests / trace_autotest_with_traces OK 0.17 s 109/111 DPDK:fast-tests / vdev_autotest OK 0.17 s 110/111 DPDK:fast-tests / version_autotest OK 0.17 s 111/111 DPDK:fast-tests / telemetry_all OK 1.32 s Ok: 104 Expected Fail: 0 Fail: 0 Unexpected Pass: 0 Skipped: 6 Timeout: 1 Full log written to /home-local/jenkins-local/jenkins-agent/workspace/Generic-Unit-Test-DPDK/dpdk/build/meson-logs/testlog.txt ==== End log output ==== Debian 12 (arm) Kernel: Container Host Kernel Compiler: gcc 12.2.0 Ubuntu 20.04 ARM SVE Kernel: 5.4.0-167-generic Compiler: gcc (Ubuntu 10.5.0-1ubuntu1~20.04) 10.5.0 Debian 11 (Buster) (ARM) Kernel: Container Host Kernel Compiler: gcc 10.2.1 Fedora 37 (ARM) Kernel: Depends on container host Compiler: gcc 12.3.1 CentOS Stream 9 (ARM) Kernel: Container Host Kernel Compiler: gcc 11.4.1 Ubuntu 20.04 (ARM) Kernel: Container Host Kernel Compiler: gcc 9.4.0 To view detailed results, visit: https://lab.dpdk.org/results/dashboard/patchsets/29590/ UNH-IOL DPDK Community Lab To manage your email subscriptions, visit: https://lab.dpdk.org/results/dashboard/preferences/subscriptions/