* [dpdk-test-report] |FAILURE| pw61312 [PATCH] [v1, 1/1] bus/vdev: add get iommu class callback
@ 2019-10-16 15:05 dpdklab
0 siblings, 0 replies; only message in thread
From: dpdklab @ 2019-10-16 15:05 UTC (permalink / raw)
To: Test Report; +Cc: dpdk-test-reports
[-- Attachment #1: Type: text/plain, Size: 1160 bytes --]
Test-Label: iol-compilation
Test-Status: FAILURE
http://dpdk.org/patch/61312
_Compilie Testing issues_
Submitter: Vamsi Krishna Attunuru <vattunuru@marvell.com>
Date: Wednesday, October 16 2019 14:29:01
DPDK git baseline: Repo:dpdk
Branch: master
CommitID:a8f8ae1cf9b68f6398b49019ca07a215a57bba41
61312 --> compile testing fail
Test environment and result as below:
+--------------+--------------+-------------------+------------------+
| Environment | dpdk_compile | dpdk_compile_spdk | dpdk_compile_ovs |
+==============+==============+===================+==================+
| Ubuntu 18.04 | PASS | PASS | PASS |
+--------------+--------------+-------------------+------------------+
| FreeBSD 11.2 | FAIL | FAIL | |
+--------------+--------------+-------------------+------------------+
Ubuntu 18.04
Kernel: 4.15.0-generic
GCC: 7.4
FreeBSD 11.2
Kernel: 11.2
GCC: 8.3
https://lab.dpdk.org/results/dashboard/patchsets/7974/
UNH-IOL DPDK Performance Test Lab
To manage your email subscriptions visit:
https://lab.dpdk.org/results/dashboard/preferences/subscriptions/
^ permalink raw reply [flat|nested] only message in thread
only message in thread, other threads:[~2019-10-16 15:05 UTC | newest]
Thread overview: (only message) (download: mbox.gz / follow: Atom feed)
-- links below jump to the message on this page --
2019-10-16 15:05 [dpdk-test-report] |FAILURE| pw61312 [PATCH] [v1, 1/1] bus/vdev: add get iommu class callback dpdklab
This is a public inbox, see mirroring instructions
for how to clone and mirror all data and code used for this inbox;
as well as URLs for NNTP newsgroup(s).