* [dpdk-test-report] |FAILURE| pw61676 [PATCH] net: add new header file for VXLAN
@ 2019-10-22 18:55 dpdklab
0 siblings, 0 replies; 2+ messages in thread
From: dpdklab @ 2019-10-22 18:55 UTC (permalink / raw)
To: Test Report; +Cc: dpdk-test-reports
[-- Attachment #1: Type: text/plain, Size: 1341 bytes --]
Test-Label: iol-compilation
Test-Status: FAILURE
http://dpdk.org/patch/61676
_Compilie Testing issues_
Submitter: Flavia Musatescu <flavia.musatescu@intel.com>
Date: Tuesday, October 22 2019 16:40:35
DPDK git baseline: Repo:dpdk
Branch: master
CommitID:08be0e0b68a5dedb1186b19dd61706da96a9ef19
61676 --> compile testing fail
Test environment and result as below:
+--------------+------------------+--------------+-------------------+
| Environment | dpdk_compile_ovs | dpdk_compile | dpdk_compile_spdk |
+==============+==================+==============+===================+
| Ubuntu 18.04 | FAIL | FAIL | FAIL |
+--------------+------------------+--------------+-------------------+
| CentOS 8 | FAIL | FAIL | |
+--------------+------------------+--------------+-------------------+
| FreeBSD 11.2 | | PASS | PASS |
+--------------+------------------+--------------+-------------------+
Ubuntu 18.04
Kernel: 4.15.0-generic
GCC: 7.4
CentOS 8
Kernel: 4.18.0.el8_0
GCC: 8.2
FreeBSD 11.2
Kernel: 11.2
GCC: 8.3
https://lab.dpdk.org/results/dashboard/patchsets/8079/
UNH-IOL DPDK Performance Test Lab
To manage your email subscriptions visit:
https://lab.dpdk.org/results/dashboard/preferences/subscriptions/
^ permalink raw reply [flat|nested] 2+ messages in thread
* [dpdk-test-report] |FAILURE| pw61676 [PATCH] net: add new header file for VXLAN
@ 2019-10-22 20:30 dpdklab
0 siblings, 0 replies; 2+ messages in thread
From: dpdklab @ 2019-10-22 20:30 UTC (permalink / raw)
To: Ali Alnubani, Erez Scop, Thomas Monjalon, Test Report; +Cc: dpdk-test-reports
[-- Attachment #1: Type: text/plain, Size: 1571 bytes --]
Test-Label: iol-mellanox-Performance
Test-Status: FAILURE
http://dpdk.org/patch/61676
_Performance Testing issues_
Submitter: Flavia Musatescu <flavia.musatescu@intel.com>
Date: Tuesday, October 22 2019 16:40:35
DPDK git baseline: Repo:dpdk
Branch: master
CommitID:08be0e0b68a5dedb1186b19dd61706da96a9ef19
61676 --> performance testing fail
Test environment and result as below:
Ubuntu 18.04
Kernel: 4.15.0-generic
GCC: 7.4
NIC: Mellanox ConnectX-5 100000 Mbps
Target: x86_64-native-linuxapp-gcc
Fail/Total: 0/0
Detail performance results:
There were no deltas reported. There may have been an issue with the test harness. If logs are available, download them from the ci website for more information.
Ubuntu 18.04
Kernel: 4.15.0-generic
GCC: 7.4
NIC: Mellanox ConnectX-4 Lx 25000 Mbps
Target: x86_64-native-linuxapp-gcc
Fail/Total: 0/0
Detail performance results:
There were no deltas reported. There may have been an issue with the test harness. If logs are available, download them from the ci website for more information.
Ubuntu 18.04
Kernel: 4.15.0-generic
GCC: 7.4
NIC: Mellanox ConnectX-4 Lx 40000 Mbps
Target: x86_64-native-linuxapp-gcc
Fail/Total: 0/0
Detail performance results:
There were no deltas reported. There may have been an issue with the test harness. If logs are available, download them from the ci website for more information.
https://lab.dpdk.org/results/dashboard/patchsets/8079/
UNH-IOL DPDK Performance Test Lab
To manage your email subscriptions visit:
https://lab.dpdk.org/results/dashboard/preferences/subscriptions/
^ permalink raw reply [flat|nested] 2+ messages in thread
end of thread, other threads:[~2019-10-22 20:30 UTC | newest]
Thread overview: 2+ messages (download: mbox.gz / follow: Atom feed)
-- links below jump to the message on this page --
2019-10-22 18:55 [dpdk-test-report] |FAILURE| pw61676 [PATCH] net: add new header file for VXLAN dpdklab
2019-10-22 20:30 dpdklab
This is a public inbox, see mirroring instructions
for how to clone and mirror all data and code used for this inbox;
as well as URLs for NNTP newsgroup(s).