* [dpdk-test-report] |FAILURE| [GIT MASTER] d2f81c3eb6fc90f065e4b2d8c9223e8fa14b0d45
@ 2019-11-13 19:18 dpdklab
0 siblings, 0 replies; only message in thread
From: dpdklab @ 2019-11-13 19:18 UTC (permalink / raw)
To: Test Report; +Cc: dpdk-test-reports
[-- Attachment #1: Type: text/plain, Size: 1123 bytes --]
_Compilie Testing issues_
Branch: dpdk-next-net
d2f81c3eb6fc90f065e4b2d8c9223e8fa14b0d45 --> compile testing fail
Test environment and result as below:
+--------------+-------------------+------------------+--------------+
| Environment | dpdk_compile_spdk | dpdk_compile_ovs | dpdk_compile |
+==============+===================+==================+==============+
| FreeBSD 11.2 | FAIL | | FAIL |
+--------------+-------------------+------------------+--------------+
| Ubuntu 18.04 | FAIL | FAIL | FAIL |
+--------------+-------------------+------------------+--------------+
| CentOS 8 | | FAIL | FAIL |
+--------------+-------------------+------------------+--------------+
FreeBSD 11.2
Kernel: 11.2
GCC: 8.3
Ubuntu 18.04
Kernel: 4.15.0-generic
GCC: 7.4
CentOS 8
Kernel: 4.18.0.el8_0
GCC: 8.2
https://lab.dpdk.org/results/dashboard/tarballs/7101/
UNH-IOL DPDK Performance Test Lab
To manage your email subscriptions visit:
https://lab.dpdk.org/results/dashboard/preferences/subscriptions/
^ permalink raw reply [flat|nested] only message in thread
only message in thread, other threads:[~2019-11-13 19:18 UTC | newest]
Thread overview: (only message) (download: mbox.gz / follow: Atom feed)
-- links below jump to the message on this page --
2019-11-13 19:18 [dpdk-test-report] |FAILURE| [GIT MASTER] d2f81c3eb6fc90f065e4b2d8c9223e8fa14b0d45 dpdklab
This is a public inbox, see mirroring instructions
for how to clone and mirror all data and code used for this inbox;
as well as URLs for NNTP newsgroup(s).