* [dpdk-test-report] |FAILURE| pw63306 [PATCH] vhost-blk: delete the unused return value
@ 2019-11-26 12:09 dpdklab
0 siblings, 0 replies; 2+ messages in thread
From: dpdklab @ 2019-11-26 12:09 UTC (permalink / raw)
To: Test Report; +Cc: dpdk-test-reports
[-- Attachment #1: Type: text/plain, Size: 1493 bytes --]
Test-Label: iol-compilation
Test-Status: FAILURE
http://dpdk.org/patch/63306
_Compilie Testing issues_
Submitter: Jin Yu <jin.yu@intel.com>
Date: Tuesday, November 26 2019 15:37:16
DPDK git baseline: Repo:dpdk
Branch: master
CommitID:39a19ae03d8fe6210f3e7919b29378bd3223621c
63306 --> compile testing fail
Test environment and result as below:
+--------------+----------------+---------------+--------------+---------------+
| Environment | dpdk_compile_o | dpdk_compile_ | dpdk_compile | dpdk_meson_co |
| | vs | spdk | | mpile |
+==============+================+===============+==============+===============+
| Ubuntu 18.04 | PASS | PASS | PASS | FAIL |
+--------------+----------------+---------------+--------------+---------------+
| CentOS 8 | PASS | SKIPPED | PASS | FAIL |
+--------------+----------------+---------------+--------------+---------------+
| FreeBSD 11.2 | SKIPPED | PASS | PASS | FAIL |
+--------------+----------------+---------------+--------------+---------------+
Ubuntu 18.04
Kernel: 4.15.0-generic
GCC: 7.4
CentOS 8
Kernel: 4.18.0.el8_0
GCC: 8.2
FreeBSD 11.2
Kernel: 11.2
GCC: 8.3
https://lab.dpdk.org/results/dashboard/patchsets/8711/
UNH-IOL DPDK Performance Test Lab
To manage your email subscriptions visit:
https://lab.dpdk.org/results/dashboard/preferences/subscriptions/
^ permalink raw reply [flat|nested] 2+ messages in thread
* [dpdk-test-report] |FAILURE| pw63306 [PATCH] vhost-blk: delete the unused return value
@ 2019-11-26 11:41 dpdklab
0 siblings, 0 replies; 2+ messages in thread
From: dpdklab @ 2019-11-26 11:41 UTC (permalink / raw)
To: Lijuan Tu, Test Report; +Cc: dpdk-test-reports
[-- Attachment #1: Type: text/plain, Size: 1986 bytes --]
Test-Label: iol-intel-Performance
Test-Status: FAILURE
http://dpdk.org/patch/63306
_Performance Testing issues_
Submitter: Jin Yu <jin.yu@intel.com>
Date: Tuesday, November 26 2019 15:37:16
DPDK git baseline: Repo:dpdk
Branch: master
CommitID:39a19ae03d8fe6210f3e7919b29378bd3223621c
63306 --> performance testing fail
Test environment and result as below:
Ubuntu 18.04
Kernel: 4.15.0-generic
GCC: 7.4
NIC: Intel Corporation Ethernet Converged Network Adapter 82599ES 10000 Mbps
Target: x86_64-native-linuxapp-gcc
Fail/Total: 0/3
Detail performance results:
+------------+---------+-------------------------------------+
| frame_size | txd/rxd | throughput difference from expected |
+============+=========+=====================================+
| 64 | 128 | -0.304 |
+------------+---------+-------------------------------------+
| 64 | 512 | -0.053 |
+------------+---------+-------------------------------------+
| 64 | 2048 | 0.439 |
+------------+---------+-------------------------------------+
Ubuntu 18.04
Kernel: 4.15.0-generic
GCC: 7.4
NIC: Intel Corporation Ethernet Converged Network Adapter XL710-QDA2 40000 Mbps
Target: x86_64-native-linuxapp-gcc
Fail/Total: 1/2
Detail performance results:
+------------+---------+-------------------------------------+
| frame_size | txd/rxd | throughput difference from expected |
+============+=========+=====================================+
| 64 | 512 | -1.621 |
+------------+---------+-------------------------------------+
| 64 | 2048 | 0.110 |
+------------+---------+-------------------------------------+
https://lab.dpdk.org/results/dashboard/patchsets/8711/
UNH-IOL DPDK Performance Test Lab
To manage your email subscriptions visit:
https://lab.dpdk.org/results/dashboard/preferences/subscriptions/
^ permalink raw reply [flat|nested] 2+ messages in thread
end of thread, other threads:[~2019-11-26 12:09 UTC | newest]
Thread overview: 2+ messages (download: mbox.gz / follow: Atom feed)
-- links below jump to the message on this page --
2019-11-26 12:09 [dpdk-test-report] |FAILURE| pw63306 [PATCH] vhost-blk: delete the unused return value dpdklab
-- strict thread matches above, loose matches on Subject: below --
2019-11-26 11:41 dpdklab
This is a public inbox, see mirroring instructions
for how to clone and mirror all data and code used for this inbox;
as well as URLs for NNTP newsgroup(s).