* [dpdk-test-report] |FAILURE| pw63305 [PATCH] examples/vhost_blk: fix the TOCTOU
@ 2019-11-26 21:02 dpdklab
0 siblings, 0 replies; 3+ messages in thread
From: dpdklab @ 2019-11-26 21:02 UTC (permalink / raw)
To: Georgii Tkachuk, Qian Xu, Lijuan Tu, Test Report; +Cc: dpdk-test-reports
[-- Attachment #1: Type: text/plain, Size: 1215 bytes --]
Test-Label: iol-intel-Performance
Test-Status: FAILURE
http://dpdk.org/patch/63305
_Performance Testing issues_
Submitter: Jin Yu <jin.yu@intel.com>
Date: Tuesday, November 26 2019 15:32:14
DPDK git baseline: Repo:dpdk
Branch: master
CommitID:39a19ae03d8fe6210f3e7919b29378bd3223621c
63305 --> performance testing fail
Test environment and result as below:
Ubuntu 18.04
Kernel: 4.15.0-generic
GCC: 7.4
NIC: Intel Corporation Ethernet Converged Network Adapter XL710-QDA2 40000 Mbps
Target: x86_64-native-linuxapp-gcc
Fail/Total: 1/2
Detail performance results:
+------------+---------+-------------------------------------+
| frame_size | txd/rxd | throughput difference from expected |
+============+=========+=====================================+
| 64 | 512 | -1.069 |
+------------+---------+-------------------------------------+
| 64 | 2048 | 0.313 |
+------------+---------+-------------------------------------+
https://lab.dpdk.org/results/dashboard/patchsets/8710/
UNH-IOL DPDK Performance Test Lab
To manage your email subscriptions visit:
https://lab.dpdk.org/results/dashboard/preferences/subscriptions/
^ permalink raw reply [flat|nested] 3+ messages in thread
* [dpdk-test-report] |FAILURE| pw63305 [PATCH] examples/vhost_blk: fix the TOCTOU
@ 2019-11-26 13:06 dpdklab
0 siblings, 0 replies; 3+ messages in thread
From: dpdklab @ 2019-11-26 13:06 UTC (permalink / raw)
To: Test Report; +Cc: dpdk-test-reports
[-- Attachment #1: Type: text/plain, Size: 1493 bytes --]
Test-Label: iol-compilation
Test-Status: FAILURE
http://dpdk.org/patch/63305
_Compilie Testing issues_
Submitter: Jin Yu <jin.yu@intel.com>
Date: Tuesday, November 26 2019 15:32:14
DPDK git baseline: Repo:dpdk
Branch: master
CommitID:39a19ae03d8fe6210f3e7919b29378bd3223621c
63305 --> compile testing fail
Test environment and result as below:
+--------------+----------------+--------------+---------------+---------------+
| Environment | dpdk_compile_s | dpdk_compile | dpdk_compile_ | dpdk_meson_co |
| | pdk | | ovs | mpile |
+==============+================+==============+===============+===============+
| FreeBSD 11.2 | PASS | PASS | SKIPPED | FAIL |
+--------------+----------------+--------------+---------------+---------------+
| Ubuntu 18.04 | PASS | PASS | PASS | FAIL |
+--------------+----------------+--------------+---------------+---------------+
| CentOS 8 | SKIPPED | PASS | PASS | FAIL |
+--------------+----------------+--------------+---------------+---------------+
FreeBSD 11.2
Kernel: 11.2
GCC: 8.3
Ubuntu 18.04
Kernel: 4.15.0-generic
GCC: 7.4
CentOS 8
Kernel: 4.18.0.el8_0
GCC: 8.2
https://lab.dpdk.org/results/dashboard/patchsets/8710/
UNH-IOL DPDK Performance Test Lab
To manage your email subscriptions visit:
https://lab.dpdk.org/results/dashboard/preferences/subscriptions/
^ permalink raw reply [flat|nested] 3+ messages in thread
* [dpdk-test-report] |FAILURE| pw63305 [PATCH] examples/vhost_blk: fix the TOCTOU
@ 2019-11-26 12:29 dpdklab
0 siblings, 0 replies; 3+ messages in thread
From: dpdklab @ 2019-11-26 12:29 UTC (permalink / raw)
To: Lijuan Tu, Test Report; +Cc: dpdk-test-reports
[-- Attachment #1: Type: text/plain, Size: 1986 bytes --]
Test-Label: iol-intel-Performance
Test-Status: FAILURE
http://dpdk.org/patch/63305
_Performance Testing issues_
Submitter: Jin Yu <jin.yu@intel.com>
Date: Tuesday, November 26 2019 15:32:14
DPDK git baseline: Repo:dpdk
Branch: master
CommitID:39a19ae03d8fe6210f3e7919b29378bd3223621c
63305 --> performance testing fail
Test environment and result as below:
Ubuntu 18.04
Kernel: 4.15.0-generic
GCC: 7.4
NIC: Intel Corporation Ethernet Converged Network Adapter 82599ES 10000 Mbps
Target: x86_64-native-linuxapp-gcc
Fail/Total: 0/3
Detail performance results:
+------------+---------+-------------------------------------+
| frame_size | txd/rxd | throughput difference from expected |
+============+=========+=====================================+
| 64 | 128 | -0.123 |
+------------+---------+-------------------------------------+
| 64 | 512 | 0.194 |
+------------+---------+-------------------------------------+
| 64 | 2048 | 0.213 |
+------------+---------+-------------------------------------+
Ubuntu 18.04
Kernel: 4.15.0-generic
GCC: 7.4
NIC: Intel Corporation Ethernet Converged Network Adapter XL710-QDA2 40000 Mbps
Target: x86_64-native-linuxapp-gcc
Fail/Total: 1/2
Detail performance results:
+------------+---------+-------------------------------------+
| frame_size | txd/rxd | throughput difference from expected |
+============+=========+=====================================+
| 64 | 512 | -1.513 |
+------------+---------+-------------------------------------+
| 64 | 2048 | 0.429 |
+------------+---------+-------------------------------------+
https://lab.dpdk.org/results/dashboard/patchsets/8710/
UNH-IOL DPDK Performance Test Lab
To manage your email subscriptions visit:
https://lab.dpdk.org/results/dashboard/preferences/subscriptions/
^ permalink raw reply [flat|nested] 3+ messages in thread
end of thread, other threads:[~2019-11-26 21:02 UTC | newest]
Thread overview: 3+ messages (download: mbox.gz / follow: Atom feed)
-- links below jump to the message on this page --
2019-11-26 21:02 [dpdk-test-report] |FAILURE| pw63305 [PATCH] examples/vhost_blk: fix the TOCTOU dpdklab
-- strict thread matches above, loose matches on Subject: below --
2019-11-26 13:06 dpdklab
2019-11-26 12:29 dpdklab
This is a public inbox, see mirroring instructions
for how to clone and mirror all data and code used for this inbox;
as well as URLs for NNTP newsgroup(s).