* [dpdk-test-report] |FAILURE| pw63335 [PATCH] [v8, 1/1] fbarray: fix duplicated fbarray file in secondary
@ 2019-11-27 16:27 dpdklab
0 siblings, 0 replies; only message in thread
From: dpdklab @ 2019-11-27 16:27 UTC (permalink / raw)
To: Test Report; +Cc: dpdk-test-reports
[-- Attachment #1: Type: text/plain, Size: 1335 bytes --]
Test-Label: iol-compilation
Test-Status: FAILURE
http://dpdk.org/patch/63335
_Compilie Testing issues_
Submitter: Yasufumi Ogawa <yasufum.o@gmail.com>
Date: Wednesday, November 27 2019 08:48:26
DPDK git baseline: Repo:dpdk
Branch: master
CommitID:ebf9c7b1db2fbc09f87eed4cf8486239786fcad1
63335 --> compile testing fail
Test environment and result as below:
+--------------+-------------------+--------------+------------------+
| Environment | dpdk_compile_spdk | dpdk_compile | dpdk_compile_ovs |
+==============+===================+==============+==================+
| FreeBSD 11.2 | FAIL | FAIL | SKIPPED |
+--------------+-------------------+--------------+------------------+
| Ubuntu 18.04 | PASS | PASS | PASS |
+--------------+-------------------+--------------+------------------+
| CentOS 8 | SKIPPED | PASS | PASS |
+--------------+-------------------+--------------+------------------+
FreeBSD 11.2
Kernel: 11.2
GCC: 8.3
Ubuntu 18.04
Kernel: 4.15.0-generic
GCC: 7.4
CentOS 8
Kernel: 4.18.0.el8_0
GCC: 8.2
https://lab.dpdk.org/results/dashboard/patchsets/8736/
UNH-IOL DPDK Performance Test Lab
To manage your email subscriptions visit:
https://lab.dpdk.org/results/dashboard/preferences/subscriptions/
^ permalink raw reply [flat|nested] only message in thread
only message in thread, other threads:[~2019-11-27 16:27 UTC | newest]
Thread overview: (only message) (download: mbox.gz / follow: Atom feed)
-- links below jump to the message on this page --
2019-11-27 16:27 [dpdk-test-report] |FAILURE| pw63335 [PATCH] [v8, 1/1] fbarray: fix duplicated fbarray file in secondary dpdklab
This is a public inbox, see mirroring instructions
for how to clone and mirror all data and code used for this inbox;
as well as URLs for NNTP newsgroup(s).