* [dpdk-test-report] |FAILURE| pw63703 [PATCH] [v1] net/axgbe: Add a HW quirk for register definitions
@ 2019-12-10 10:44 dpdklab
0 siblings, 0 replies; 2+ messages in thread
From: dpdklab @ 2019-12-10 10:44 UTC (permalink / raw)
To: Test Report; +Cc: dpdk-test-reports
[-- Attachment #1: Type: text/plain, Size: 1654 bytes --]
Test-Label: iol-testing
Test-Status: FAILURE
http://dpdk.org/patch/63703
_Testing issues_
Submitter: Selwin Sebastian <selwin.sebastian@amd.com>
Date: Tuesday, December 10 2019 15:29:15
DPDK git baseline: Repo:dpdk
Branch: master
CommitID:aef1d0733179afb56916e95058a4f1398b81af04
63703 --> testing fail
Test environment and result as below:
+--------------+--------------------+--------------+----------------+-------------------+------------------+
| Environment | dpdk_meson_compile | dpdk_compile | dpdk_unit_test | dpdk_compile_spdk | dpdk_compile_ovs |
+==============+====================+==============+================+===================+==================+
| Ubuntu 18.04 | FAIL | PASS | FAIL | PASS | PASS |
+--------------+--------------------+--------------+----------------+-------------------+------------------+
| CentOS 8 | FAIL | PASS | SKIPPED | SKIPPED | PASS |
+--------------+--------------------+--------------+----------------+-------------------+------------------+
| FreeBSD 11.2 | PASS | PASS | SKIPPED | PASS | SKIPPED |
+--------------+--------------------+--------------+----------------+-------------------+------------------+
Ubuntu 18.04
Kernel: 4.15.0-generic
GCC: 7.4
CentOS 8
Kernel: 4.18.0.el8_0
GCC: 8.2
FreeBSD 11.2
Kernel: 11.2
GCC: 8.3
https://lab.dpdk.org/results/dashboard/patchsets/8847/
UNH-IOL DPDK Community Lab
To manage your email subscriptions visit:
https://lab.dpdk.org/results/dashboard/preferences/subscriptions/
^ permalink raw reply [flat|nested] 2+ messages in thread
* [dpdk-test-report] |FAILURE| pw63703 [PATCH] [v1] net/axgbe: Add a HW quirk for register definitions
@ 2019-12-10 10:41 dpdklab
0 siblings, 0 replies; 2+ messages in thread
From: dpdklab @ 2019-12-10 10:41 UTC (permalink / raw)
To: Lijuan Tu, Test Report; +Cc: dpdk-test-reports
[-- Attachment #1: Type: text/plain, Size: 1592 bytes --]
Test-Label: iol-intel-Performance
Test-Status: FAILURE
http://dpdk.org/patch/63703
_Performance Testing issues_
Submitter: Selwin Sebastian <selwin.sebastian@amd.com>
Date: Tuesday, December 10 2019 15:29:15
DPDK git baseline: Repo:dpdk
Branch: master
CommitID:aef1d0733179afb56916e95058a4f1398b81af04
63703 --> performance testing fail
Test environment and result as below:
Ubuntu 18.04
Kernel: 4.15.0-generic
GCC: 7.4
NIC: Intel Corporation Ethernet Converged Network Adapter 82599ES 10000 Mbps
Target: x86_64-native-linuxapp-gcc
Fail/Total: 0/0
Detail performance results:
There were no deltas reported. There may have been an issue with the test harness. If logs are available, download them from the ci website for more information.
Ubuntu 18.04
Kernel: 4.15.0-generic
GCC: 7.4
NIC: Intel Corporation Ethernet Converged Network Adapter XL710-QDA2 40000 Mbps
Target: x86_64-native-linuxapp-gcc
Fail/Total: 0/2
Detail performance results:
+------------+---------+-------------------------------------+
| frame_size | txd/rxd | throughput difference from expected |
+============+=========+=====================================+
| 64 | 512 | -0.024 |
+------------+---------+-------------------------------------+
| 64 | 2048 | 0.137 |
+------------+---------+-------------------------------------+
https://lab.dpdk.org/results/dashboard/patchsets/8847/
UNH-IOL DPDK Community Lab
To manage your email subscriptions visit:
https://lab.dpdk.org/results/dashboard/preferences/subscriptions/
^ permalink raw reply [flat|nested] 2+ messages in thread
end of thread, other threads:[~2019-12-10 10:44 UTC | newest]
Thread overview: 2+ messages (download: mbox.gz / follow: Atom feed)
-- links below jump to the message on this page --
2019-12-10 10:44 [dpdk-test-report] |FAILURE| pw63703 [PATCH] [v1] net/axgbe: Add a HW quirk for register definitions dpdklab
-- strict thread matches above, loose matches on Subject: below --
2019-12-10 10:41 dpdklab
This is a public inbox, see mirroring instructions
for how to clone and mirror all data and code used for this inbox;
as well as URLs for NNTP newsgroup(s).