automatic DPDK test reports
 help / color / mirror / Atom feed
* [dpdk-test-report] |FAILURE| pw66407-66412 [PATCH] [v7, 1/6] lib/eal: implement the family of PMD bit operation APIs
@ 2020-03-09 11:18 dpdklab
  0 siblings, 0 replies; 2+ messages in thread
From: dpdklab @ 2020-03-09 11:18 UTC (permalink / raw)
  To: Test Report; +Cc: dpdk-test-reports

[-- Attachment #1: Type: text/plain, Size: 2908 bytes --]

Test-Label: iol-testing
Test-Status: FAILURE
http://dpdk.org/patch/66407

_Testing issues_

Submitter: Joyce Kong <joyce.kong@arm.com>
Date: Monday, March 09 2020 09:54:05 
DPDK git baseline: Repo:dpdk
  Branch: master
  CommitID:44c775feb491106d472c1a44433c6427a3fb3b3b

66407-66412 --> testing fail

Test environment and result as below:

+---------------------+--------------------+----------------+-------------------+------------------+--------------+
|     Environment     | dpdk_meson_compile | dpdk_unit_test | dpdk_compile_spdk | dpdk_compile_ovs | dpdk_compile |
+=====================+====================+================+===================+==================+==============+
| Windows Server 2019 | PASS               | SKIPPED        | SKIPPED           | SKIPPED          | SKIPPED      |
+---------------------+--------------------+----------------+-------------------+------------------+--------------+
| FreeBSD 11.2        | FAIL               | SKIPPED        | PASS              | SKIPPED          | PASS         |
+---------------------+--------------------+----------------+-------------------+------------------+--------------+
| Fedora 31           | FAIL               | SKIPPED        | PASS              | PASS             | PASS         |
+---------------------+--------------------+----------------+-------------------+------------------+--------------+
| Ubuntu 18.04        | FAIL               | FAIL           | PASS              | PASS             | PASS         |
+---------------------+--------------------+----------------+-------------------+------------------+--------------+
| CentOS 8            | FAIL               | SKIPPED        | PASS              | PASS             | PASS         |
+---------------------+--------------------+----------------+-------------------+------------------+--------------+
| openSUSE Leap 15    | FAIL               | SKIPPED        | PASS              | PASS             | PASS         |
+---------------------+--------------------+----------------+-------------------+------------------+--------------+
| Arch Linux          | FAIL               | SKIPPED        | SKIPPED           | PASS             | PASS         |
+---------------------+--------------------+----------------+-------------------+------------------+--------------+

Windows Server 2019
	Kernel: 10.0
	Compiler: clang 9.0

FreeBSD 11.2
	Kernel: 11.2
	Compiler: gcc 8.3

Fedora 31
	Kernel: 5.3.16
	Compiler: gcc 9.2.1

Ubuntu 18.04
	Kernel: 4.15.0-generic
	Compiler: gcc 7.4

CentOS 8
	Kernel: 4.18.0.el8_0
	Compiler: gcc 8.3.1

openSUSE Leap 15
	Kernel: 4.12.14
	Compiler: gcc 7.4.1

Arch Linux
	Kernel: latest
	Compiler: gcc latest

To view detailed results, visit:
https://lab.dpdk.org/results/dashboard/patchsets/9901/

UNH-IOL DPDK Community Lab

To manage your email subscriptions, visit: 
https://lab.dpdk.org/results/dashboard/preferences/subscriptions/

^ permalink raw reply	[flat|nested] 2+ messages in thread
* [dpdk-test-report] |FAILURE| pw66407-66412 [PATCH] [v7, 1/6] lib/eal: implement the family of PMD bit operation APIs
@ 2020-03-09 10:29 dpdklab
  0 siblings, 0 replies; 2+ messages in thread
From: dpdklab @ 2020-03-09 10:29 UTC (permalink / raw)
  To: Georgii Tkachuk, Qian Xu, Lijuan Tu, Test Report; +Cc: dpdk-test-reports

[-- Attachment #1: Type: text/plain, Size: 980 bytes --]

Test-Label: iol-intel-Performance
Test-Status: FAILURE
http://dpdk.org/patch/66407

_Performance Testing issues_

Submitter: Joyce Kong <joyce.kong@arm.com>
Date: Monday, March 09 2020 09:54:05 
DPDK git baseline: Repo:dpdk
  Branch: master
  CommitID:44c775feb491106d472c1a44433c6427a3fb3b3b

66407-66412 --> performance testing fail

Test environment and result as below:

Ubuntu 18.04
Kernel: 4.15.0-generic
Compiler: gcc 7.4
NIC: Intel Corporation Ethernet Converged Network Adapter XL710-QDA2 40000 Mbps
Target: x86_64-native-linuxapp-gcc
Fail/Total: 0/0

Detail performance results: 
There were no deltas reported. There may have been an issue with the test harness. If logs are available, download them from the ci website for more information.

To view detailed results, visit:
https://lab.dpdk.org/results/dashboard/patchsets/9901/

UNH-IOL DPDK Community Lab

To manage your email subscriptions, visit: 
https://lab.dpdk.org/results/dashboard/preferences/subscriptions/

^ permalink raw reply	[flat|nested] 2+ messages in thread

end of thread, other threads:[~2020-03-09 11:18 UTC | newest]

Thread overview: 2+ messages (download: mbox.gz / follow: Atom feed)
-- links below jump to the message on this page --
2020-03-09 11:18 [dpdk-test-report] |FAILURE| pw66407-66412 [PATCH] [v7, 1/6] lib/eal: implement the family of PMD bit operation APIs dpdklab
  -- strict thread matches above, loose matches on Subject: below --
2020-03-09 10:29 dpdklab

automatic DPDK test reports

This inbox may be cloned and mirrored by anyone:

	git clone --mirror https://inbox.dpdk.org/test-report/0 test-report/git/0.git

	# If you have public-inbox 1.1+ installed, you may
	# initialize and index your mirror using the following commands:
	public-inbox-init -V2 test-report test-report/ https://inbox.dpdk.org/test-report \
		test-report@dpdk.org
	public-inbox-index test-report

Example config snippet for mirrors.
Newsgroup available over NNTP:
	nntp://inbox.dpdk.org/inbox.dpdk.test-report


AGPL code for this site: git clone https://public-inbox.org/public-inbox.git