* [dpdk-test-report] |FAILURE| pw66940-66951 [PATCH] [01/12] telemetry: move code to metrics for later reuse
@ 2020-03-19 20:14 dpdklab
0 siblings, 0 replies; only message in thread
From: dpdklab @ 2020-03-19 20:14 UTC (permalink / raw)
To: Test Report; +Cc: dpdk-test-reports
[-- Attachment #1: Type: text/plain, Size: 2915 bytes --]
Test-Label: iol-testing
Test-Status: FAILURE
http://dpdk.org/patch/66940
_Testing issues_
Submitter: Ciara Power <ciara.power@intel.com>
Date: Thursday, March 19 2020 17:18:56
DPDK git baseline: Repo:dpdk
Branch: master
CommitID:716f9bb42ecb6df640d4dffebe1ec55aaab29ba0
66940-66951 --> testing fail
Test environment and result as below:
+---------------------+--------------------+-------------------+--------------+------------------+----------------+
| Environment | dpdk_meson_compile | dpdk_compile_spdk | dpdk_compile | dpdk_compile_ovs | dpdk_unit_test |
+=====================+====================+===================+==============+==================+================+
| Windows Server 2019 | FAIL | SKIPPED | SKIPPED | SKIPPED | SKIPPED |
+---------------------+--------------------+-------------------+--------------+------------------+----------------+
| Ubuntu 18.04 | PASS | FAIL | PASS | FAIL | PASS |
+---------------------+--------------------+-------------------+--------------+------------------+----------------+
| Fedora 31 | PASS | FAIL | PASS | FAIL | SKIPPED |
+---------------------+--------------------+-------------------+--------------+------------------+----------------+
| CentOS 8 | PASS | FAIL | PASS | FAIL | SKIPPED |
+---------------------+--------------------+-------------------+--------------+------------------+----------------+
| openSUSE Leap 15 | PASS | FAIL | PASS | FAIL | SKIPPED |
+---------------------+--------------------+-------------------+--------------+------------------+----------------+
| FreeBSD 11.2 | PASS | FAIL | PASS | SKIPPED | SKIPPED |
+---------------------+--------------------+-------------------+--------------+------------------+----------------+
| Arch Linux | PASS | SKIPPED | PASS | FAIL | SKIPPED |
+---------------------+--------------------+-------------------+--------------+------------------+----------------+
Windows Server 2019
Kernel: 10.0
Compiler: clang 9.0
Ubuntu 18.04
Kernel: 4.15.0-generic
Compiler: gcc 7.4
Fedora 31
Kernel: 5.3.16
Compiler: gcc 9.2.1
CentOS 8
Kernel: 4.18.0.el8_0
Compiler: gcc 8.3.1
openSUSE Leap 15
Kernel: 4.12.14
Compiler: gcc 7.4.1
FreeBSD 11.2
Kernel: 11.2
Compiler: gcc 8.3
Arch Linux
Kernel: latest
Compiler: gcc latest
To view detailed results, visit:
https://lab.dpdk.org/results/dashboard/patchsets/10050/
UNH-IOL DPDK Community Lab
To manage your email subscriptions, visit:
https://lab.dpdk.org/results/dashboard/preferences/subscriptions/
^ permalink raw reply [flat|nested] only message in thread
only message in thread, other threads:[~2020-03-19 20:14 UTC | newest]
Thread overview: (only message) (download: mbox.gz / follow: Atom feed)
-- links below jump to the message on this page --
2020-03-19 20:14 [dpdk-test-report] |FAILURE| pw66940-66951 [PATCH] [01/12] telemetry: move code to metrics for later reuse dpdklab
This is a public inbox, see mirroring instructions
for how to clone and mirror all data and code used for this inbox;
as well as URLs for NNTP newsgroup(s).