* [dpdk-test-report] |FAILURE| pw68592-68601 [PATCH] [v2, 01/10] net/mlx5: add indexed memory pool
@ 2020-04-16 7:13 dpdklab
0 siblings, 0 replies; 2+ messages in thread
From: dpdklab @ 2020-04-16 7:13 UTC (permalink / raw)
To: Test Report; +Cc: dpdk-test-reports
[-- Attachment #1: Type: text/plain, Size: 2930 bytes --]
Test-Label: iol-testing
Test-Status: FAILURE
http://dpdk.org/patch/68592
_Testing issues_
Submitter: Suanming Mou <suanmingm@mellanox.com>
Date: Thursday, April 16 2020 02:41:59
DPDK git baseline: Repo:dpdk-next-net-mlx
Branch: master
CommitID:8bffcdf5441fd50d53b95d857129981e2992ca56
68592-68601 --> testing fail
Test environment and result as below:
+---------------------+--------------------+-------------------+----------------+------------------+--------------+
| Environment | dpdk_meson_compile | dpdk_compile_spdk | dpdk_unit_test | dpdk_compile_ovs | dpdk_compile |
+=====================+====================+===================+================+==================+==============+
| Windows Server 2019 | PASS | SKIPPED | SKIPPED | SKIPPED | SKIPPED |
+---------------------+--------------------+-------------------+----------------+------------------+--------------+
| Fedora 31 | FAIL | FAIL | SKIPPED | FAIL | FAIL |
+---------------------+--------------------+-------------------+----------------+------------------+--------------+
| Ubuntu 18.04 | FAIL | FAIL | FAIL | FAIL | FAIL |
+---------------------+--------------------+-------------------+----------------+------------------+--------------+
| openSUSE Leap 15 | FAIL | FAIL | SKIPPED | FAIL | FAIL |
+---------------------+--------------------+-------------------+----------------+------------------+--------------+
| CentOS 8 | FAIL | FAIL | SKIPPED | FAIL | FAIL |
+---------------------+--------------------+-------------------+----------------+------------------+--------------+
| FreeBSD 11.2 | PASS | PASS | SKIPPED | SKIPPED | PASS |
+---------------------+--------------------+-------------------+----------------+------------------+--------------+
| Arch Linux | FAIL | SKIPPED | SKIPPED | FAIL | FAIL |
+---------------------+--------------------+-------------------+----------------+------------------+--------------+
Windows Server 2019
Kernel: 10.0
Compiler: clang 9.0
Fedora 31
Kernel: 5.3.16
Compiler: gcc 9.2.1
Ubuntu 18.04
Kernel: 4.15.0-generic
Compiler: gcc 7.4
openSUSE Leap 15
Kernel: 4.12.14
Compiler: gcc 7.4.1
CentOS 8
Kernel: 4.18.0.el8_0
Compiler: gcc 8.3.1
FreeBSD 11.2
Kernel: 11.2
Compiler: gcc 8.3
Arch Linux
Kernel: latest
Compiler: gcc latest
To view detailed results, visit:
https://lab.dpdk.org/results/dashboard/patchsets/10465/
UNH-IOL DPDK Community Lab
To manage your email subscriptions, visit:
https://lab.dpdk.org/results/dashboard/preferences/subscriptions/
^ permalink raw reply [flat|nested] 2+ messages in thread
* [dpdk-test-report] |FAILURE| pw68592-68601 [PATCH] [v2, 01/10] net/mlx5: add indexed memory pool
@ 2020-04-16 5:19 dpdklab
0 siblings, 0 replies; 2+ messages in thread
From: dpdklab @ 2020-04-16 5:19 UTC (permalink / raw)
To: Ali Alnubani, Erez Scop, Thomas Monjalon, Test Report; +Cc: dpdk-test-reports
[-- Attachment #1: Type: text/plain, Size: 1636 bytes --]
Test-Label: iol-mellanox-Performance
Test-Status: FAILURE
http://dpdk.org/patch/68592
_Performance Testing issues_
Submitter: Suanming Mou <suanmingm@mellanox.com>
Date: Thursday, April 16 2020 02:41:59
DPDK git baseline: Repo:dpdk-next-net-mlx
Branch: master
CommitID:8bffcdf5441fd50d53b95d857129981e2992ca56
68592-68601 --> performance testing fail
Test environment and result as below:
Ubuntu 18.04
Kernel: 4.15.0-generic
Compiler: gcc 7.4
NIC: Mellanox ConnectX-5 100000 Mbps
Target: x86_64-native-linuxapp-gcc
Fail/Total: 0/0
Detail performance results:
There were no deltas reported. There may have been an issue with the test harness. If logs are available, download them from the ci website for more information.
Ubuntu 18.04
Kernel: 4.15.0-generic
Compiler: gcc 7.4
NIC: Mellanox ConnectX-4 Lx 40000 Mbps
Target: x86_64-native-linuxapp-gcc
Fail/Total: 0/0
Detail performance results:
There were no deltas reported. There may have been an issue with the test harness. If logs are available, download them from the ci website for more information.
Ubuntu 18.04
Kernel: 4.15.0-generic
Compiler: gcc 7.4
NIC: Mellanox ConnectX-4 Lx 25000 Mbps
Target: x86_64-native-linuxapp-gcc
Fail/Total: 0/0
Detail performance results:
There were no deltas reported. There may have been an issue with the test harness. If logs are available, download them from the ci website for more information.
To view detailed results, visit:
https://lab.dpdk.org/results/dashboard/patchsets/10465/
UNH-IOL DPDK Community Lab
To manage your email subscriptions, visit:
https://lab.dpdk.org/results/dashboard/preferences/subscriptions/
^ permalink raw reply [flat|nested] 2+ messages in thread
end of thread, other threads:[~2020-04-16 7:13 UTC | newest]
Thread overview: 2+ messages (download: mbox.gz / follow: Atom feed)
-- links below jump to the message on this page --
2020-04-16 7:13 [dpdk-test-report] |FAILURE| pw68592-68601 [PATCH] [v2, 01/10] net/mlx5: add indexed memory pool dpdklab
-- strict thread matches above, loose matches on Subject: below --
2020-04-16 5:19 dpdklab
This is a public inbox, see mirroring instructions
for how to clone and mirror all data and code used for this inbox;
as well as URLs for NNTP newsgroup(s).