* [dpdk-test-report] |FAILURE| pw68808 [PATCH] [v3] lpm: skip table entries update if rules found
@ 2020-04-18 0:20 dpdklab
0 siblings, 0 replies; only message in thread
From: dpdklab @ 2020-04-18 0:20 UTC (permalink / raw)
To: Test Report; +Cc: dpdk-test-reports
[-- Attachment #1: Type: text/plain, Size: 2627 bytes --]
Test-Label: iol-testing
Test-Status: FAILURE
http://dpdk.org/patch/68808
_Testing issues_
Submitter: Yangchao Zhou <zhouyates@gmail.com>
Date: Friday, April 17 2020 17:26:14
DPDK git baseline: Repo:dpdk
Branch: master
CommitID:2d20636989c8935efa36bf03cb18645c2460d7b5
68808 --> testing fail
Test environment and result as below:
+---------------------+--------------------+-------------------+------------------+--------------+----------------+
| Environment | dpdk_meson_compile | dpdk_compile_spdk | dpdk_compile_ovs | dpdk_compile | dpdk_unit_test |
+=====================+====================+===================+==================+==============+================+
| Windows Server 2019 | FAIL | SKIPPED | SKIPPED | SKIPPED | SKIPPED |
+---------------------+--------------------+-------------------+------------------+--------------+----------------+
| Ubuntu 18.04 | PASS | PASS | PASS | PASS | PASS |
+---------------------+--------------------+-------------------+------------------+--------------+----------------+
| CentOS 8 | PASS | PASS | PASS | PASS | SKIPPED |
+---------------------+--------------------+-------------------+------------------+--------------+----------------+
| openSUSE Leap 15 | PASS | PASS | PASS | PASS | SKIPPED |
+---------------------+--------------------+-------------------+------------------+--------------+----------------+
| FreeBSD 11.2 | PASS | PASS | SKIPPED | PASS | SKIPPED |
+---------------------+--------------------+-------------------+------------------+--------------+----------------+
| Arch Linux | PASS | SKIPPED | PASS | PASS | SKIPPED |
+---------------------+--------------------+-------------------+------------------+--------------+----------------+
Windows Server 2019
Kernel: 10.0
Compiler: clang 9.0
Ubuntu 18.04
Kernel: 4.15.0-generic
Compiler: gcc 7.4
CentOS 8
Kernel: 4.18.0.el8_0
Compiler: gcc 8.3.1
openSUSE Leap 15
Kernel: 4.12.14
Compiler: gcc 7.4.1
FreeBSD 11.2
Kernel: 11.2
Compiler: gcc 8.3
Arch Linux
Kernel: latest
Compiler: gcc latest
To view detailed results, visit:
https://lab.dpdk.org/results/dashboard/patchsets/10540/
UNH-IOL DPDK Community Lab
To manage your email subscriptions, visit:
https://lab.dpdk.org/results/dashboard/preferences/subscriptions/
^ permalink raw reply [flat|nested] only message in thread
only message in thread, other threads:[~2020-04-18 0:20 UTC | newest]
Thread overview: (only message) (download: mbox.gz / follow: Atom feed)
-- links below jump to the message on this page --
2020-04-18 0:20 [dpdk-test-report] |FAILURE| pw68808 [PATCH] [v3] lpm: skip table entries update if rules found dpdklab
This is a public inbox, see mirroring instructions
for how to clone and mirror all data and code used for this inbox;
as well as URLs for NNTP newsgroup(s).