* [dpdk-test-report] |FAILURE| pw69328-69329 [PATCH] [1/2] eal/windows: replace sys/queue.h with a complete one from FreeBSD
@ 2020-04-26 6:39 dpdklab
0 siblings, 0 replies; 2+ messages in thread
From: dpdklab @ 2020-04-26 6:39 UTC (permalink / raw)
To: Test Report; +Cc: dpdk-test-reports
[-- Attachment #1: Type: text/plain, Size: 2919 bytes --]
Test-Label: iol-testing
Test-Status: FAILURE
http://dpdk.org/patch/69328
_Testing issues_
Submitter: Dmitry Kozlyuk <dmitry.kozliuk@gmail.com>
Date: Sunday, April 26 2020 03:22:44
DPDK git baseline: Repo:dpdk
Branch: master
CommitID:ec5a905ec8305cbd56413b906a64b361b2a3c132
69328-69329 --> testing fail
Test environment and result as below:
+---------------------+--------------+-------------------+--------------------+------------------+----------------+
| Environment | dpdk_compile | dpdk_compile_spdk | dpdk_meson_compile | dpdk_compile_ovs | dpdk_unit_test |
+=====================+==============+===================+====================+==================+================+
| FreeBSD 11.2 | FAIL | FAIL | FAIL | SKIPPED | SKIPPED |
+---------------------+--------------+-------------------+--------------------+------------------+----------------+
| Ubuntu 18.04 | PASS | PASS | PASS | PASS | PASS |
+---------------------+--------------+-------------------+--------------------+------------------+----------------+
| CentOS 8 | PASS | PASS | PASS | PASS | SKIPPED |
+---------------------+--------------+-------------------+--------------------+------------------+----------------+
| openSUSE Leap 15 | PASS | PASS | PASS | PASS | SKIPPED |
+---------------------+--------------+-------------------+--------------------+------------------+----------------+
| Fedora 31 | PASS | PASS | PASS | PASS | SKIPPED |
+---------------------+--------------+-------------------+--------------------+------------------+----------------+
| Arch Linux | PASS | SKIPPED | PASS | PASS | SKIPPED |
+---------------------+--------------+-------------------+--------------------+------------------+----------------+
| Windows Server 2019 | SKIPPED | SKIPPED | PASS | SKIPPED | SKIPPED |
+---------------------+--------------+-------------------+--------------------+------------------+----------------+
FreeBSD 11.2
Kernel: 11.2
Compiler: gcc 8.3
Ubuntu 18.04
Kernel: 4.15.0-generic
Compiler: gcc 7.4
CentOS 8
Kernel: 4.18.0.el8_0
Compiler: gcc 8.3.1
openSUSE Leap 15
Kernel: 4.12.14
Compiler: gcc 7.4.1
Fedora 31
Kernel: 5.3.16
Compiler: gcc 9.2.1
Arch Linux
Kernel: latest
Compiler: gcc latest
Windows Server 2019
Kernel: 10.0
Compiler: clang 9.0
To view detailed results, visit:
https://lab.dpdk.org/results/dashboard/patchsets/10698/
UNH-IOL DPDK Community Lab
To manage your email subscriptions, visit:
https://lab.dpdk.org/results/dashboard/preferences/subscriptions/
^ permalink raw reply [flat|nested] 2+ messages in thread
* [dpdk-test-report] |FAILURE| pw69328-69329 [PATCH] [1/2] eal/windows: replace sys/queue.h with a complete one from FreeBSD
@ 2020-04-26 4:13 dpdklab
0 siblings, 0 replies; 2+ messages in thread
From: dpdklab @ 2020-04-26 4:13 UTC (permalink / raw)
To: Ali Alnubani, Erez Scop, Thomas Monjalon, Test Report; +Cc: dpdk-test-reports
[-- Attachment #1: Type: text/plain, Size: 1625 bytes --]
Test-Label: iol-mellanox-Performance
Test-Status: FAILURE
http://dpdk.org/patch/69328
_Performance Testing issues_
Submitter: Dmitry Kozlyuk <dmitry.kozliuk@gmail.com>
Date: Sunday, April 26 2020 03:22:44
DPDK git baseline: Repo:dpdk
Branch: master
CommitID:ec5a905ec8305cbd56413b906a64b361b2a3c132
69328-69329 --> performance testing fail
Test environment and result as below:
Ubuntu 18.04
Kernel: 4.15.0-generic
Compiler: gcc 7.4
NIC: Mellanox ConnectX-4 Lx 25000 Mbps
Target: x86_64-native-linuxapp-gcc
Fail/Total: 0/0
Detail performance results:
There were no deltas reported. There may have been an issue with the test harness. If logs are available, download them from the ci website for more information.
Ubuntu 18.04
Kernel: 4.15.0-generic
Compiler: gcc 7.4
NIC: Mellanox ConnectX-4 Lx 40000 Mbps
Target: x86_64-native-linuxapp-gcc
Fail/Total: 0/0
Detail performance results:
There were no deltas reported. There may have been an issue with the test harness. If logs are available, download them from the ci website for more information.
Ubuntu 18.04
Kernel: 4.15.0-generic
Compiler: gcc 7.4
NIC: Mellanox ConnectX-5 100000 Mbps
Target: x86_64-native-linuxapp-gcc
Fail/Total: 0/0
Detail performance results:
There were no deltas reported. There may have been an issue with the test harness. If logs are available, download them from the ci website for more information.
To view detailed results, visit:
https://lab.dpdk.org/results/dashboard/patchsets/10698/
UNH-IOL DPDK Community Lab
To manage your email subscriptions, visit:
https://lab.dpdk.org/results/dashboard/preferences/subscriptions/
^ permalink raw reply [flat|nested] 2+ messages in thread
end of thread, other threads:[~2020-04-26 6:39 UTC | newest]
Thread overview: 2+ messages (download: mbox.gz / follow: Atom feed)
-- links below jump to the message on this page --
2020-04-26 6:39 [dpdk-test-report] |FAILURE| pw69328-69329 [PATCH] [1/2] eal/windows: replace sys/queue.h with a complete one from FreeBSD dpdklab
-- strict thread matches above, loose matches on Subject: below --
2020-04-26 4:13 dpdklab
This is a public inbox, see mirroring instructions
for how to clone and mirror all data and code used for this inbox;
as well as URLs for NNTP newsgroup(s).